000
CXUS56 KBOI 231002
CF6BKE
PRELIMINARY LOCAL CLIMATOLOGICAL DATA (WS FORM: F-6)
STATION: BAKER OR
MONTH: APRIL
YEAR: 2024
LATITUDE: 44 50 N
LONGITUDE: 117 49 W
TEMPERATURE IN F: :PCPN: SNOW: WIND :SUNSHINE: SKY :PK WND
================================================================================
1 2 3 4 5 6A 6B 7 8 9 10 11 12 13 14 15 16 17 18
12Z AVG MX 2MIN
DY MAX MIN AVG DEP HDD CDD WTR SNW DPTH SPD SPD DIR MIN PSBL S-S WX SPD DR
================================================================================
1 68 24 46 3 19 0 0.00 M M 7.7 25 350 M M 0 33 340
2 75 31 53 10 12 0 T M M 6.3 18 130 M M 1 28 120
3 56 38 47 3 18 0 0.38 M M 8.0 23 340 M M 6 3 33 340
4 57 37 47 3 18 0 0.14 M M 11.4 26 350 M M 9 36 350
5 49 35 42 -2 23 0 T M M 15.9 28 350 M M 8 8 36 350
6 51 33 42 -2 23 0 T M M 4.5 14 10 M M 9 1 18 20
7 54 28 41 -3 24 0 0.00 M M 5.2 23 350 M M 5 128 31 340
8 60 24 42 -2 23 0 0.00 M M 3.4 14 90 M M 4 20 110
9 64 39 52 8 13 0 T M M 8.4 22 350 M M 6 30 360
10 65 30 48 4 17 0 0.00 M M 3.4 10 30 M M 0 15 30
11 68 29 49 4 16 0 T M M 7.9 21 90 M M 2 29 110
12 76 40 58 13 7 0 0.23 M M 5.9 30 240 M M 4 3 37 240
13 73 37 55 10 10 0 0.00 M M 7.4 21 330 M M 2 12 25 330
14 77 41 59 14 6 0 0.52 M M 5.7 33 330 M M 3 13 46 330
15 63 40 52 7 13 0 0.00 M M 11.2 24 350 M M 3 1 33 360
16 55 34 45 -1 20 0 0.00 M M 10.8 28 330 M M 1 37 340
17 53 28 41 -5 24 0 0.00 M M 11.5 24 350 M M 1 32 340
18 58 22 40 -6 25 0 0.00 M M 4.9 18 120 M M 2 27 120
19 63 25 44 -2 21 0 0.00 M M 3.7 12 50 M M 0 19 90
20 71 27 49 2 16 0 0.00 M M 8.7 22 100 M M 1 18 34 80
21 57 33 45 -2 20 0 0.00 M M 13.1 23 350 M M 2 32 340
22 64 22 43 -4 22 0 0.00 M M 4.7 15 350 M M 0 19 330
================================================================================
SM 1377 697 390 0 1.27 M 169.7 M 69
================================================================================
AV 62.6 31.7 7.7 FASTST M M 3 MAX(MPH)
MISC ----> 33 330 46 330
================================================================================
NOTES:
# LAST OF SEVERAL OCCURRENCES
COLUMN 17 PEAK WIND IN M.P.H.
PRELIMINARY LOCAL CLIMATOLOGICAL DATA (WS FORM: F-6) , PAGE 2
STATION: BAKER OR
MONTH: APRIL
YEAR: 2024
LATITUDE: 44 50 N
LONGITUDE: 117 49 W
[TEMPERATURE DATA] [PRECIPITATION DATA] SYMBOLS USED IN COLUMN 16
AVERAGE MONTHLY: 47.1 TOTAL FOR MONTH: 1.27 1 = FOG OR MIST
DPTR FM NORMAL: 2.2 DPTR FM NORMAL: 0.69 2 = FOG REDUCING VISIBILITY
HIGHEST: 77 ON 14 GRTST 24HR 0.52 ON 14-14 TO 1/4 MILE OR LESS
LOWEST: 22 ON 22,18 3 = THUNDER
SNOW, ICE PELLETS, HAIL 4 = ICE PELLETS
TOTAL MONTH: M 5 = HAIL
GRTST 24HR M ON M 6 = FREEZING RAIN OR DRIZZLE
GRTST DEPTH: M ON M 7 = DUSTSTORM OR SANDSTORM:
VSBY 1/2 MILE OR LESS
8 = SMOKE OR HAZE
[NO. OF DAYS WITH] [WEATHER - DAYS WITH] 9 = BLOWING SNOW
X = TORNADO
MAX 32 OR BELOW: 0 0.01 INCH OR MORE: 4
MAX 90 OR ABOVE: 0 0.10 INCH OR MORE: 4
MIN 32 OR BELOW: 11 0.50 INCH OR MORE: 1
MIN 0 OR BELOW: 0 1.00 INCH OR MORE: 0
[HDD (BASE 65) ]
TOTAL THIS MO. 390 CLEAR (SCALE 0-3) 12
DPTR FM NORMAL -52 PTCLDY (SCALE 4-7) 7
TOTAL FM JUL 1 5537 CLOUDY (SCALE 8-10) 3
DPTR FM NORMAL -484
[CDD (BASE 65) ]
TOTAL THIS MO. 0
DPTR FM NORMAL 0 [PRESSURE DATA]
TOTAL FM JAN 1 0 HIGHEST SLP M ON M
DPTR FM NORMAL 0 LOWEST SLP 29.53 ON 4
[REMARKS]