000
CXUS54 KFWD 230731
CF6FWD
PRELIMINARY LOCAL CLIMATOLOGICAL DATA (WS FORM: F-6)
STATION: FORT WORTH NWS
MONTH: APRIL
YEAR: 2024
LATITUDE: 32 50 N
LONGITUDE: 97 18 W
TEMPERATURE IN F: :PCPN: SNOW: WIND :SUNSHINE: SKY :PK WND
================================================================================
1 2 3 4 5 6A 6B 7 8 9 10 11 12 13 14 15 16 17 18
12Z AVG MX 2MIN
DY MAX MIN AVG DEP HDD CDD WTR SNW DPTH SPD SPD DIR MIN PSBL S-S WX SPD DR
================================================================================
1 78 64 71 9 0 6 0.25 0.0 0 M M M M M M 3 M M
2 64 50 57 -5 8 0 0.00 0.0 0 M M M M M M M M
3 69 47 58 -4 7 0 0.00 0.0 0 M M M M M M M M
4 81 48 65 3 0 0 0.00 0.0 0 M M M M M M M M
5 84 56 70 8 0 5 0.00 0.0 0 M M M M M M M M
6 73 60 67 4 0 2 0.00 0.0 0 M M M M M M M M
7 77 55 66 3 0 1 0.00 0.0 0 M M M M M M M M
8 84 48 66 3 0 1 0.24 0.0 0 M M M M M M 3 M M
9 67 59 63 -1 2 0 0.59 0.0 0 M M M M M M 3 M M
10 63 52 58 -6 7 0 0.08 0.0 0 M M M M M M 3 M M
11 70 48 59 -5 6 0 0.00 0.0 0 M M M M M M M M
12 78 50 64 0 1 0 0.00 0.0 0 M M M M M M M M
13 80 59 70 6 0 5 0.00 0.0 0 M M M M M M M M
14 82 63 73 8 0 8 0.00 0.0 0 M M M M M M M M
15 76 68 72 7 0 7 T 0.0 0 M M M M M M M M
16 85 68 77 12 0 12 0.02 0.0 0 M M M M M M M M
17 83 69 76 11 0 11 0.00 0.0 0 M M M M M M M M
18 M M M M M M M M M M M M M M M M M
19 68 57 63 -3 2 0 0.00 0.0 0 M M M M M M M M
20 61 47 54 -12 11 0 2.80 0.0 0 M M M M M M M M
21 63 49 56 -10 9 0 0.00 M M M M M M M M M M
22 69 46 58 -9 7 0 0.00 M M M M M M M M M M
================================================================================
SM 1555 1163 60 58 3.98 0.0 M M M
================================================================================
AV 74.0 55.4 M FASTST M M M MAX(MPH)
MISC ----> M M M M
================================================================================
NOTES:
# LAST OF SEVERAL OCCURRENCES
COLUMN 17 PEAK WIND IN M.P.H.
PRELIMINARY LOCAL CLIMATOLOGICAL DATA (WS FORM: F-6) , PAGE 2
STATION: FORT WORTH NWS
MONTH: APRIL
YEAR: 2024
LATITUDE: 32 50 N
LONGITUDE: 97 18 W
[TEMPERATURE DATA] [PRECIPITATION DATA] SYMBOLS USED IN COLUMN 16
AVERAGE MONTHLY: 64.7 TOTAL FOR MONTH: 3.98 1 = FOG OR MIST
DPTR FM NORMAL: 0.6 DPTR FM NORMAL: 1.83 2 = FOG REDUCING VISIBILITY
HIGHEST: 85 ON 16 GRTST 24HR 2.80 ON 20-20 TO 1/4 MILE OR LESS
LOWEST: 46 ON 22 3 = THUNDER
SNOW, ICE PELLETS, HAIL 4 = ICE PELLETS
TOTAL MONTH: 0.0 INCH 5 = HAIL
GRTST 24HR 0.0 6 = FREEZING RAIN OR DRIZZLE
GRTST DEPTH: 0 7 = DUSTSTORM OR SANDSTORM:
VSBY 1/2 MILE OR LESS
8 = SMOKE OR HAZE
[NO. OF DAYS WITH] [WEATHER - DAYS WITH] 9 = BLOWING SNOW
X = TORNADO
MAX 32 OR BELOW: 0 0.01 INCH OR MORE: 6
MAX 90 OR ABOVE: 0 0.10 INCH OR MORE: 4
MIN 32 OR BELOW: 0 0.50 INCH OR MORE: 2
MIN 0 OR BELOW: 0 1.00 INCH OR MORE: 1
[HDD (BASE 65) ]
TOTAL THIS MO. 60 CLEAR (SCALE 0-3) 0
DPTR FM NORMAL -20 PTCLDY (SCALE 4-7) 0
TOTAL FM JUL 1 2026 CLOUDY (SCALE 8-10) 22
DPTR FM NORMAL -288
[CDD (BASE 65) ]
TOTAL THIS MO. 58
DPTR FM NORMAL -2 [PRESSURE DATA]
TOTAL FM JAN 1 123 HIGHEST SLP M ON M
DPTR FM NORMAL 25 LOWEST SLP M ON M
[REMARKS]