000
CXUS53 KGRR 280910
CF6JXN
PRELIMINARY LOCAL CLIMATOLOGICAL DATA (WS FORM: F-6)
STATION: JACKSON
MONTH: MARCH
YEAR: 2024
LATITUDE: 42 16 N
LONGITUDE: 84 28 W
TEMPERATURE IN F: :PCPN: SNOW: WIND :SUNSHINE: SKY :PK WND
================================================================================
1 2 3 4 5 6A 6B 7 8 9 10 11 12 13 14 15 16 17 18
12Z AVG MX 2MIN
DY MAX MIN AVG DEP HDD CDD WTR SNW DPTH SPD SPD DIR MIN PSBL S-S WX SPD DR
================================================================================
1 48 26 37 6 28 0 0.00 M M 8.7 18 150 M M 3 22 150
2 55 38 47 16 18 0 0.00 M M 5.8 12 210 M M 6 18 17 170
3 63 36 50 19 15 0 0.00 M M 10.1 21 150 M M 2 1 29 150
4 70 43 57 25 8 0 0.00 M M 8.0 21 160 M M 3 1 30 170
5 62 40 51 19 14 0 0.30 M M 8.0 16 170 M M 8 13 23 160
6 46 33 40 8 25 0 0.09 M M 8.1 16 20 M M 8 1 23 20
7 48 30 39 6 26 0 0.00 M M 6.0 12 100 M M 7 17 100
8 53 38 46 13 19 0 0.52 M M 7.9 14 150 M M 10 1 23 150
9 53 31 42 9 23 0 0.10 M M 11.8 23 240 M M 10 1 31 240
10 38 27 33 -1 32 0 0.02 M M 13.4 23 290 M M 7 1 39 270
11 57 23 40 6 25 0 0.00 M M 12.2 23 220 M M 0 32 230
12 69 43 56 22 9 0 0.00 M M 13.6 26 220 M M 0 36 220
13 71 46 59 24 6 0 0.00 M M 6.3 17 220 M M 2 23 220
14 62 44 53 18 12 0 0.61 M M 8.8 17 210 M M 9 13 25 350
15 54 33 44 8 21 0 0.00 M M 7.2 15 320 M M 3 23 340
16 58 29 44 8 21 0 0.02 M M 12.9 30 220 M M 5 3 47 260
17 39 28 34 -2 31 0 0.02 M M 8.5 21 250 M M 8 18 30 250
18 36 24 30 -7 35 0 T M M 9.8 16 250 M M 10 1 25 300
19 46 27 37 0 28 0 0.00 M M 13.8 31 210 M M 6 45 220
20 37 22 30 -7 35 0 T M M 10.5 22 270 M M 7 1 36 280
21 37 15 26 -12 39 0 0.00 M M 3.9 14 270 M M 1 19 260
22 33 26 30 -8 35 0 0.08 M M 8.6 15 110 M M 10 12 22 130
23 34 20 27 -12 38 0 0.00 M M 6.1 15 290 M M 5 23 290
24 41 20 31 -8 34 0 0.00 M M 10.4 21 90 M M 4 31 110
25 66 32 49 10 16 0 0.00 M M 12.8 21 100 M M 0 30 120
26 60 41 51 11 14 0 0.46 M M 17.1 28 220 M M 9 13 48 220
27 41 25 33 -7 32 0 0.00 M M 10.3 22 220 M M 8 29 220
================================================================================
SM 1377 840 639 0 2.22 M 260.6 M 151
================================================================================
AV 51.0 31.1 9.7 FASTST M M 6 MAX(MPH)
MISC ----> 31 210 48 220
================================================================================
NOTES:
# LAST OF SEVERAL OCCURRENCES
COLUMN 17 PEAK WIND IN M.P.H.
PRELIMINARY LOCAL CLIMATOLOGICAL DATA (WS FORM: F-6) , PAGE 2
STATION: JACKSON
MONTH: MARCH
YEAR: 2024
LATITUDE: 42 16 N
LONGITUDE: 84 28 W
[TEMPERATURE DATA] [PRECIPITATION DATA] SYMBOLS USED IN COLUMN 16
AVERAGE MONTHLY: 41.1 TOTAL FOR MONTH: 2.22 1 = FOG OR MIST
DPTR FM NORMAL: 5.8 DPTR FM NORMAL: 0.58 2 = FOG REDUCING VISIBILITY
HIGHEST: 71 ON 13 GRTST 24HR 0.62 ON 8- 9 TO 1/4 MILE OR LESS
LOWEST: 15 ON 21 3 = THUNDER
SNOW, ICE PELLETS, HAIL 4 = ICE PELLETS
TOTAL MONTH: M 5 = HAIL
GRTST 24HR M ON M 6 = FREEZING RAIN OR DRIZZLE
GRTST DEPTH: M ON M 7 = DUSTSTORM OR SANDSTORM:
VSBY 1/2 MILE OR LESS
8 = SMOKE OR HAZE
[NO. OF DAYS WITH] [WEATHER - DAYS WITH] 9 = BLOWING SNOW
X = TORNADO
MAX 32 OR BELOW: 0 0.01 INCH OR MORE: 10
MAX 90 OR ABOVE: 0 0.10 INCH OR MORE: 5
MIN 32 OR BELOW: 16 0.50 INCH OR MORE: 2
MIN 0 OR BELOW: 0 1.00 INCH OR MORE: 0
[HDD (BASE 65) ]
TOTAL THIS MO. 639 CLEAR (SCALE 0-3) 9
DPTR FM NORMAL -164 PTCLDY (SCALE 4-7) 11
TOTAL FM JUL 1 4799 CLOUDY (SCALE 8-10) 7
DPTR FM NORMAL -774
[CDD (BASE 65) ]
TOTAL THIS MO. 0
DPTR FM NORMAL 0 [PRESSURE DATA]
TOTAL FM JAN 1 0 HIGHEST SLP M ON M
DPTR FM NORMAL 0 LOWEST SLP 29.49 ON 26
[REMARKS]