000
CXUS56 KLOX 281155
CF6LGB
PRELIMINARY LOCAL CLIMATOLOGICAL DATA (WS FORM: F-6)
STATION: LONG BEACH AIRPORT CA
MONTH: MARCH
YEAR: 2024
LATITUDE: 33 49 N
LONGITUDE: 118 9 W
TEMPERATURE IN F: :PCPN: SNOW: WIND :SUNSHINE: SKY :PK WND
================================================================================
1 2 3 4 5 6A 6B 7 8 9 10 11 12 13 14 15 16 17 18
12Z AVG MX 2MIN
DY MAX MIN AVG DEP HDD CDD WTR SNW DPTH SPD SPD DIR MIN PSBL S-S WX SPD DR
================================================================================
1 66 56 61 2 4 0 T M M 5.3 14 220 M M 8 19 220
2 65 56 61 2 4 0 0.20 M M 7.2 21 210 M M 9 18 28 220
3 64 53 59 0 6 0 0.05 M M 7.6 17 290 M M 6 1 24 270
4 65 49 57 -2 8 0 0.00 M M 5.0 12 300 M M 0 17 200
5 65 50 58 -1 7 0 0.00 M M 3.8 13 200 M M 1 18 220
6 64 51 58 -1 7 0 0.43 M M 4.5 14 170 M M 6 1 20 190
7 66 54 60 1 5 0 0.01 M M 5.0 16 280 M M 3 22 290
8 71 51 61 2 4 0 0.00 M M 3.6 16 310 M M 1 1 20 300
9 73 51 62 3 3 0 0.00 M M 3.4 17 290 M M 0 22 280
10 74 51 63 4 2 0 0.00 M M 3.6 16 290 M M 0 20 290
11 68 52 60 0 5 0 0.00 M M 5.0 16 280 M M 2 21 300
12 68 55 62 2 3 0 0.00 M M 5.0 15 310 M M 5 20 310
13 70 57 64 4 1 0 0.00 M M 5.8 15 300 M M 4 18 300
14 73 51 62 2 3 0 0.00 M M 6.6 24 10 M M 0 34 10
15 65 56 61 1 4 0 T M M 6.2 14 160 M M 3 21 150
16 71 54 63 3 2 0 0.00 M M 5.5 16 290 M M 3 24 300
17 70 51 61 1 4 0 0.00 M M 4.1 15 300 M M 0 20 320
18 75 52 64 4 1 0 0.04 M M 4.0 18 110 M M 1 26 200
19 72 54 63 3 2 0 0.00 M M 3.4 12 180 M M 0 17 210
20 70 56 63 3 2 0 0.00 M M 4.2 12 180 M M 3 128 17 170
21 71 59 65 5 0 0 0.00 M M 4.9 13 310 M M 5 16 180
22 69 55 62 2 3 0 0.00 M M 4.3 13 300 M M 4 18 16 290
23 66 57 62 2 3 0 0.18 M M 11.7 25 290 M M 6 18 37 290
24 67 51 59 -2 6 0 T M M 14.0 30 290 M M 1 43 290
25 67 48 58 -3 7 0 0.00 M M 5.8 18 290 M M 0 25 290
26 69 54 62 1 3 0 0.00 M M 5.5 13 190 M M 4 19 200
27 70 53 62 1 3 0 0.00 M M 3.8 14 290 M M 2 16 290
================================================================================
SM 1854 1437 102 0 0.91 M 148.8 M 77
================================================================================
AV 68.7 53.2 5.5 FASTST M M 3 MAX(MPH)
MISC ----> 30 290 43 290
================================================================================
NOTES:
# LAST OF SEVERAL OCCURRENCES
COLUMN 17 PEAK WIND IN M.P.H.
PRELIMINARY LOCAL CLIMATOLOGICAL DATA (WS FORM: F-6) , PAGE 2
STATION: LONG BEACH AIRPORT CA
MONTH: MARCH
YEAR: 2024
LATITUDE: 33 49 N
LONGITUDE: 118 9 W
[TEMPERATURE DATA] [PRECIPITATION DATA] SYMBOLS USED IN COLUMN 16
AVERAGE MONTHLY: 60.9 TOTAL FOR MONTH: 0.91 1 = FOG OR MIST
DPTR FM NORMAL: 1.2 DPTR FM NORMAL: -0.58 2 = FOG REDUCING VISIBILITY
HIGHEST: 75 ON 18 GRTST 24HR 0.43 ON 6- 6 TO 1/4 MILE OR LESS
LOWEST: 48 ON 25 3 = THUNDER
SNOW, ICE PELLETS, HAIL 4 = ICE PELLETS
TOTAL MONTH: M 5 = HAIL
GRTST 24HR M ON M 6 = FREEZING RAIN OR DRIZZLE
GRTST DEPTH: M ON M 7 = DUSTSTORM OR SANDSTORM:
VSBY 1/2 MILE OR LESS
8 = SMOKE OR HAZE
[NO. OF DAYS WITH] [WEATHER - DAYS WITH] 9 = BLOWING SNOW
X = TORNADO
MAX 32 OR BELOW: 0 0.01 INCH OR MORE: 6
MAX 90 OR ABOVE: 0 0.10 INCH OR MORE: 3
MIN 32 OR BELOW: 0 0.50 INCH OR MORE: 0
MIN 0 OR BELOW: 0 1.00 INCH OR MORE: 0
[HDD (BASE 65) ]
TOTAL THIS MO. 102 CLEAR (SCALE 0-3) 17
DPTR FM NORMAL -49 PTCLDY (SCALE 4-7) 9
TOTAL FM JUL 1 604 CLOUDY (SCALE 8-10) 1
DPTR FM NORMAL -406
[CDD (BASE 65) ]
TOTAL THIS MO. 0
DPTR FM NORMAL 0 [PRESSURE DATA]
TOTAL FM JAN 1 12 HIGHEST SLP M ON M
DPTR FM NORMAL 2 LOWEST SLP 29.74 ON 14
[REMARKS]