000
CXUS53 KDTX 190635
CF6MBS
PRELIMINARY LOCAL CLIMATOLOGICAL DATA (WS FORM: F-6)
STATION: TRI CITIES MI
MONTH: APRIL
YEAR: 2024
LATITUDE: 43 31 N
LONGITUDE: 84 5 W
TEMPERATURE IN F: :PCPN: SNOW: WIND :SUNSHINE: SKY :PK WND
================================================================================
1 2 3 4 5 6A 6B 7 8 9 10 11 12 13 14 15 16 17 18
12Z AVG MX 2MIN
DY MAX MIN AVG DEP HDD CDD WTR SNW DPTH SPD SPD DIR MIN PSBL S-S WX SPD DR
================================================================================
1 48 31 40 0 25 0 0.08 0.0 0 10.9 21 40 M M 4 1 26 50
2 47 38 43 3 22 0 0.32 0.0 0 13.3 23 220 M M 10 18 41 190
3 46 35 41 0 24 0 T 0.0 0 10.7 20 220 M M 9 1 27 210
4 42 33 38 -3 27 0 0.06 0.0 0 11.5 23 40 M M 10 1 30 40
5 51 31 41 -1 24 0 0.00 0.0 0 11.1 23 350 M M 6 33 360
6 57 35 46 4 19 0 0.00 0.0 0 8.6 14 360 M M 2 18 350
7 59 31 45 3 20 0 0.10 0.0 0 8.7 18 130 M M 2 25 60
8 74 46 60 17 5 0 T 0.0 0 10.3 25 230 M M 3 36 230
9 72 47 60 17 5 0 0.00 0.0 0 13.4 28 230 M M 1 38 250
10 67 40 54 10 11 0 0.00 0.0 0 6.4 13 220 M M 1 20 210
11 53 46 50 6 15 0 0.38 0.0 0 14.1 26 40 M M 8 1 35 30
12 50 44 47 3 18 0 0.34 0.0 0 20.5 38 300 M M 8 1 52 290
13 62 41 52 7 13 0 0.00 0.0 0 14.5 28 300 M M 1 40 290
14 77 45 61 16 4 0 0.00 0.0 0 11.3 23 350 M M 1 32 360
15 72 41 57 11 8 0 0.00 0.0 0 8.0 21 30 M M 1 1 27 260
16 61 38 50 4 15 0 0.01 0.0 0 11.8 24 50 M M 2 30 40
17 70 48 59 13 6 0 0.44 0.0 0 12.5 32 250 M M 9 13 43 250
18 57 48 53 6 12 0 0.01 0.0 0 9.9 25 260 M M 9 32 270
================================================================================
SM 1065 718 273 0 1.74 0.0 207.5 M 87
================================================================================
AV 59.2 39.9 11.5 FASTST M M 5 MAX(MPH)
MISC ----> 38 300 52 290
================================================================================
NOTES:
# LAST OF SEVERAL OCCURRENCES
COLUMN 17 PEAK WIND IN M.P.H.
PRELIMINARY LOCAL CLIMATOLOGICAL DATA (WS FORM: F-6) , PAGE 2
STATION: TRI CITIES MI
MONTH: APRIL
YEAR: 2024
LATITUDE: 43 31 N
LONGITUDE: 84 5 W
[TEMPERATURE DATA] [PRECIPITATION DATA] SYMBOLS USED IN COLUMN 16
AVERAGE MONTHLY: 49.5 TOTAL FOR MONTH: 1.74 1 = FOG OR MIST
DPTR FM NORMAL: 6.1 DPTR FM NORMAL: -0.13 2 = FOG REDUCING VISIBILITY
HIGHEST: 77 ON 14 GRTST 24HR 0.67 ON 11-12 TO 1/4 MILE OR LESS
LOWEST: 31 ON 7, 5 3 = THUNDER
SNOW, ICE PELLETS, HAIL 4 = ICE PELLETS
TOTAL MONTH: 0.0 INCH 5 = HAIL
GRTST 24HR 0.0 6 = FREEZING RAIN OR DRIZZLE
GRTST DEPTH: 0 7 = DUSTSTORM OR SANDSTORM:
VSBY 1/2 MILE OR LESS
8 = SMOKE OR HAZE
[NO. OF DAYS WITH] [WEATHER - DAYS WITH] 9 = BLOWING SNOW
X = TORNADO
MAX 32 OR BELOW: 0 0.01 INCH OR MORE: 9
MAX 90 OR ABOVE: 0 0.10 INCH OR MORE: 5
MIN 32 OR BELOW: 3 0.50 INCH OR MORE: 0
MIN 0 OR BELOW: 0 1.00 INCH OR MORE: 0
[HDD (BASE 65) ]
TOTAL THIS MO. 273 CLEAR (SCALE 0-3) 8
DPTR FM NORMAL -115 PTCLDY (SCALE 4-7) 3
TOTAL FM JUL 1 5172 CLOUDY (SCALE 8-10) 7
DPTR FM NORMAL -1123
[CDD (BASE 65) ]
TOTAL THIS MO. 0
DPTR FM NORMAL 0 [PRESSURE DATA]
TOTAL FM JAN 1 0 HIGHEST SLP M ON M
DPTR FM NORMAL -1 LOWEST SLP 29.20 ON 2
[REMARKS]