000
CXUS53 KTOP 230810
CF6MHK
PRELIMINARY LOCAL CLIMATOLOGICAL DATA (WS FORM: F-6)
STATION: MANHATTAN KS
MONTH: APRIL
YEAR: 2024
LATITUDE: 39 9 N
LONGITUDE: 96 40 W
TEMPERATURE IN F: :PCPN: SNOW: WIND :SUNSHINE: SKY :PK WND
================================================================================
1 2 3 4 5 6A 6B 7 8 9 10 11 12 13 14 15 16 17 18
12Z AVG MX 2MIN
DY MAX MIN AVG DEP HDD CDD WTR SNW DPTH SPD SPD DIR MIN PSBL S-S WX SPD DR
================================================================================
1 76 47 62 12 3 0 0.00 M M 9.8 24 220 M M 7 18 32 220
2 63 37 50 -1 15 0 0.23 M M 8.8 20 330 M M 6 1 37 320
3 61 34 48 -3 17 0 0.00 M M 8.0 20 340 M M 0 34 350
4 66 29 48 -3 17 0 0.00 M M 3.7 14 10 M M 0 8 22 300
5 71 27 49 -3 16 0 0.00 M M 8.0 21 140 M M 0 18 29 100
6 79 45 62 10 3 0 0.03 M M 16.3 40 160 M M 3 3 57 160
7 70 34 52 0 13 0 0.00 M M 12.3 32 250 M M 2 53 270
8 70 36 53 1 12 0 0.00 M M 3.4 13 280 M M 0 18 270
9 71 33 52 -1 13 0 0.00 M M 1.3 8 360 M M 0 13 340
10 75 41 58 5 7 0 0.00 M M 4.2 16 360 M M 1 18 30 360
11 67 37 52 -1 13 0 0.00 M M 9.3 21 350 M M 0 37 290
12 75 28 52 -2 13 0 0.00 M M 2.7 14 170 M M 0 8 23 250
13 91 53 72 18 0 7 0.00 M M 14.9 29 210 M M 0 40 210
14 89 55 72 18 0 7 0.00 M M 5.4 16 210 M M 0 24 220
15 87 56 72 18 0 7 0.00 M M 13.2 30 150 M M 3 1 40 180
16 82 61 72 17 0 7 0.93 M M 19.8 37 230 M M 3 13 57 210
17 81 57 69 14 0 4 0.02 M M 8.6 23 90 M M 1 3 30 80
18 65 42 54 -1 11 0 0.23 M M 12.7 26 20 M M 6 138 40 20
19 62 36 49 -7 16 0 0.00 M M 4.1 12 30 M M 5 21 40
20 55 40 48 -8 17 0 0.00 M M 6.5 17 30 M M 6 25 30
21 65 34 50 -6 15 0 0.00 M M 3.0 10 20 M M 2 18 30
22 75 34 55 -1 10 0 0.00 M M 16.2 32 210 M M 0 48 200
================================================================================
SM 1596 896 211 32 1.44 M 192.2 M 45
================================================================================
AV 72.5 40.7 8.7 FASTST M M 2 MAX(MPH)
MISC ----> 40 160 # 57 160
================================================================================
NOTES:
# LAST OF SEVERAL OCCURRENCES
COLUMN 17 PEAK WIND IN M.P.H.
PRELIMINARY LOCAL CLIMATOLOGICAL DATA (WS FORM: F-6) , PAGE 2
STATION: MANHATTAN KS
MONTH: APRIL
YEAR: 2024
LATITUDE: 39 9 N
LONGITUDE: 96 40 W
[TEMPERATURE DATA] [PRECIPITATION DATA] SYMBOLS USED IN COLUMN 16
AVERAGE MONTHLY: 56.6 TOTAL FOR MONTH: 1.44 1 = FOG OR MIST
DPTR FM NORMAL: 3.2 DPTR FM NORMAL: -0.64 2 = FOG REDUCING VISIBILITY
HIGHEST: 91 ON 13 GRTST 24HR 0.93 ON 16-16 TO 1/4 MILE OR LESS
LOWEST: 27 ON 5 3 = THUNDER
SNOW, ICE PELLETS, HAIL 4 = ICE PELLETS
TOTAL MONTH: M 5 = HAIL
GRTST 24HR M ON M 6 = FREEZING RAIN OR DRIZZLE
GRTST DEPTH: M ON M 7 = DUSTSTORM OR SANDSTORM:
VSBY 1/2 MILE OR LESS
8 = SMOKE OR HAZE
[NO. OF DAYS WITH] [WEATHER - DAYS WITH] 9 = BLOWING SNOW
X = TORNADO
MAX 32 OR BELOW: 0 0.01 INCH OR MORE: 5
MAX 90 OR ABOVE: 1 0.10 INCH OR MORE: 3
MIN 32 OR BELOW: 3 0.50 INCH OR MORE: 1
MIN 0 OR BELOW: 0 1.00 INCH OR MORE: 0
[HDD (BASE 65) ]
TOTAL THIS MO. 211 CLEAR (SCALE 0-3) 16
DPTR FM NORMAL -56 PTCLDY (SCALE 4-7) 6
TOTAL FM JUL 1 4255 CLOUDY (SCALE 8-10) 0
DPTR FM NORMAL -664
[CDD (BASE 65) ]
TOTAL THIS MO. 32
DPTR FM NORMAL 21 [PRESSURE DATA]
TOTAL FM JAN 1 32 HIGHEST SLP M ON M
DPTR FM NORMAL 17 LOWEST SLP 29.36 ON 16
[REMARKS]