000
CXUS51 KOKX 290910
CF6NYC
PRELIMINARY LOCAL CLIMATOLOGICAL DATA (WS FORM: F-6)
STATION: CENTRAL PARK NY
MONTH: MARCH
YEAR: 2024
LATITUDE: 40 46 N
LONGITUDE: 73 58 W
TEMPERATURE IN F: :PCPN: SNOW: WIND :SUNSHINE: SKY :PK WND
================================================================================
1 2 3 4 5 6A 6B 7 8 9 10 11 12 13 14 15 16 17 18
12Z AVG MX 2MIN
DY MAX MIN AVG DEP HDD CDD WTR SNW DPTH SPD SPD DIR MIN PSBL S-S WX SPD DR
================================================================================
1 48 30 39 0 26 0 0.00 0.0 0 4.2 14 140 M M 0 23 130
2 55 42 49 10 16 0 1.27 0.0 0 4.5 12 130 M M 10 18 25 100
3 68 48 58 19 7 0 0.00 0.0 0 4.3 12 60 M M 5 18 18 290
4 59 46 53 13 12 0 0.00 0.0 0 5.9 13 100 M M 8 8 22 90
5 49 42 46 6 19 0 0.43 0.0 0 9.1 23 60 M M 10 18 37 70
6 53 47 50 10 15 0 1.20 0.0 0 4.6 21 60 M M 10 18 29 60
7 54 44 49 9 16 0 0.11 0.0 0 7.8 20 20 M M 10 1 31 40
8 57 40 49 9 16 0 0.00 0.0 0 5.2 15 60 M M 0 24 40
9 49 41 45 4 20 0 1.53 0.0 0 7.3 20 90 M M 9 18 32 100
10 51 37 44 3 21 0 0.03 0.0 0 9.5 22 280 M M 9 1 38 270
11 52 35 44 3 21 0 T T 0 12.7 26 310 M M 4 8 53 290
12 66 43 55 13 10 0 0.00 0.0 0 6.1 15 280 M M 1 27 270
13 62 48 55 13 10 0 0.00 0.0 0 3.6 12 140 M M 0 20 140
14 74 46 60 18 5 0 0.00 0.0 0 2.5 12 140 M M 0 20 130
15 73 51 62 20 3 0 T 0.0 0 6.7 18 300 M M 4 28 290
16 61 47 54 11 11 0 0.00 0.0 0 4.4 13 140 M M 3 23 180
17 63 48 56 13 9 0 T 0.0 0 6.6 18 280 M M 4 31 280
18 51 38 45 2 20 0 0.00 0.0 0 7.4 17 310 M M 7 29 320
19 48 36 42 -2 23 0 T 0.0 0 7.7 17 240 M M 6 31 250
20 57 34 46 2 19 0 0.01 0.0 0 6.6 22 310 M M 7 39 320
21 43 30 37 -7 28 0 0.00 0.0 0 9.1 20 280 M M 1 37 280
22 46 29 38 -6 27 0 0.00 0.0 0 4.9 13 300 M M 4 23 280
23 50 35 43 -2 22 0 3.66 0.0 0 7.1 18 300 M M 10 128 35 300
24 48 31 40 -5 25 0 0.00 0.0 0 7.8 16 20 M M 0 26 50
25 53 35 44 -2 21 0 0.00 0.0 0 8.7 25 60 M M 0 36 40
26 53 39 46 0 19 0 0.00 0.0 0 6.0 16 40 M M 9 24 60
27 52 42 47 1 18 0 0.06 0.0 0 2.7 12 240 M M 10 18 16 240
28 51 44 48 1 17 0 0.70 0.0 0 4.6 13 30 M M 10 1 20 290
================================================================================
SM 1546 1128 476 0 9.00 T 177.6 M 151
================================================================================
AV 55.2 40.3 6.3 FASTST M M 5 MAX(MPH)
MISC ----> 26 310 53 290
================================================================================
NOTES:
# LAST OF SEVERAL OCCURRENCES
COLUMN 17 PEAK WIND IN M.P.H.
PRELIMINARY LOCAL CLIMATOLOGICAL DATA (WS FORM: F-6) , PAGE 2
STATION: CENTRAL PARK NY
MONTH: MARCH
YEAR: 2024
LATITUDE: 40 46 N
LONGITUDE: 73 58 W
[TEMPERATURE DATA] [PRECIPITATION DATA] SYMBOLS USED IN COLUMN 16
AVERAGE MONTHLY: 47.8 TOTAL FOR MONTH: 9.00 1 = FOG OR MIST
DPTR FM NORMAL: 5.3 DPTR FM NORMAL: 5.11 2 = FOG REDUCING VISIBILITY
HIGHEST: 74 ON 14 GRTST 24HR 3.66 ON 23-23 TO 1/4 MILE OR LESS
LOWEST: 29 ON 22 3 = THUNDER
SNOW, ICE PELLETS, HAIL 4 = ICE PELLETS
TOTAL MONTH: T 5 = HAIL
GRTST 24HR T ON 11-11 6 = FREEZING RAIN OR DRIZZLE
GRTST DEPTH: 0 7 = DUSTSTORM OR SANDSTORM:
VSBY 1/2 MILE OR LESS
8 = SMOKE OR HAZE
[NO. OF DAYS WITH] [WEATHER - DAYS WITH] 9 = BLOWING SNOW
X = TORNADO
MAX 32 OR BELOW: 0 0.01 INCH OR MORE: 10
MAX 90 OR ABOVE: 0 0.10 INCH OR MORE: 7
MIN 32 OR BELOW: 4 0.50 INCH OR MORE: 5
MIN 0 OR BELOW: 0 1.00 INCH OR MORE: 4
[HDD (BASE 65) ]
TOTAL THIS MO. 476 CLEAR (SCALE 0-3) 9
DPTR FM NORMAL -159 PTCLDY (SCALE 4-7) 9
TOTAL FM JUL 1 3437 CLOUDY (SCALE 8-10) 10
DPTR FM NORMAL -572
[CDD (BASE 65) ]
TOTAL THIS MO. 0
DPTR FM NORMAL 0 [PRESSURE DATA]
TOTAL FM JAN 1 0 HIGHEST SLP M ON M
DPTR FM NORMAL 0 LOWEST SLP 29.36 ON 10
[REMARKS]