000
CXUS55 KGGW 190810
CF6OLF
PRELIMINARY LOCAL CLIMATOLOGICAL DATA (WS FORM: F-6)
STATION: WOLF POINT MT
MONTH: APRIL
YEAR: 2024
LATITUDE: 48 5 N
LONGITUDE: 105 35 W
TEMPERATURE IN F: :PCPN: SNOW: WIND :SUNSHINE: SKY :PK WND
================================================================================
1 2 3 4 5 6A 6B 7 8 9 10 11 12 13 14 15 16 17 18
12Z AVG MX 2MIN
DY MAX MIN AVG DEP HDD CDD WTR SNW DPTH SPD SPD DIR MIN PSBL S-S WX SPD DR
================================================================================
1 57 24 41 2 24 0 0.00 M M 7.4 21 300 M M 2 27 280
2 59 26 43 4 22 0 0.00 M M 3.1 8 60 M M 0 12 130
3 76 30 53 13 12 0 0.01 M M 5.8 15 240 M M 0 21 270
4 77 38 58 18 7 0 0.00 M M 14.3 24 140 M M 0 40 140
5 73 42 58 18 7 0 0.00 M M 13.8 23 130 M M 0 39 120
6 60 38 49 8 16 0 0.00 M M 9.2 16 90 M M 2 22 100
7 53 40 47 6 18 0 0.14 M M 4.7 14 60 M M 9 1 17 80
8 51 33 42 0 23 0 0.00 M M 7.9 20 300 M M 9 1 26 300
9 66 34 50 8 15 0 0.00 M M 11.7 26 280 M M 2 35 260
10 58 33 46 4 19 0 T M M 19.2 37 330 M M 4 56 320
11 59 25 42 -1 23 0 0.00 M M 6.6 18 320 M M 0 27 300
12 78 29 54 11 11 0 0.00 M M 8.8 17 220 M M 1 23 220
13 74 37 56 13 9 0 0.00 M M 9.3 25 290 M M 2 35 290
14 77 33 55 11 10 0 0.00 M M 8.7 17 110 M M 2 25 130
15 71 43 57 13 8 0 0.02 M M 10.1 21 90 M M 3 29 90
16 68 38 53 9 12 0 T M M 13.6 35 300 M M 3 45 310
17 44 31 38 -7 27 0 T M M 22.4 36 300 M M 8 47 290
18 38 25 32 -13 33 0 T M M 20.8 33 290 M M 9 45 280
================================================================================
SM 1139 599 296 0 0.17 M 197.4 M 56
================================================================================
AV 63.3 33.3 11.0 FASTST M M 3 MAX(MPH)
MISC ----> 37 330 56 320
================================================================================
NOTES:
# LAST OF SEVERAL OCCURRENCES
COLUMN 17 PEAK WIND IN M.P.H.
PRELIMINARY LOCAL CLIMATOLOGICAL DATA (WS FORM: F-6) , PAGE 2
STATION: WOLF POINT MT
MONTH: APRIL
YEAR: 2024
LATITUDE: 48 5 N
LONGITUDE: 105 35 W
[TEMPERATURE DATA] [PRECIPITATION DATA] SYMBOLS USED IN COLUMN 16
AVERAGE MONTHLY: 48.3 TOTAL FOR MONTH: 0.17 1 = FOG OR MIST
DPTR FM NORMAL: 6.2 DPTR FM NORMAL: -0.24 2 = FOG REDUCING VISIBILITY
HIGHEST: 78 ON 12 GRTST 24HR 0.14 ON 7- 7 TO 1/4 MILE OR LESS
LOWEST: 24 ON 1 3 = THUNDER
SNOW, ICE PELLETS, HAIL 4 = ICE PELLETS
TOTAL MONTH: M 5 = HAIL
GRTST 24HR M ON M 6 = FREEZING RAIN OR DRIZZLE
GRTST DEPTH: M ON M 7 = DUSTSTORM OR SANDSTORM:
VSBY 1/2 MILE OR LESS
8 = SMOKE OR HAZE
[NO. OF DAYS WITH] [WEATHER - DAYS WITH] 9 = BLOWING SNOW
X = TORNADO
MAX 32 OR BELOW: 0 0.01 INCH OR MORE: 3
MAX 90 OR ABOVE: 0 0.10 INCH OR MORE: 1
MIN 32 OR BELOW: 7 0.50 INCH OR MORE: 0
MIN 0 OR BELOW: 0 1.00 INCH OR MORE: 0
[HDD (BASE 65) ]
TOTAL THIS MO. 296 CLEAR (SCALE 0-3) 13
DPTR FM NORMAL -117 PTCLDY (SCALE 4-7) 1
TOTAL FM JUL 1 6972 CLOUDY (SCALE 8-10) 4
DPTR FM NORMAL -892
[CDD (BASE 65) ]
TOTAL THIS MO. 0
DPTR FM NORMAL 0 [PRESSURE DATA]
TOTAL FM JAN 1 0 HIGHEST SLP M ON M
DPTR FM NORMAL 0 LOWEST SLP 29.50 ON 5
[REMARKS]