000
CXUS55 KCYS 011623
CLMBFF
CLIMATE REPORT
NATIONAL WEATHER SERVICE CHEYENNE WY
923 AM MST FRI MAR 01 2024
...................................
...THE SCOTTSBLUFF NE AIRPORT CLIMATE SUMMARY FOR THE MONTH OF FEBRUARY 2024...
CLIMATE NORMAL PERIOD 1991 TO 2020
CLIMATE RECORD PERIOD 1871 TO 2024
WEATHER OBSERVED NORMAL DEPART LAST YEAR`S
VALUE DATE(S) VALUE FROM VALUE DATE(S)
NORMAL
................................................................
TEMPERATURE (F)
RECORD
HIGH 77 02/11/1962
LOW -45 02/12/1899
HIGHEST 65 02/26 45 20 54
02/29
LOWEST -4 02/17 17 -21 -20
AVG. MAXIMUM 49.3 44.6 4.7 41.2
AVG. MINIMUM 21.6 17.0 4.6 15.8
MEAN 35.5 30.8 4.7 28.5
DAYS MAX >= 90 0 0.0 0.0 0
DAYS MAX <= 32 3 5.9 -2.9 4
DAYS MIN <= 32 27 27.2 -0.2 28
DAYS MIN <= 0 2 2.5 -0.5 3
PRECIPITATION (INCHES)
RECORD
MAXIMUM 1.93 1986
TOTALS 1.43 0.56 0.87 0.37
DAYS >= .01 8 6.3 1.7 3
DAYS >= .10 5 1.8 3.2 1
DAYS >= .50 1 0.1 0.9 0
DAYS >= 1.00 0 0.0 0.0 0
GREATEST
24 HR. TOTAL 0.55 02/10 TO 02/10 0.30 02/21 TO 02/22
SNOWFALL (INCHES)
RECORDS
TOTAL MM 2023
24 HR TOTAL 3.2 02/02/2022 TO 02/02/2022
TOTALS 11.8 7.5 4.3 5.8
SINCE 7/1 30.4 29.6 0.8 MM
DAYS >= 1.0 4 2.5 1.5 2
GREATEST
SNOW DEPTH 6 02/11 9
24 HR TOTAL MM MM
DEGREE DAYS
HEATING TOTAL 848 957 -109 1014
SINCE 7/1 4342 4771 -429 MM
COOLING TOTAL 0 0 0 0
SINCE 1/1 0 0 0 MM
................................................................
WIND (MPH)
AVERAGE WIND SPEED 8.7
HIGHEST WIND SPEED/DIRECTION 48/270 DATE 02/26
HIGHEST GUST SPEED/DIRECTION 65/270 DATE 02/26
SKY COVER
POSSIBLE SUNSHINE (PERCENT) MM
AVERAGE SKY COVER 0.34
NUMBER OF DAYS FAIR 17
NUMBER OF DAYS PC 7
NUMBER OF DAYS CLOUDY 5
AVERAGE RH (PERCENT) 64
WEATHER CONDITIONS. NUMBER OF DAYS WITH
THUNDERSTORM 0 MIXED PRECIP 0
HEAVY RAIN 0 RAIN 2
LIGHT RAIN 4 FREEZING RAIN 0
LT FREEZING RAIN 0 HAIL 0
HEAVY SNOW 2 SNOW 4
LIGHT SNOW 5 SLEET 0
FOG 11 FOG W/VIS <= 1/4 MILE 7
HAZE 5
- INDICATES NEGATIVE NUMBERS.
R INDICATES RECORD WAS SET OR TIED.
MM INDICATES DATA IS MISSING.
T INDICATES TRACE AMOUNT.
$$