000
CXUS54 KBMX 041640
CLMBHM
CLIMATE REPORT
NATIONAL WEATHER SERVICE BIRMINGHAM AL
1140 AM CDT THU APR 04 2024
...................................
...THE BIRMINGHAM CLIMATE SUMMARY FOR THE MONTH OF MARCH 2024...
CLIMATE NORMAL PERIOD 1991 TO 2020
CLIMATE RECORD PERIOD 1895 TO 2024
WEATHER OBSERVED NORMAL DEPART LAST YEAR`S
VALUE DATE(S) VALUE FROM VALUE DATE(S)
NORMAL
................................................................
TEMPERATURE (F)
RECORD
HIGH 90 03/21/1907
LOW 2 03/14/1993
HIGHEST 82 03/14 MM MM 83 03/23
03/25
LOWEST 28 03/19 MM MM 23 03/20
AVG. MAXIMUM 69.8 67.1 2.7 69.5
AVG. MINIMUM 47.6 45.0 2.6 45.4
MEAN 58.7 57.4
DAYS MAX >= 90 0 0.0 0.0 0
DAYS MAX <= 32 0 0.1 -0.1 0
DAYS MIN <= 32 1 4.2 -3.2 5
DAYS MIN <= 0 0 0.0 0.0 0
PRECIPITATION (INCHES)
RECORD
MAXIMUM 15.80 1980
MINIMUM 0.32 1918
TOTALS 5.05 5.66 -0.61 4.70
DAILY AVG. 0.16 0.18 -0.02 0.15
DAYS >= .01 8 11.2 -3.2 9
DAYS >= .10 5 7.8 -2.8 8
DAYS >= .50 4 3.9 0.1 4
DAYS >= 1.00 2 1.7 0.3 1
DEGREE DAYS
HEATING TOTAL 200 300 -100 258
SINCE 7/1 2057 2396 -339 MM
COOLING TOTAL 15 23 -8 32
SINCE 1/1 21 29 -8 MM
................................................................
WIND (MPH)
AVERAGE WIND SPEED 6.4
HIGHEST WIND SPEED/DIRECTION 30/320 DATE 03/15
HIGHEST GUST SPEED/DIRECTION 43/150 DATE 03/25
AVERAGE RH (PERCENT) 61
WEATHER CONDITIONS. NUMBER OF DAYS WITH
THUNDERSTORM 4 MIXED PRECIP 0
HEAVY RAIN 5 RAIN 4
LIGHT RAIN 11 FREEZING RAIN 0
LT FREEZING RAIN 0 HAIL 0
HEAVY SNOW 0 SNOW 0
LIGHT SNOW 0 SLEET 0
FOG 15 FOG W/VIS <= 1/4 MILE 0
HAZE 9
- INDICATES NEGATIVE NUMBERS.
R INDICATES RECORD WAS SET OR TIED.
MM INDICATES DATA IS MISSING.
T INDICATES TRACE AMOUNT.
$$