000
CXUS55 KTFX 011530
CLMHVR
CLIMATE REPORT
NATIONAL WEATHER SERVICE GREAT FALLS MT
930 AM MDT MON APR 01 2024
...................................
...THE HAVRE MT CLIMATE SUMMARY FOR THE MONTH OF MARCH 2024...
CLIMATE NORMAL PERIOD 1991 TO 2020
CLIMATE RECORD PERIOD 1880 TO 2024
WEATHER OBSERVED NORMAL DEPART LAST YEAR`S
VALUE DATE(S) VALUE FROM VALUE
NORMAL
..............................................................
TEMPERATURE (F)
RECORD
HIGH 79 03/30/2004
LOW -41 03/13/1897
HIGHEST 67 03/18 52 15 46
LOWEST -7 03/04 15 -22 -9
AVG. MAXIMUM 39.7 44.0 -4.3 27.7
AVG. MINIMUM 18.3 20.1 -1.8 7.9
MEAN 29.0 32.0 -3.0 17.8
DAYS MAX >= 90 0 0.0 0.0 0
DAYS MAX <= 32 12 6.7 5.3 25
DAYS MIN <= 32 29 28.2 0.8 31
DAYS MIN <= 0 4 3.0 1.0 6
PRECIPITATION (INCHES)
RECORD
MAXIMUM 2.03 1977
MINIMUM 0.03
TOTALS 0.58 0.50 0.08 0.41
DAYS >= .01 8 6.1 1.9
DAYS >= .10 2 1.5 0.5
DAYS >= .50 0 0.1 -0.1
DAYS >= 1.00 0 0.0 0.0
GREATEST
24 HR. TOTAL 0.16 03/21 TO 03/21
SNOWFALL (INCHES)
RECORDS
TOTAL 30.1 1977
24 HR TOTAL 26.9
SNOW DEPTH 27 03/30/1978
TOTALS 12.1 5.2 6.9 10.8
SINCE 7/1 43.4 37.9 5.5
SNOWDEPTH AVG. 1
DAYS >= TRACE 10 4.2 5.8
DAYS >= 1.0 5 1.8 3.2
GREATEST
SNOW DEPTH 6 03/24 9
24 HR TOTAL MM
DEGREE DAYS
HEATING TOTAL 1107 1022 85 1455
SINCE 7/1 6580 7058 -478 MM
COOLING TOTAL 0 0 0 0
SINCE 1/1 0 0 0 MM
..............................................................
WIND (MPH)
AVERAGE WIND SPEED 10.1
HIGHEST WIND SPEED/DIRECTION 28/090 DATE 03/23
HIGHEST GUST SPEED/DIRECTION 36/090 DATE 03/23
SKY COVER
AVERAGE SKY COVER 0.45
AVERAGE RH (PERCENT) 71
WEATHER CONDITIONS. NUMBER OF DAYS WITH
THUNDERSTORM 0 MIXED PRECIP 0
HEAVY RAIN 0 RAIN 1
LIGHT RAIN 2 FREEZING RAIN 0
LT FREEZING RAIN 0 HAIL 0
HEAVY SNOW 0 SNOW 2
LIGHT SNOW 10 SLEET 0
FOG 11 FOG W/VIS <= 1/4 MILE 2
HAZE 4
- INDICATES NEGATIVE NUMBERS.
R INDICATES RECORD WAS SET OR TIED.
MM INDICATES DATA IS MISSING.
T INDICATES TRACE AMOUNT.
$$