000
CXUS53 KOAX 021545
CLMLNK

CLIMATE REPORT
NATIONAL WEATHER SERVICE OMAHA NEBRASKA
1110 AM CDT SUN JUL 1 2018

...................................

...THE LINCOLN, NEBRASKA CLIMATE SUMMARY FOR THE MONTH OF JUNE 2018...

CLIMATE NORMAL PERIOD 1981 TO 2010
CLIMATE RECORD PERIOD 1887 TO 2018

WEATHER         OBSERVED          NORMAL  DEPART
                 VALUE   DATE(S)  VALUE   FROM
                                          NORMAL
................................................
TEMPERATURE (F)
HIGHEST           101   06/15
LOWEST             52   06/03
AVG. MAXIMUM     88.6              84.2     4.4
AVG. MINIMUM     65.9              60.9     5.0
MEAN             77.3              72.6     4.7
DAYS MAX >= 90     16
DAYS MAX <= 32      0
DAYS MIN <= 32      0
DAYS MIN <= 0       0

PRECIPITATION (INCHES)
RECORD
 MAXIMUM        12.93   1967
 MINIMUM         0.17   2002
TOTALS           8.83              4.35    4.48
DAILY AVG.       0.29
DAYS >= .01        12
DAYS >= .10         9
DAYS >= .50         5
DAYS >= 1.00        4
GREATEST
 24 HR. TOTAL    2.87   06/19 TO 06/20

SNOWFALL (INCHES)
RECORDS
 TOTAL              T   2017
                        2004
                        2003
TOTALS            0.0               0.0
SINCE 7/1        21.4
DAYS >= 1.0         0               0.0     0.0
GREATEST
 SNOW DEPTH         0
 24 HR TOTAL      0.0

DEGREE DAYS
HEATING TOTAL       0                16     -16
 SINCE 7/1       5999              6056     -57
COOLING TOTAL     376               242     134
 SINCE 1/1        580               321     259
.................................................

WIND (MPH)
AVERAGE WIND SPEED              11.0
HIGHEST WIND SPEED/DIRECTION    53/330    DATE  06/09
HIGHEST GUST SPEED/DIRECTION    73/280    DATE  06/09

SKY COVER
AVERAGE SKY COVER           0.20

WEATHER CONDITIONS. NUMBER OF DAYS WITH
THUNDERSTORM             14     MIXED PRECIP               0
HEAVY RAIN                8     RAIN                       8
LIGHT RAIN               15     FREEZING RAIN              0
LT FREEZING RAIN          0     HAIL                       0
HEAVY SNOW                0     SNOW                       0
LIGHT SNOW                0     SLEET                      0
FOG                      12     FOG W/VIS <= 1/4 MILE      0
HAZE                      3


-  INDICATES NEGATIVE NUMBERS.
R  INDICATES RECORD WAS SET OR TIED.
MM INDICATES DATA IS MISSING.
T  INDICATES TRACE AMOUNT.
>= INDICATES GREATER THAN OR EQUAL TO.
<= INDICATES LESS THAN OR EQUAL TO.

&&

...JUNE WAS WARMER AND WETTER THAN NORMAL IN LINCOLN...

THE AVERAGE TEMPERATURE FOR THE MONTH WAS 77.3 DEGREES OR 4.7
DEGREES ABOVE NORMAL. THIS TIED FOR THE 12TH WARMEST JUNE ON RECORD.
THE WARMEST WAS 80.4 IN 1933.

PRECIPITATION MEASURED 8.83 INCHES, ALMOST 4.50 INCHES ABOVE THE
NORMAL OF 4.35 INCHES. THIS HELPED PUSH THE YEARLY TOTAL TO
ALMOST 1 INCH ABOVE NORMAL. THE GREATEST 24 HOUR RAINFALL WAS
2.87 ON THE 19TH-20TH.

JUNE WAS QUITE WARM WITH ONLY 10 DAYS AVERAGING AT OR BELOW NORMAL.
THE DAILY HIGH TEMPERATURE REACHED 90 OR ABOVE ON 16 DAYS IN JUNE.
THE WARMEST TEMPERATURE WAS 101 DEGREES ON THE 15TH.

TWO NEW RECORDS WERE SET DURING THE MONTH.

24 HOUR RAINFALL
2.33 INCHES ON THE 19TH. OLD RECORD 1.76 INCHES IN 1905.

RECORD WARM MINIMUM
78 DEGREES ON 15TH. OLD RECORD 77 IN 1952.

THE HIGHEST WINDS OF THE MONTH OCCURRED ON THE 9TH WITH GUSTS
REACHING 73 MPH FROM THE WEST.

THERE WERE 24 CLEAR DAYS DURING THE MONTH WITH 4 PARTLY
CLOUDY AND 2 CLOUDY DAYS.


$$
