000
CXUS51 KCTP 010752
CLSJST
CLIMATE REPORT
NATIONAL WEATHER SERVICE STATE COLLEGE PA
252 AM EST FRI MAR 01 2024
...................................
...THE JOHNSTOWN CLIMATE SUMMARY FOR THE SEASON, FROM
12/1/2023 TO 2/29/2024...
CLIMATE NORMAL PERIOD 1991 TO 2020
CLIMATE RECORD PERIOD 1892 TO 2024
WEATHER OBSERVED NORMAL DEPART LAST YEAR`S
VALUE DATE(S) VALUE FROM VALUE DATE(S)
NORMAL
................................................................
TEMPERATURE (F)
RECORD
HIGH 80 01/26/1950
LOW -20 01/30/1977
HIGHEST 60 02/27 67 02/15
LOWEST 3 01/17 -8 12/23
12/24
AVG. MAXIMUM 40.4 35.8 4.6 41.3
AVG. MINIMUM 27.9 21.6 6.3 26.9
MEAN 34.2 28.7 5.5 34.1
DAYS MAX >= 90 0 0.0 0.0 0
DAYS MAX <= 32 21 42.1 -21.1 23
DAYS MIN <= 32 64 76.4 -12.4 67
DAYS MIN <= 0 0 3.2 -3.2 2
PRECIPITATION (INCHES)
RECORD
MAXIMUM 18.07 1937
MINIMUM 5.73 2015
TOTALS 9.22 7.75 1.47 9.33
DAILY AVG. 0.10 NAN NAN 0.10
DAYS >= .01 44 43.8 0.2 45
DAYS >= .10 23 19.7 3.3 18
DAYS >= .50 5 4.3 0.7 6
DAYS >= 1.00 2 0.7 1.3 1
GREATEST
24 HR. TOTAL 1.33 1.68 01/03 TO 01/03
STORM TOTAL 1.33 1.68
(MM/DD(HH)) MM
DEGREE DAYS
HEATING TOTAL 2785 3262 -477 2763
SINCE 7/1 4028 4698 -670 MM
COOLING TOTAL 0 0 0 0
SINCE 1/1 0 0 0 MM
FREEZE DATES
RECORD
EARLIEST 08/31/1894
LATEST 05/27/1915
EARLIEST 10/31
LATEST 05/03
................................................................
WIND (MPH)
AVERAGE WIND SPEED 10.1
RESULTANT WIND SPEED/DIRECTION 6/260
HIGHEST WIND SPEED/DIRECTION 38/290 DATE 02/28
HIGHEST GUST SPEED/DIRECTION 57/270 DATE 02/28
SKY COVER
POSSIBLE SUNSHINE (PERCENT) MM
AVERAGE SKY COVER 0.66
NUMBER OF DAYS FAIR 19
NUMBER OF DAYS PC 18
NUMBER OF DAYS CLOUDY 54
WEATHER CONDITIONS. NUMBER OF DAYS WITH
THUNDERSTORM 1 MIXED PRECIP 0
HEAVY RAIN 2 RAIN 11
LIGHT RAIN 32 FREEZING RAIN 1
LT FREEZING RAIN 9 HAIL 0
HEAVY SNOW 3 SNOW 13
LIGHT SNOW 35 SLEET 0
FOG 52 FOG W/VIS <= 1/4 MILE 23
HAZE 12
- INDICATES NEGATIVE NUMBERS.
R INDICATES RECORD WAS SET OR TIED.
MM INDICATES DATA IS MISSING.
T INDICATES TRACE AMOUNT.
$$