000
CXUS51 KALY 012349
CLSPOU
CLIMATE REPORT
NATIONAL WEATHER SERVICE ALBANY NY
649 PM EST FRI MAR 01 2024
...................................
...THE POUGHKEEPSIE NY CLIMATE SUMMARY FOR THE SEASON, FROM
12/1/2023 TO 2/29/2024...
CLIMATE NORMAL PERIOD: 1991 TO 2020
CLIMATE RECORD PERIOD: 1931 TO 2024
WEATHER OBSERVED NORMAL DEPART LAST YEAR`S
VALUE DATE(S) VALUE FROM VALUE DATE(S)
NORMAL
................................................................
TEMPERATURE (F)
RECORD
HIGH 76 02/21/2018
LOW -30 01/21/1961
HIGHEST 64 12/18 66 02/15
LOWEST 1 01/21 -7 02/04
AVG. MAXIMUM 43.0 38.4 4.6 43.8
AVG. MINIMUM 26.0 20.5 5.5 25.2
MEAN 34.5 29.5 5.0 34.5
DAYS MAX >= 90 0 0.0 0.0 0
DAYS MAX <= 32 7 24.6 -17.6 6
DAYS MIN <= 32 67 79.7 -12.7 72
DAYS MIN <= 0 0 3.9 -3.9 2
PRECIPITATION (INCHES)
RECORD
MAXIMUM 13.97 1974
MINIMUM 2.82 1944
TOTALS 13.61 8.42 5.19 8.79
DAILY AVG. 0.15 0.10
DAYS >= .01 32 30.4 1.6 34
DAYS >= .10 23 18.3 4.7 23
DAYS >= .50 8 5.5 2.5 4
DAYS >= 1.00 4 1.3 2.7 1
GREATEST
24 HR. TOTAL MM
DEGREE DAYS
HEATING TOTAL 2754 3195 -441 2720
SINCE 7/1 3871 4486 -615 MM
COOLING TOTAL 0 0 0 0
SINCE 1/1 0 0 0 MM
................................................................
WIND (MPH)
AVERAGE WIND SPEED 4.6
HIGHEST WIND SPEED/DIRECTION 31/120 DATE 01/13
HIGHEST GUST SPEED/DIRECTION 55/240 DATE 01/14
WEATHER CONDITIONS. NUMBER OF DAYS WITH
THUNDERSTORM 0 MIXED PRECIP 0
HEAVY RAIN 5 RAIN 13
LIGHT RAIN 24 FREEZING RAIN 0
LT FREEZING RAIN 0 HAIL 0
HEAVY SNOW 3 SNOW 4
LIGHT SNOW 16 SLEET 0
FOG 52 FOG W/VIS <= 1/4 MILE 12
HAZE 17
- INDICATES NEGATIVE NUMBERS.
R INDICATES RECORD WAS SET OR TIED.
MM INDICATES DATA IS MISSING.
T INDICATES TRACE AMOUNT.
$$