000
CXUS54 KLZK 251231
CF6ARG
PRELIMINARY LOCAL CLIMATOLOGICAL DATA (WS FORM: F-6)
STATION: WALNUT RIDGE AIRPORT
MONTH: APRIL
YEAR: 2024
LATITUDE: 36 7 N
LONGITUDE: 90 55 W
TEMPERATURE IN F: :PCPN: SNOW: WIND :SUNSHINE: SKY :PK WND
================================================================================
1 2 3 4 5 6A 6B 7 8 9 10 11 12 13 14 15 16 17 18
12Z AVG MX 2MIN
DY MAX MIN AVG DEP HDD CDD WTR SNW DPTH SPD SPD DIR MIN PSBL S-S WX SPD DR
================================================================================
1 72 68 70 M 0 5 0.00 0.0 M 13.6 17 170 M M 9 1 25 190
2 80 47 64 M 1 0 T 0.0 M 19.1 30 310 M M 6 1 39 300
3 56 44 50 M 15 0 0.00 0.0 M 14.7 24 320 M M 4 37 290
4 64 41 53 M 12 0 0.00 0.0 M 14.0 23 320 M M 0 32 290
5 65 39 52 M 13 0 0.00 0.0 M 3.8 10 110 M M 0 M M
6 67 43 55 M 10 0 0.00 0.0 M 10.0 15 130 M M 0 8 18 140
7 79 57 68 M 0 3 T 0.0 M 16.4 26 230 M M 6 37 190
8 81 44 63 M 2 0 0.00 0.0 M 7.0 18 180 M M 2 8 M M
9 70 59 65 M 0 0 0.01 0.0 M 9.4 18 170 M M 7 M M
10 68 57 63 M 2 0 0.55 0.0 M 7.6 16 360 M M 9 1 22 360
11 72 53 63 M 2 0 0.03 0.0 M 18.6 32 310 M M 4 1 40 300
12 73 47 60 M 5 0 0.00 0.0 M 10.4 21 310 M M 0 36 320
13 86 45 66 M 0 1 0.00 0.0 M 9.8 22 200 M M 0 28 200
14 81 59 70 M 0 5 0.00 0.0 M 15.9 25 190 M M 0 35 210
15 83 59 71 M 0 6 T 0.0 M 11.3 23 190 M M 3 27 190
16 80 67 74 M 0 9 0.30 0.0 M 15.5 27 200 M M 7 13 36 200
17 84 68 76 M 0 11 0.00 0.0 M 12.7 20 210 M M 1 1 M M
18 82 62 72 M 0 7 0.11 0.0 M 14.4 22 190 M M 8 13 32 200
19 65 55 60 M 5 0 T 0.0 M 12.8 22 340 M M 10 8 30 340
20 60 48 54 M 11 0 0.20 0.0 M 7.4 17 50 M M 8 3 21 40
21 65 46 56 M 9 0 0.00 M M 10.0 18 310 M M 2 23 320
22 67 39 53 M 12 0 0.00 M M 7.7 17 210 M M 0 25 210
23 76 47 62 M 3 0 T 0.0 0 14.7 27 210 M M 2 33 200
24 76 55 66 M 0 1 T 0.0 0 6.4 14 20 M M 2 8 M M
================================================================================
SM 1752 1249 102 48 1.20 0.0 283.2 M 90
================================================================================
AV 73.0 52.0 11.8 FASTST M M 4 MAX(MPH)
MISC ----> 32 310 40 300
================================================================================
NOTES:
# LAST OF SEVERAL OCCURRENCES
COLUMN 17 PEAK WIND IN M.P.H.
PRELIMINARY LOCAL CLIMATOLOGICAL DATA (WS FORM: F-6) , PAGE 2
STATION: WALNUT RIDGE AIRPORT
MONTH: APRIL
YEAR: 2024
LATITUDE: 36 7 N
LONGITUDE: 90 55 W
[TEMPERATURE DATA] [PRECIPITATION DATA] SYMBOLS USED IN COLUMN 16
AVERAGE MONTHLY: 62.5 TOTAL FOR MONTH: 1.20 1 = FOG OR MIST
DPTR FM NORMAL: 0.0 DPTR FM NORMAL: 1.20 2 = FOG REDUCING VISIBILITY
HIGHEST: 86 ON 13 GRTST 24HR 0.58 ON 10-11 TO 1/4 MILE OR LESS
LOWEST: 39 ON 22, 5 3 = THUNDER
SNOW, ICE PELLETS, HAIL 4 = ICE PELLETS
TOTAL MONTH: 0.0 INCH 5 = HAIL
GRTST 24HR 0.0 6 = FREEZING RAIN OR DRIZZLE
GRTST DEPTH: 0 7 = DUSTSTORM OR SANDSTORM:
VSBY 1/2 MILE OR LESS
8 = SMOKE OR HAZE
[NO. OF DAYS WITH] [WEATHER - DAYS WITH] 9 = BLOWING SNOW
X = TORNADO
MAX 32 OR BELOW: 0 0.01 INCH OR MORE: 6
MAX 90 OR ABOVE: 0 0.10 INCH OR MORE: 4
MIN 32 OR BELOW: 0 0.50 INCH OR MORE: 1
MIN 0 OR BELOW: 0 1.00 INCH OR MORE: 0
[HDD (BASE 65) ]
TOTAL THIS MO. 102 CLEAR (SCALE 0-3) 13
DPTR FM NORMAL M PTCLDY (SCALE 4-7) 8
TOTAL FM JUL 1 3016 CLOUDY (SCALE 8-10) 3
DPTR FM NORMAL M
[CDD (BASE 65) ]
TOTAL THIS MO. 48
DPTR FM NORMAL M [PRESSURE DATA]
TOTAL FM JAN 1 67 HIGHEST SLP M ON M
DPTR FM NORMAL M LOWEST SLP M ON M
[REMARKS]