000
CXUS53 KLOT 190800
CF6DPA
PRELIMINARY LOCAL CLIMATOLOGICAL DATA (WS FORM: F-6)
STATION: DUPAGE AIRPORT
MONTH: APRIL
YEAR: 2024
LATITUDE: 41 55 N
LONGITUDE: 88 15 W
TEMPERATURE IN F: :PCPN: SNOW: WIND :SUNSHINE: SKY :PK WND
================================================================================
1 2 3 4 5 6A 6B 7 8 9 10 11 12 13 14 15 16 17 18
12Z AVG MX 2MIN
DY MAX MIN AVG DEP HDD CDD WTR SNW DPTH SPD SPD DIR MIN PSBL S-S WX SPD DR
================================================================================
1 48 41 45 1 20 0 0.36 M M 13.3 24 60 M M 10 138 33 60
2 45 35 40 -4 25 0 0.27 M M 14.5 25 280 M M 10 1 33 300
3 38 33 36 -8 29 0 0.11 M M 17.5 26 320 M M 10 1 40 310
4 44 35 40 -5 25 0 0.08 M M 13.8 23 320 M M 10 18 30 350
5 50 31 41 -4 24 0 0.00 M M 7.3 17 20 M M 6 27 40
6 54 26 40 -5 25 0 0.00 M M 7.1 16 70 M M 0 21 80
7 50 37 44 -2 21 0 0.29 M M 10.4 26 130 M M 5 1 40 140
8 70 43 57 11 8 0 0.00 M M 11.9 23 210 M M 0 34 230
9 65 43 54 8 11 0 0.00 M M 8.9 18 240 M M 1 25 270
10 68 38 53 6 12 0 0.00 M M 2.9 16 100 M M 1 21 100
11 60 49 55 8 10 0 T M M 9.3 17 280 M M 10 22 30
12 64 47 56 8 9 0 0.01 M M 15.8 28 310 M M 5 1 42 320
13 70 38 54 6 11 0 0.00 M M 10.5 22 190 M M 0 31 190
14 82 49 66 18 0 1 0.00 M M 8.7 22 260 M M 0 29 280
15 76 43 60 11 5 0 0.00 M M 7.3 15 70 M M 0 20 90
16 79 50 65 16 0 0 0.02 M M 14.9 24 130 M M 5 3 38 140
17 67 49 58 9 7 0 0.00 M M 19.8 32 230 M M 9 44 290
18 59 42 51 1 14 0 0.09 M M 6.7 16 10 M M 6 18 20 10
================================================================================
SM 1089 729 256 1 1.23 M 200.6 M 88
================================================================================
AV 60.5 40.5 11.1 FASTST M M 5 MAX(MPH)
MISC ----> 32 230 44 290
================================================================================
NOTES:
# LAST OF SEVERAL OCCURRENCES
COLUMN 17 PEAK WIND IN M.P.H.
PRELIMINARY LOCAL CLIMATOLOGICAL DATA (WS FORM: F-6) , PAGE 2
STATION: DUPAGE AIRPORT
MONTH: APRIL
YEAR: 2024
LATITUDE: 41 55 N
LONGITUDE: 88 15 W
[TEMPERATURE DATA] [PRECIPITATION DATA] SYMBOLS USED IN COLUMN 16
AVERAGE MONTHLY: 50.5 TOTAL FOR MONTH: 1.23 1 = FOG OR MIST
DPTR FM NORMAL: 3.8 DPTR FM NORMAL: -0.57 2 = FOG REDUCING VISIBILITY
HIGHEST: 82 ON 14 GRTST 24HR 0.54 ON 1- 2 TO 1/4 MILE OR LESS
LOWEST: 26 ON 6 3 = THUNDER
SNOW, ICE PELLETS, HAIL 4 = ICE PELLETS
TOTAL MONTH: M 5 = HAIL
GRTST 24HR M ON M 6 = FREEZING RAIN OR DRIZZLE
GRTST DEPTH: M ON M 7 = DUSTSTORM OR SANDSTORM:
VSBY 1/2 MILE OR LESS
8 = SMOKE OR HAZE
[NO. OF DAYS WITH] [WEATHER - DAYS WITH] 9 = BLOWING SNOW
X = TORNADO
MAX 32 OR BELOW: 0 0.01 INCH OR MORE: 8
MAX 90 OR ABOVE: 0 0.10 INCH OR MORE: 4
MIN 32 OR BELOW: 2 0.50 INCH OR MORE: 0
MIN 0 OR BELOW: 0 1.00 INCH OR MORE: 0
[HDD (BASE 65) ]
TOTAL THIS MO. 256 CLEAR (SCALE 0-3) 7
DPTR FM NORMAL -77 PTCLDY (SCALE 4-7) 5
TOTAL FM JUL 1 4997 CLOUDY (SCALE 8-10) 6
DPTR FM NORMAL -963
[CDD (BASE 65) ]
TOTAL THIS MO. 1
DPTR FM NORMAL 1 [PRESSURE DATA]
TOTAL FM JAN 1 1 HIGHEST SLP M ON M
DPTR FM NORMAL -1 LOWEST SLP 29.20 ON 2
[REMARKS]