000
CXUS55 KPSR 221005
CF6FFZ
PRELIMINARY LOCAL CLIMATOLOGICAL DATA (WS FORM: F-6)
STATION: MESA FALCON FIELD AZ
MONTH: APRIL
YEAR: 2024
LATITUDE: 33 28 N
LONGITUDE: 111 44 W
TEMPERATURE IN F: :PCPN: SNOW: WIND :SUNSHINE: SKY :PK WND
================================================================================
1 2 3 4 5 6A 6B 7 8 9 10 11 12 13 14 15 16 17 18
12Z AVG MX 2MIN
DY MAX MIN AVG DEP HDD CDD WTR SNW DPTH SPD SPD DIR MIN PSBL S-S WX SPD DR
================================================================================
1 62 46 54 M 11 0 0.14 0.0 M 5.1 25 260 M M 8 1 34 250
2 74 49 62 M 3 0 0.00 0.0 0 4.2 12 280 M M 0 17 290
3 80 53 67 M 0 2 0.00 M M 3.4 9 290 M M 0 13 300
4 86 55 71 M 0 6 0.00 M M 8.0 21 210 M M 0 28 220
5 71 55 63 M 2 0 T M M 11.9 21 240 M M 4 28 280
6 64 46 55 M 10 0 0.00 M M 5.3 18 260 M M 0 24 250
7 73 48 61 M 4 0 0.00 M M 5.3 14 20 M M 0 19 20
8 73 52 63 M 2 0 0.00 M M 4.1 15 260 M M 0 20 270
9 82 49 66 M 0 1 0.00 M M 5.8 18 240 M M 0 27 240
10 84 55 70 M 0 5 0.00 M M 3.6 10 260 M M 0 15 170
11 92 59 76 M 0 11 0.00 M M 6.3 14 210 M M 0 22 230
12 91 63 77 M 0 12 0.00 M M 9.9 23 210 M M 0 34 200
13 85 60 73 M 0 8 0.00 M M 6.4 17 210 M M 0 26 200
14 83 55 69 M 0 4 0.00 M M 6.2 20 270 M M 0 27 270
15 74 54 64 M 1 0 0.00 M M 4.7 16 250 M M 0 20 280
16 85 55 70 M 0 5 0.00 M M 6.2 15 260 M M 0 20 290
17 89 61 75 M 0 10 0.00 M M 5.0 12 240 M M 0 16 240
18 89 61 75 M 0 10 0.00 M M 4.2 13 250 M M 0 18 240
19 92 64 78 M 0 13 0.00 M M 4.3 13 270 M M 0 21 240
20 92 67 80 M 0 15 0.00 M M 5.4 16 120 M M 0 22 120
21 95 66 81 M 0 16 0.00 M M 4.8 12 210 M M 0 16 250
================================================================================
SM 1716 1173 33 118 0.14 0.0 120.1 M 12
================================================================================
AV 81.7 55.9 5.7 FASTST M M 1 MAX(MPH)
MISC ----> 25 260 # 34 200
================================================================================
NOTES:
# LAST OF SEVERAL OCCURRENCES
COLUMN 17 PEAK WIND IN M.P.H.
PRELIMINARY LOCAL CLIMATOLOGICAL DATA (WS FORM: F-6) , PAGE 2
STATION: MESA FALCON FIELD AZ
MONTH: APRIL
YEAR: 2024
LATITUDE: 33 28 N
LONGITUDE: 111 44 W
[TEMPERATURE DATA] [PRECIPITATION DATA] SYMBOLS USED IN COLUMN 16
AVERAGE MONTHLY: 68.8 TOTAL FOR MONTH: 0.14 1 = FOG OR MIST
DPTR FM NORMAL: 0.0 DPTR FM NORMAL: 0.14 2 = FOG REDUCING VISIBILITY
HIGHEST: 95 ON 21 GRTST 24HR 0.37 ON 31- 1 TO 1/4 MILE OR LESS
LOWEST: 46 ON 6, 1 3 = THUNDER
SNOW, ICE PELLETS, HAIL 4 = ICE PELLETS
TOTAL MONTH: 0.0 INCH 5 = HAIL
GRTST 24HR 0.0 6 = FREEZING RAIN OR DRIZZLE
GRTST DEPTH: 0 7 = DUSTSTORM OR SANDSTORM:
VSBY 1/2 MILE OR LESS
8 = SMOKE OR HAZE
[NO. OF DAYS WITH] [WEATHER - DAYS WITH] 9 = BLOWING SNOW
X = TORNADO
MAX 32 OR BELOW: 0 0.01 INCH OR MORE: 1
MAX 90 OR ABOVE: 5 0.10 INCH OR MORE: 1
MIN 32 OR BELOW: 0 0.50 INCH OR MORE: 0
MIN 0 OR BELOW: 0 1.00 INCH OR MORE: 0
[HDD (BASE 65) ]
TOTAL THIS MO. 33 CLEAR (SCALE 0-3) 19
DPTR FM NORMAL M PTCLDY (SCALE 4-7) 2
TOTAL FM JUL 1 874 CLOUDY (SCALE 8-10) 0
DPTR FM NORMAL M
[CDD (BASE 65) ]
TOTAL THIS MO. 118
DPTR FM NORMAL M [PRESSURE DATA]
TOTAL FM JAN 1 160 HIGHEST SLP M ON M
DPTR FM NORMAL M LOWEST SLP 29.63 ON 4
[REMARKS]