000
CXUS53 KFGF 190815
CF6GFK
PRELIMINARY LOCAL CLIMATOLOGICAL DATA (WS FORM: F-6)
STATION: GRAND FORKS INTL AP ND
MONTH: APRIL
YEAR: 2024
LATITUDE: 47 57 N
LONGITUDE: 97 11 W
TEMPERATURE IN F: :PCPN: SNOW: WIND :SUNSHINE: SKY :PK WND
================================================================================
1 2 3 4 5 6A 6B 7 8 9 10 11 12 13 14 15 16 17 18
12Z AVG MX 2MIN
DY MAX MIN AVG DEP HDD CDD WTR SNW DPTH SPD SPD DIR MIN PSBL S-S WX SPD DR
================================================================================
1 47 16 32 -2 33 0 0.00 0.0 M 3.8 9 220 M M 4 17 80
2 46 28 37 3 28 0 T 0.0 0 15.7 29 360 M M 8 37 350
3 54 22 38 4 27 0 0.00 0.0 0 12.1 23 10 M M 2 18 31 360
4 56 18 37 2 28 0 0.00 0.0 0 8.1 16 50 M M 1 20 30
5 62 20 41 5 24 0 0.00 0.0 0 9.8 20 150 M M 3 8 29 130
6 63 36 50 14 15 0 0.00 0.0 0 20.9 35 140 M M 3 78 49 140
7 47 33 40 3 25 0 0.03 0.0 0 11.9 26 110 M M 7 35 100
8 52 35 44 7 21 0 0.05 M M 7.6 13 310 M M 9 17 330
9 64 25 45 7 20 0 0.00 0.0 0 3.3 15 280 M M 5 1 19 280
10 64 37 51 13 14 0 0.10 0.0 0 8.5 22 290 M M 7 3 30 340
11 59 33 46 7 19 0 0.00 0.0 0 13.4 26 360 M M 6 34 350
12 60 27 44 5 21 0 0.00 0.0 0 6.1 13 140 M M 4 17 140
13 75 43 59 19 6 0 T 0.0 0 11.4 25 190 M M 7 34 190
14 69 32 51 11 14 0 0.00 0.0 0 10.2 25 330 M M 3 8 34 340
15 61 31 46 5 19 0 T 0.0 0 11.3 23 90 M M 7 31 80
16 53 40 47 6 18 0 0.28 0.0 0 16.6 29 90 M M 9 138 38 100
17 52 36 44 2 21 0 0.23 0.0 0 12.1 29 290 M M 9 1 37 300
18 40 31 36 -6 29 0 0.00 0.0 0 20.9 31 270 M M 9 43 270
================================================================================
SM 1024 543 382 0 0.69 0.0 203.7 M 103
================================================================================
AV 56.9 30.2 11.3 FASTST M M 6 MAX(MPH)
MISC ----> 35 140 49 140
================================================================================
NOTES:
# LAST OF SEVERAL OCCURRENCES
COLUMN 17 PEAK WIND IN M.P.H.
PRELIMINARY LOCAL CLIMATOLOGICAL DATA (WS FORM: F-6) , PAGE 2
STATION: GRAND FORKS INTL AP ND
MONTH: APRIL
YEAR: 2024
LATITUDE: 47 57 N
LONGITUDE: 97 11 W
[TEMPERATURE DATA] [PRECIPITATION DATA] SYMBOLS USED IN COLUMN 16
AVERAGE MONTHLY: 43.5 TOTAL FOR MONTH: 0.69 1 = FOG OR MIST
DPTR FM NORMAL: 5.6 DPTR FM NORMAL: 0.07 2 = FOG REDUCING VISIBILITY
HIGHEST: 75 ON 13 GRTST 24HR 0.50 ON 16-17 TO 1/4 MILE OR LESS
LOWEST: 16 ON 1 3 = THUNDER
SNOW, ICE PELLETS, HAIL 4 = ICE PELLETS
TOTAL MONTH: 0.0 INCH 5 = HAIL
GRTST 24HR 0.0 6 = FREEZING RAIN OR DRIZZLE
GRTST DEPTH: 0 7 = DUSTSTORM OR SANDSTORM:
VSBY 1/2 MILE OR LESS
8 = SMOKE OR HAZE
[NO. OF DAYS WITH] [WEATHER - DAYS WITH] 9 = BLOWING SNOW
X = TORNADO
MAX 32 OR BELOW: 0 0.01 INCH OR MORE: 5
MAX 90 OR ABOVE: 0 0.10 INCH OR MORE: 3
MIN 32 OR BELOW: 10 0.50 INCH OR MORE: 0
MIN 0 OR BELOW: 0 1.00 INCH OR MORE: 0
[HDD (BASE 65) ]
TOTAL THIS MO. 382 CLEAR (SCALE 0-3) 4
DPTR FM NORMAL -106 PTCLDY (SCALE 4-7) 10
TOTAL FM JUL 1 7219 CLOUDY (SCALE 8-10) 4
DPTR FM NORMAL -1631
[CDD (BASE 65) ]
TOTAL THIS MO. 0
DPTR FM NORMAL 0 [PRESSURE DATA]
TOTAL FM JAN 1 0 HIGHEST SLP M ON M
DPTR FM NORMAL 0 LOWEST SLP 29.61 ON 13
[REMARKS]