000
CXUS51 KGYX 280900
CF6MHT
PRELIMINARY LOCAL CLIMATOLOGICAL DATA (WS FORM: F-6)
STATION: MANCHESTER
MONTH: MARCH
YEAR: 2024
LATITUDE: 42 55 N
LONGITUDE: 71 26 W
TEMPERATURE IN F: :PCPN: SNOW: WIND :SUNSHINE: SKY :PK WND
================================================================================
1 2 3 4 5 6A 6B 7 8 9 10 11 12 13 14 15 16 17 18
12Z AVG MX 2MIN
DY MAX MIN AVG DEP HDD CDD WTR SNW DPTH SPD SPD DIR MIN PSBL S-S WX SPD DR
================================================================================
1 44 15 30 -2 35 0 0.00 0.0 0 8.7 23 290 M M 3 37 290
2 47 33 40 8 25 0 0.94 0.0 0 6.5 13 150 M M 10 1 17 190
3 62 44 53 21 12 0 0.08 0.0 0 7.4 21 330 M M 8 1 26 340
4 54 40 47 14 18 0 T 0.0 0 5.0 14 150 M M 10 1 21 140
5 43 38 41 8 24 0 0.37 0.0 0 3.5 8 30 M M 10 1 11 30
6 57 35 46 13 19 0 0.33 0.0 0 2.6 9 40 M M 10 12 14 40
7 48 41 45 11 20 0 1.30 0.0 0 9.2 18 10 M M 9 1 31 10
8 55 29 42 8 23 0 0.00 0.0 0 3.6 12 330 M M 3 19 340
9 43 27 35 1 30 0 0.22 T 0 5.7 17 160 M M 9 1 24 130
10 52 37 45 11 20 0 0.97 0.0 0 13.0 26 300 M M 9 1 38 290
11 44 32 38 3 27 0 T T 0 20.1 35 310 M M 7 52 300
12 54 31 43 8 22 0 0.00 0.0 0 15.8 33 330 M M 0 45 320
13 59 30 45 10 20 0 T 0.0 0 3.8 14 130 M M 4 21 130
14 64 M M M M M T 0.0 0 2.7 14 130 M M 6 20 140
15 44 40 42 6 23 0 0.36 0.0 0 4.3 13 40 M M 10 18 18 30
16 58 32 45 9 20 0 0.00 0.0 0 4.0 13 250 M M 5 1 19 240
17 58 36 47 10 18 0 0.04 0.0 0 9.6 25 310 M M 7 1 37 270
18 49 32 41 4 24 0 0.00 0.0 0 9.7 24 290 M M 5 36 270
19 46 30 38 1 27 0 0.00 0.0 0 9.4 25 290 M M 6 35 310
20 52 31 42 4 23 0 T T 0 9.9 31 290 M M 8 44 290
21 40 25 33 -5 32 0 T 0.3 T 21.3 32 310 M M 4 1 46 290
22 41 23 32 -6 33 0 0.00 0.0 0 10.3 28 300 M M 5 36 300
23 35 30 33 -6 32 0 2.06 2.3 2 8.8 26 330 M M 10 148 37 340
24 40 23 32 -7 33 0 0.00 0.0 2 10.1 26 320 M M 5 37 320
25 43 27 35 -5 30 0 0.00 0.0 0 6.6 14 40 M M 7 23 50
26 40 32 36 -4 29 0 T 0.0 0 5.8 13 40 M M 9 18 20 50
27 57 37 47 7 18 0 0.12 0.0 0 2.7 9 310 M M 10 18 12 250
================================================================================
SM 1329 830 637 0 6.79 2.6 220.1 M 189
================================================================================
AV 49.2 31.9 8.2 FASTST M M 7 MAX(MPH)
MISC ----> 35 310 52 300
================================================================================
NOTES:
# LAST OF SEVERAL OCCURRENCES
COLUMN 17 PEAK WIND IN M.P.H.
PRELIMINARY LOCAL CLIMATOLOGICAL DATA (WS FORM: F-6) , PAGE 2
STATION: MANCHESTER
MONTH: MARCH
YEAR: 2024
LATITUDE: 42 55 N
LONGITUDE: 71 26 W
[TEMPERATURE DATA] [PRECIPITATION DATA] SYMBOLS USED IN COLUMN 16
AVERAGE MONTHLY: 40.6 TOTAL FOR MONTH: 6.79 1 = FOG OR MIST
DPTR FM NORMAL: 4.8 DPTR FM NORMAL: 3.81 2 = FOG REDUCING VISIBILITY
HIGHEST: 64 ON 14 GRTST 24HR 2.06 ON 23-23 TO 1/4 MILE OR LESS
LOWEST: 15 ON 1 3 = THUNDER
SNOW, ICE PELLETS, HAIL 4 = ICE PELLETS
TOTAL MONTH: 2.6 INCHES 5 = HAIL
GRTST 24HR 2.3 ON 23-23 6 = FREEZING RAIN OR DRIZZLE
GRTST DEPTH: 2 ON 24,23 7 = DUSTSTORM OR SANDSTORM:
VSBY 1/2 MILE OR LESS
8 = SMOKE OR HAZE
[NO. OF DAYS WITH] [WEATHER - DAYS WITH] 9 = BLOWING SNOW
X = TORNADO
MAX 32 OR BELOW: 0 0.01 INCH OR MORE: 11
MAX 90 OR ABOVE: 0 0.10 INCH OR MORE: 9
MIN 32 OR BELOW: 16 0.50 INCH OR MORE: 4
MIN 0 OR BELOW: 0 1.00 INCH OR MORE: 2
[HDD (BASE 65) ]
TOTAL THIS MO. 637 CLEAR (SCALE 0-3) 3
DPTR FM NORMAL -153 PTCLDY (SCALE 4-7) 12
TOTAL FM JUL 1 4520 CLOUDY (SCALE 8-10) 12
DPTR FM NORMAL -779
[CDD (BASE 65) ]
TOTAL THIS MO. 0
DPTR FM NORMAL 0 [PRESSURE DATA]
TOTAL FM JAN 1 0 HIGHEST SLP M ON M
DPTR FM NORMAL 0 LOWEST SLP 29.23 ON 10
[REMARKS]