000
CXUS54 KEWX 231010
CF6T20
PRELIMINARY LOCAL CLIMATOLOGICAL DATA (WS FORM: F-6)
STATION: GONZALES
MONTH: APRIL
YEAR: 2024
LATITUDE: 29 31 N
LONGITUDE: 97 28 W
TEMPERATURE IN F: :PCPN: SNOW: WIND :SUNSHINE: SKY :PK WND
================================================================================
1 2 3 4 5 6A 6B 7 8 9 10 11 12 13 14 15 16 17 18
12Z AVG MX 2MIN
DY MAX MIN AVG DEP HDD CDD WTR SNW DPTH SPD SPD DIR MIN PSBL S-S WX SPD DR
================================================================================
1 82 73 78 M 0 13 0.00 M M 10.8 21 170 M M 7 1 30 310
2 80 53 67 M 0 2 0.00 M M 9.2 17 340 M M 2 24 320
3 80 46 63 M 2 0 0.00 M M 3.4 10 270 M M 0 16 280
4 85 46 66 M 0 1 0.00 M M 3.9 9 160 M M 0 16 230
5 85 48 67 M 0 2 0.00 M M 6.9 16 170 M M 0 23 170
6 78 61 70 M 0 5 0.00 M M 9.2 18 150 M M 7 1 25 160
7 80 68 74 M 0 9 0.00 M M 4.9 16 10 M M 6 1 24 10
8 78 70 74 M 0 9 0.02 M M 5.5 14 160 M M 10 1 20 160
9 86 63 75 M 0 10 1.30 M M 8.0 16 170 M M 7 13 48 80
10 74 56 65 M 0 0 0.34 M M 11.8 20 300 M M 4 3 26 300
11 82 51 67 M 0 2 0.00 M M 5.0 13 20 M M 0 18 350
12 82 51 67 M 0 2 0.00 M M 5.8 14 170 M M 0 18 160
13 81 60 71 M 0 6 0.00 M M 8.7 18 140 M M 2 1 25 170
14 83 65 74 M 0 9 0.00 M M 8.7 14 150 M M 9 18 150
15 84 70 77 M 0 12 0.00 M M 10.4 25 140 M M 9 35 140
16 82 72 77 M 0 12 0.00 M M 8.2 15 170 M M 10 21 160
17 82 73 78 M 0 13 0.00 M M 6.6 13 140 M M 7 1 22 140
18 89 71 80 M 0 15 0.00 M M 7.0 13 160 M M 6 1 17 160
19 81 70 76 M 0 11 0.00 M M 5.3 12 20 M M 9 1 22 50
20 82 60 71 M 0 6 1.79 M M 8.2 21 40 M M 10 13 32 90
21 70 53 62 M 3 0 0.08 M M 11.3 17 10 M M 6 3 28 10
22 75 50 63 M 2 0 0.00 M M 5.6 10 180 M M 2 M M
================================================================================
SM 1781 1330 7 139 3.53 M 164.3 M 113
================================================================================
AV 81.0 60.5 7.5 FASTST M M 5 MAX(MPH)
MISC ----> 25 140 48 80
================================================================================
NOTES:
# LAST OF SEVERAL OCCURRENCES
COLUMN 17 PEAK WIND IN M.P.H.
PRELIMINARY LOCAL CLIMATOLOGICAL DATA (WS FORM: F-6) , PAGE 2
STATION: GONZALES
MONTH: APRIL
YEAR: 2024
LATITUDE: 29 31 N
LONGITUDE: 97 28 W
[TEMPERATURE DATA] [PRECIPITATION DATA] SYMBOLS USED IN COLUMN 16
AVERAGE MONTHLY: 70.7 TOTAL FOR MONTH: 3.53 1 = FOG OR MIST
DPTR FM NORMAL: 0.0 DPTR FM NORMAL: 3.53 2 = FOG REDUCING VISIBILITY
HIGHEST: 89 ON 18 GRTST 24HR 1.79 ON 20-20 TO 1/4 MILE OR LESS
LOWEST: 46 ON 4, 3 3 = THUNDER
SNOW, ICE PELLETS, HAIL 4 = ICE PELLETS
TOTAL MONTH: M 5 = HAIL
GRTST 24HR M ON M 6 = FREEZING RAIN OR DRIZZLE
GRTST DEPTH: M ON M 7 = DUSTSTORM OR SANDSTORM:
VSBY 1/2 MILE OR LESS
8 = SMOKE OR HAZE
[NO. OF DAYS WITH] [WEATHER - DAYS WITH] 9 = BLOWING SNOW
X = TORNADO
MAX 32 OR BELOW: 0 0.01 INCH OR MORE: 5
MAX 90 OR ABOVE: 0 0.10 INCH OR MORE: 3
MIN 32 OR BELOW: 0 0.50 INCH OR MORE: 2
MIN 0 OR BELOW: 0 1.00 INCH OR MORE: 2
[HDD (BASE 65) ]
TOTAL THIS MO. 7 CLEAR (SCALE 0-3) 8
DPTR FM NORMAL M PTCLDY (SCALE 4-7) 8
TOTAL FM JUL 1 1099 CLOUDY (SCALE 8-10) 6
DPTR FM NORMAL M
[CDD (BASE 65) ]
TOTAL THIS MO. 139
DPTR FM NORMAL M [PRESSURE DATA]
TOTAL FM JAN 1 306 HIGHEST SLP M ON M
DPTR FM NORMAL M LOWEST SLP M ON M
[REMARKS]