000
CXUS56 KLKN 281210
CF6WMC
PRELIMINARY LOCAL CLIMATOLOGICAL DATA (WS FORM: F-6)
STATION: WINNEMUCCA AIRPORT NV
MONTH: MARCH
YEAR: 2024
LATITUDE: 40 54 N
LONGITUDE: 117 48 W
TEMPERATURE IN F: :PCPN: SNOW: WIND :SUNSHINE: SKY :PK WND
================================================================================
1 2 3 4 5 6A 6B 7 8 9 10 11 12 13 14 15 16 17 18
12Z AVG MX 2MIN
DY MAX MIN AVG DEP HDD CDD WTR SNW DPTH SPD SPD DIR MIN PSBL S-S WX SPD DR
================================================================================
1 50 41 46 6 19 0 T 0.0 0 22.7 32 200 M M 7 46 230
2 44 28 36 -4 29 0 0.16 0.5 0 15.9 35 240 M M 8 1 51 270
3 35 24 30 -10 35 0 0.22 3.0 2 12.8 21 230 M M 7 1 30 230
4 39 22 31 -9 34 0 T T 2 11.6 21 230 M M 7 1 30 240
5 51 31 41 0 24 0 T T T 12.9 21 230 M M 10 1 32 260
6 48 34 41 0 24 0 0.11 0.0 0 7.5 20 220 M M 9 1 25 210
7 45 24 35 -6 30 0 T 0.0 0 8.4 17 350 M M 5 1 26 320
8 48 18 33 -8 32 0 0.00 0.0 0 5.8 12 70 M M 0 17 30
9 57 27 42 0 23 0 0.00 0.0 0 8.4 21 250 M M 0 27 240
10 58 26 42 0 23 0 0.00 0.0 0 6.3 22 250 M M 1 29 270
11 56 33 45 3 20 0 0.12 0.0 0 10.1 24 260 M M 9 1 33 260
12 54 34 44 2 21 0 0.06 0.0 0 9.8 24 280 M M 8 34 300
13 45 25 35 -7 30 0 0.00 0.0 0 10.8 22 360 M M 5 29 330
14 52 22 37 -5 28 0 0.00 0.0 0 12.7 23 40 M M 0 36 20
15 57 32 45 2 20 0 0.00 0.0 0 14.8 26 30 M M 0 37 10
16 63 25 44 1 21 0 0.00 0.0 0 7.2 17 60 M M 0 24 70
17 66 28 47 4 18 0 0.00 0.0 0 7.6 21 30 M M 0 27 40
18 69 25 47 4 18 0 0.00 0.0 0 5.5 13 60 M M 0 18 30
19 70 23 47 4 18 0 0.00 0.0 0 3.2 13 170 M M 0 19 180
20 71 26 49 6 16 0 0.00 0.0 0 9.9 23 260 M M 0 35 250
21 66 34 50 6 15 0 0.00 0.0 0 5.9 18 240 M M 1 8 29 290
22 67 30 49 5 16 0 0.00 0.0 0 5.5 20 200 M M 2 29 230
23 51 32 42 -2 23 0 0.21 0.0 0 10.6 28 280 M M 5 1 46 290
24 50 27 39 -5 26 0 0.12 0.2 0 9.1 22 310 M M 7 1 29 320
25 52 28 40 -4 25 0 0.01 0.0 0 7.2 20 300 M M 8 8 28 270
26 53 31 42 -2 23 0 T T 0 5.3 16 280 M M 6 1 22 270
27 57 27 42 -2 23 0 0.00 0.0 0 10.9 23 150 M M 5 37 140
================================================================================
SM 1474 757 634 0 1.01 3.7 258.4 M 110
================================================================================
AV 54.6 28.0 9.6 FASTST M M 4 MAX(MPH)
MISC ----> 35 240 51 270
================================================================================
NOTES:
# LAST OF SEVERAL OCCURRENCES
COLUMN 17 PEAK WIND IN M.P.H.
PRELIMINARY LOCAL CLIMATOLOGICAL DATA (WS FORM: F-6) , PAGE 2
STATION: WINNEMUCCA AIRPORT NV
MONTH: MARCH
YEAR: 2024
LATITUDE: 40 54 N
LONGITUDE: 117 48 W
[TEMPERATURE DATA] [PRECIPITATION DATA] SYMBOLS USED IN COLUMN 16
AVERAGE MONTHLY: 41.3 TOTAL FOR MONTH: 1.01 1 = FOG OR MIST
DPTR FM NORMAL: -1.0 DPTR FM NORMAL: 0.26 2 = FOG REDUCING VISIBILITY
HIGHEST: 71 ON 20 GRTST 24HR 0.22 ON 3- 3 TO 1/4 MILE OR LESS
LOWEST: 18 ON 8 3 = THUNDER
SNOW, ICE PELLETS, HAIL 4 = ICE PELLETS
TOTAL MONTH: 3.7 INCHES 5 = HAIL
GRTST 24HR 3.0 ON 3- 3 6 = FREEZING RAIN OR DRIZZLE
GRTST DEPTH: 2 ON 4, 3 7 = DUSTSTORM OR SANDSTORM:
VSBY 1/2 MILE OR LESS
8 = SMOKE OR HAZE
[NO. OF DAYS WITH] [WEATHER - DAYS WITH] 9 = BLOWING SNOW
X = TORNADO
MAX 32 OR BELOW: 0 0.01 INCH OR MORE: 8
MAX 90 OR ABOVE: 0 0.10 INCH OR MORE: 6
MIN 32 OR BELOW: 22 0.50 INCH OR MORE: 0
MIN 0 OR BELOW: 0 1.00 INCH OR MORE: 0
[HDD (BASE 65) ]
TOTAL THIS MO. 634 CLEAR (SCALE 0-3) 12
DPTR FM NORMAL 21 PTCLDY (SCALE 4-7) 10
TOTAL FM JUL 1 4542 CLOUDY (SCALE 8-10) 5
DPTR FM NORMAL -372
[CDD (BASE 65) ]
TOTAL THIS MO. 0
DPTR FM NORMAL 0 [PRESSURE DATA]
TOTAL FM JAN 1 0 HIGHEST SLP M ON M
DPTR FM NORMAL 0 LOWEST SLP 29.36 ON 2
[REMARKS]