028
CXUS52 KRAH 091142 RRA
CLAFAY
CLIMATE REPORT
NATIONAL WEATHER SERVICE RALEIGH NC
623 AM EST SAT JAN 09 2021
...................................
...THE FAYETTEVILLE REGL AIRPORT NC CLIMATE SUMMARY FOR THE YEAR OF 2020...
CLIMATE NORMAL PERIOD 1981 TO 2010
CLIMATE RECORD PERIOD 1910 TO 2021
WEATHER OBSERVED NORMAL DEPART LAST YEAR`S
VALUE DATE(S) VALUE FROM VALUE
NORMAL
..............................................................
TEMPERATURE (F)
RECORD
HIGH 107 08/09/2007
07/22/1932
LOW 01/22/1985
01/21/1985
HIGHEST 99 07/20
LOWEST 21 12/26
AVG. MINIMUM 54.4 52.0 2.4
MEAN 64.7 63.0 1.7
DAYS MAX >= 90 65 57.1 7.9
DAYS MAX <= 32 0 0.6 -0.6
DAYS MIN <= 32 36 46.0 -10.0
DAYS MIN <= 0 0 0.0 0.0
PRECIPITATION (INCHES)
RECORD
MAXIMUM 69.12 1936
MINIMUM 29.47 2007
TOTALS 60.76 44.46 16.30
DAYS >= .01 140 MM MM
DAYS >= .10 84 MM MM
DAYS >= .50 39 MM MM
DAYS >= 1.00 18 MM MM
GREATEST
24 HR. TOTAL 5.12 11/11 TO 11/12
DEGREE DAYS
HEATING TOTAL 2167 2732 -565
COOLING TOTAL 2163 1993 170
..............................................................
WIND (MPH)
AVERAGE WIND SPEED 7.3
RESULTANT WIND SPEED/DIRECTION 1/250
HIGHEST WIND SPEED/DIRECTION 48/240 DATE 05/22
HIGHEST GUST SPEED/DIRECTION 58/210 DATE 02/07
SKY COVER
POSSIBLE SUNSHINE (PERCENT) MM
AVERAGE SKY COVER 0.37
NUMBER OF DAYS FAIR 196
NUMBER OF DAYS PC 115
NUMBER OF DAYS CLOUDY 55
AVERAGE RH (PERCENT) 69
WEATHER CONDITIONS. NUMBER OF DAYS WITH
THUNDERSTORM 53 MIXED PRECIP 0
HEAVY RAIN 44 RAIN 61
LIGHT RAIN 148 FREEZING RAIN 0
LT FREEZING RAIN 0 HAIL 0
HEAVY SNOW 0 SNOW 0
LIGHT SNOW 2 SLEET 0
FOG 182 FOG W/VIS <= 1/4 MILE 34
HAZE 26
- INDICATES NEGATIVE NUMBERS.
R INDICATES RECORD WAS SET OR TIED.
MM INDICATES DATA IS MISSING.
T INDICATES TRACE AMOUNT.
&&
THE 60.76 INCHES OF RAINFALL AT FAY RANKED AS THE THIRD WETTEST ON RECORD. THE
WETTESTYEAR ON RECORD IS 62.16 INCHES IN 1936.
$$