000
CXUS53 KSGF 010631
CLMVIH
CLIMATE REPORT
NATIONAL WEATHER SERVICE
131 AM CDT MON APR 01 2024
...................................
...THE VICHY-ROLLA MO CLIMATE SUMMARY FOR THE MONTH OF MARCH 2024...
CLIMATE NORMAL PERIOD: 1991 TO 2020
CLIMATE RECORD PERIOD: 1888 TO 2024
WEATHER OBSERVED NORMAL DEPART LAST YEAR`S
VALUE DATE(S) VALUE FROM VALUE
NORMAL
..............................................................
TEMPERATURE (F)
RECORD
HIGH 85 03/10/1955
03/21/1904
LOW -7 03/05/1960
HIGHEST 79 03/03 MM MM 76
03/13
03/14
LOWEST 20 03/18 MM MM 17
AVG. MAXIMUM 63.5 56.3 7.2 53.8
AVG. MINIMUM 39.1 34.9 4.2
MEAN 51.3 45.6 5.7
DAYS MAX >= 90 0 0.0 0.0
DAYS MAX <= 32 0 0.9 -0.9
DAYS MIN <= 32 6 13.2 -7.2
DAYS MIN <= 0 0 0.1 -0.1
PRECIPITATION (INCHES)
RECORD
MAXIMUM 9.91 2008
MINIMUM 0.71 2014
TOTALS 4.20 3.40 0.80 6.51
DAILY AVG. 0.14 0.11 0.03
DAYS >= .01 8 11.0 -3.0
DAYS >= .10 4 6.2 -2.2
DAYS >= .50 2 2.2 -0.2
DAYS >= 1.00 2 0.8 1.2
GREATEST
24 HR. TOTAL 2.30 03/25 TO 03/26 2.49
DEGREE DAYS
HEATING TOTAL 426 606 -180 614
SINCE 7/1 3483 4304 -821 MM
COOLING TOTAL 9 5 4 0
SINCE 1/1 9 5 4 MM
FREEZE DATES
RECORD
EARLIEST MM
LATEST MM
EARLIEST 10/30
LATEST 04/24
..............................................................
WIND (MPH)
AVERAGE WIND SPEED 11.1
RESULTANT WIND SPEED/DIRECTION 4/200
HIGHEST WIND SPEED/DIRECTION 30/300 DATE 03/14
HIGHEST GUST SPEED/DIRECTION 46/310 DATE 03/14
SKY COVER
POSSIBLE SUNSHINE (PERCENT) MM
AVERAGE SKY COVER 0.33
NUMBER OF DAYS FAIR 16
NUMBER OF DAYS PC 10
NUMBER OF DAYS CLOUDY 5
AVERAGE RH (PERCENT) 62
WEATHER CONDITIONS. NUMBER OF DAYS WITH
THUNDERSTORM 3 MIXED PRECIP 0
HEAVY RAIN 2 RAIN 4
LIGHT RAIN 8 FREEZING RAIN 0
LT FREEZING RAIN 0 HAIL 0
HEAVY SNOW 0 SNOW 0
LIGHT SNOW 2 SLEET 0
FOG 12 FOG W/VIS <= 1/4 MILE 1
HAZE 1
- INDICATES NEGATIVE NUMBERS.
R INDICATES RECORD WAS SET OR TIED.
MM INDICATES DATA IS MISSING.
T INDICATES TRACE AMOUNT.
$$