000
CXUS51 KPBZ 011640
CLSHLG
CLIMATE REPORT
NATIONAL WEATHER SERVICE PITTSBURGH PA
1140 AM EST FRI MAR 01 2024
...................................
...THE WHEELING WV CLIMATE SUMMARY FOR THE SEASON, FROM
12/1/2023 TO 2/29/2024...
CLIMATE NORMAL PERIOD 1991 TO 2020
CLIMATE RECORD PERIOD 1878 TO 2024
WEATHER OBSERVED NORMAL DEPART LAST YEAR`S
VALUE DATE(S) VALUE FROM VALUE DATE(S)
NORMAL
................................................................
TEMPERATURE (F)
RECORD
HIGH 78 02/20/2018
LOW -26 02/27/1934
HIGHEST 68 02/27 68 0 73 02/09
02/15
LOWEST 7 01/17 1 6 -4 12/23
AVG. MAXIMUM 45.9 39.4 6.5 46.4
AVG. MINIMUM 31.1 24.8 6.3 31.0
MEAN 38.5 32.1 6.4 38.7
DAYS MAX >= 90 0 0.0 0.0 0
DAYS MAX <= 32 10 29.0 -19.0 10
DAYS MIN <= 32 54 70.5 -16.5 51
DAYS MIN <= 0 0 1.8 -1.8 2
PRECIPITATION (INCHES)
RECORD
MAXIMUM 15.10 1882
MINIMUM 4.00
TOTALS 7.55 7.52 4.96
DAILY AVG. 0.08 NAN NAN 0.06
DAYS >= .01 35 37.1 -2.1 32
DAYS >= .10 13 17.2 -4.2 12
DAYS >= .50 5 4.7 0.3 2
DAYS >= 1.00 2 0.9 1.1 0
GREATEST
24 HR. TOTAL 1.21
STORM TOTAL 1.21
(MM/DD(HH))
DEGREE DAYS
HEATING TOTAL 2396 2963 -567 2355
SINCE 7/1 3350 4119 -769 MM
COOLING TOTAL 0 0 0 0
SINCE 1/1 0 0 0 MM
................................................................
WIND (MPH)
AVERAGE WIND SPEED 8.2
HIGHEST WIND SPEED/DIRECTION 38/240 DATE 01/09
HIGHEST GUST SPEED/DIRECTION 57/240 DATE 01/09
AVERAGE RH (PERCENT) 65
WEATHER CONDITIONS. NUMBER OF DAYS WITH
THUNDERSTORM 4 MIXED PRECIP 0
HEAVY RAIN 6 RAIN 16
LIGHT RAIN 34 FREEZING RAIN 0
LT FREEZING RAIN 0 HAIL 0
HEAVY SNOW 1 SNOW 7
LIGHT SNOW 25 SLEET 0
FOG 42 FOG W/VIS <= 1/4 MILE 9
HAZE 9
- INDICATES NEGATIVE NUMBERS.
R INDICATES RECORD WAS SET OR TIED.
MM INDICATES DATA IS MISSING.
T INDICATES TRACE AMOUNT.
$$