000
CXUS54 KFWD 010730
CF60F2
PRELIMINARY LOCAL CLIMATOLOGICAL DATA (WS FORM: F-6)
STATION: BOWIE
MONTH: JULY
YEAR: 2023
LATITUDE: 33 36 N
LONGITUDE: 97 47 W
TEMPERATURE IN F: :PCPN: SNOW: WIND :SUNSHINE: SKY :PK WND
================================================================================
1 2 3 4 5 6A 6B 7 8 9 10 11 12 13 14 15 16 17 18
12Z AVG MX 2MIN
DY MAX MIN AVG DEP HDD CDD WTR SNW DPTH SPD SPD DIR MIN PSBL S-S WX SPD DR
================================================================================
1 84 68 76 -5 0 11 0.07 M M 5.3 17 260 M M 2 28 160
2 96 66 81 0 0 16 0.00 M M 2.3 7 150 M M 2 M M
3 99 70 85 4 0 20 0.15 M M 5.6 17 200 M M 2 22 200
4 95 68 82 1 0 17 0.00 M M 6.6 13 130 M M 0 22 180
5 98 74 86 5 0 21 0.00 M M 6.8 12 100 M M 0 18 80
6 94 69 82 1 0 17 0.16 M M 4.9 18 330 M M 2 26 330
7 94 73 84 3 0 19 0.00 M M 6.8 16 170 M M 0 24 170
8 96 77 87 5 0 22 0.00 M M 4.9 10 110 M M 2 18 280
9 87 69 78 -4 0 13 0.21 M M 6.0 16 330 M M 3 33 330
10 96 74 85 3 0 20 0.00 M M 4.5 9 130 M M 4 16 110
11 96 71 84 2 0 19 0.13 M M 7.8 13 80 M M 1 23 70
12 106 76 91 9 0 26 0.00 M M 8.8 17 180 M M 0 8 23 200
13 107 82 95 13 0 30 0.00 M M 8.7 14 200 M M 0 23 200
14 102 79 91 9 0 26 0.00 M M 5.7 13 30 M M 1 17 160
15 90 76 83 1 0 18 0.00 M M 4.7 13 10 M M 1 18 350
16 91 71 81 -1 0 16 0.50 M M 3.8 7 200 M M 1 3 36 260
17 104 72 88 6 0 23 0.00 M M 4.9 10 240 M M 0 16 270
18 106 78 92 10 0 27 0.00 M M 9.3 17 190 M M 0 24 200
19 105 79 92 10 0 27 0.00 M M 8.7 15 190 M M 0 24 210
20 103 79 91 9 0 26 0.00 M M 5.2 9 100 M M 0 16 190
21 94 73 84 1 0 19 0.00 M M 4.6 10 30 M M 0 23 310
22 92 68 80 -3 0 15 0.00 M M 3.2 9 30 M M 0 M M
23 98 61 80 -3 0 15 0.00 M M 1.8 6 140 M M 0 M M
24 103 67 85 2 0 20 0.00 M M 4.6 8 110 M M 0 16 120
25 104 70 87 4 0 22 0.00 M M 6.4 12 170 M M 0 17 210
26 101 75 88 5 0 23 0.00 M M 7.5 17 190 M M 0 23 190
27 102 76 89 6 0 24 0.00 M M 6.1 12 160 M M 0 21 140
28 101 73 87 4 0 22 0.00 M M 6.8 14 190 M M 0 22 180
29 102 71 87 4 0 22 0.00 M M 3.6 8 220 M M 0 18 170
30 104 69 87 4 0 22 0.00 M M 3.1 9 130 M M 0 17 190
31 105 73 89 6 0 24 0.00 M M 3.8 10 230 M M 0 8 21 180
================================================================================
SM 3055 2247 0 642 1.22 M 172.7 M 21
================================================================================
AV 98.5 72.5 5.6 FASTST M M 1 MAX(MPH)
MISC ----> 18 330 36 260
================================================================================
NOTES:
# LAST OF SEVERAL OCCURRENCES
COLUMN 17 PEAK WIND IN M.P.H.
PRELIMINARY LOCAL CLIMATOLOGICAL DATA (WS FORM: F-6) , PAGE 2
STATION: BOWIE
MONTH: JULY
YEAR: 2023
LATITUDE: 33 36 N
LONGITUDE: 97 47 W
[TEMPERATURE DATA] [PRECIPITATION DATA] SYMBOLS USED IN COLUMN 16
AVERAGE MONTHLY: 85.5 TOTAL FOR MONTH: 1.22 1 = FOG OR MIST
DPTR FM NORMAL: 3.4 DPTR FM NORMAL: -0.76 2 = FOG REDUCING VISIBILITY
HIGHEST: 107 ON 13 GRTST 24HR 0.50 ON 16-16 TO 1/4 MILE OR LESS
LOWEST: 61 ON 23 3 = THUNDER
SNOW, ICE PELLETS, HAIL 4 = ICE PELLETS
TOTAL MONTH: M 5 = HAIL
GRTST 24HR M ON M 6 = FREEZING RAIN OR DRIZZLE
GRTST DEPTH: M ON M 7 = DUSTSTORM OR SANDSTORM:
VSBY 1/2 MILE OR LESS
8 = SMOKE OR HAZE
[NO. OF DAYS WITH] [WEATHER - DAYS WITH] 9 = BLOWING SNOW
X = TORNADO
MAX 32 OR BELOW: 0 0.01 INCH OR MORE: 6
MAX 90 OR ABOVE: 29 0.10 INCH OR MORE: 5
MIN 32 OR BELOW: 0 0.50 INCH OR MORE: 1
MIN 0 OR BELOW: 0 1.00 INCH OR MORE: 0
[HDD (BASE 65) ]
TOTAL THIS MO. 0 CLEAR (SCALE 0-3) 29
DPTR FM NORMAL 0 PTCLDY (SCALE 4-7) 2
TOTAL FM JUL 1 0 CLOUDY (SCALE 8-10) 0
DPTR FM NORMAL 0
[CDD (BASE 65) ]
TOTAL THIS MO. 642
DPTR FM NORMAL 112 [PRESSURE DATA]
TOTAL FM JAN 1 1394 HIGHEST SLP M ON M
DPTR FM NORMAL 239 LOWEST SLP M ON M
[REMARKS]
#FINAL-07-23#