000
CXUS51 KBTV 010700
CF61V4
PRELIMINARY LOCAL CLIMATOLOGICAL DATA (WS FORM: F-6)
STATION: SAINT JOHNSBURY VT ASOS
MONTH: SEPTEMBER
YEAR: 2023
LATITUDE: 44 25 N
LONGITUDE: 72 1 W
TEMPERATURE IN F: :PCPN: SNOW: WIND :SUNSHINE: SKY :PK WND
================================================================================
1 2 3 4 5 6A 6B 7 8 9 10 11 12 13 14 15 16 17 18
12Z AVG MX 2MIN
DY MAX MIN AVG DEP HDD CDD WTR SNW DPTH SPD SPD DIR MIN PSBL S-S WX SPD DR
================================================================================
1 76 47 62 -2 3 0 0.00 M M M M M M M 0 M M
2 78 52 65 2 0 0 0.00 M M M M M M M 0 M M
3 83 58 71 8 0 6 0.00 M M M M M M M 0 M M
4 87 62 75 12 0 10 0.00 M M M M M M M 0 M M
5 90 66 78 15 0 13 0.00 M M M M M M M 0 M M
6 90 67 79 17 0 14 0.00 M M M M M M M 0 M M
7 90 68 79 17 0 14 0.45 M M M M M M M 0 M M
8 86 68 77 15 0 12 0.42 M M M M M M M 0 M M
9 77 64 71 10 0 6 0.00 M M M M M M M 0 M M
10 74 65 70 9 0 5 0.03 M M M M M M M 0 M M
11 75 65 70 9 0 5 0.30 M M M M M M M 0 M M
12 80 64 72 12 0 7 0.00 M M M M M M M 0 M M
13 72 63 68 8 0 3 0.32 M M M M M M M 0 M M
14 72 55 64 4 1 0 0.00 M M M M M M M 0 M M
15 68 54 61 2 4 0 0.00 M M M M M M M 0 M M
16 70 52 61 2 4 0 0.00 M M M M M M M 0 M M
17 74 46 60 2 5 0 0.00 M M M M M M M 0 M M
18 63 58 61 3 4 0 1.00 M M M M M M M 0 M M
19 67 60 64 6 1 0 0.11 M M M M M M M 0 M M
20 70 50 60 3 5 0 0.00 M M M M M M M 0 M M
21 71 46 59 2 6 0 0.00 M M M M M M M 0 M M
22 72 47 60 4 5 0 0.00 M M M M M M M 0 M M
23 67 51 59 3 6 0 0.00 M M M M M M M 0 M M
24 67 53 60 4 5 0 0.00 M M M M M M M 0 M M
25 73 48 61 6 4 0 0.00 M M M M M M M 0 M M
26 70 42 56 1 9 0 0.00 M M M M M M M 0 M M
27 71 41 56 2 9 0 0.00 M M M M M M M 0 M M
28 68 48 58 4 7 0 0.00 M M M M M M M 0 M M
29 62 48 55 1 10 0 0.00 M M M M M M M 0 M M
30 77 52 65 12 0 0 0.00 M M M M M M M 0 M M
================================================================================
SM 2240 1660 88 95 2.63 M M M 0
================================================================================
AV 74.7 55.3 M FASTST M M 0 MAX(MPH)
MISC ----> M M M M
================================================================================
NOTES:
# LAST OF SEVERAL OCCURRENCES
COLUMN 17 PEAK WIND IN M.P.H.
PRELIMINARY LOCAL CLIMATOLOGICAL DATA (WS FORM: F-6) , PAGE 2
STATION: SAINT JOHNSBURY VT ASOS
MONTH: SEPTEMBER
YEAR: 2023
LATITUDE: 44 25 N
LONGITUDE: 72 1 W
[TEMPERATURE DATA] [PRECIPITATION DATA] SYMBOLS USED IN COLUMN 16
AVERAGE MONTHLY: 65.0 TOTAL FOR MONTH: 2.63 1 = FOG OR MIST
DPTR FM NORMAL: 6.2 DPTR FM NORMAL: -0.69 2 = FOG REDUCING VISIBILITY
HIGHEST: 90 ON 7, 6 GRTST 24HR 1.00 ON 18-18 TO 1/4 MILE OR LESS
LOWEST: 41 ON 27 3 = THUNDER
SNOW, ICE PELLETS, HAIL 4 = ICE PELLETS
TOTAL MONTH: M 5 = HAIL
GRTST 24HR M ON M 6 = FREEZING RAIN OR DRIZZLE
GRTST DEPTH: M ON M 7 = DUSTSTORM OR SANDSTORM:
VSBY 1/2 MILE OR LESS
8 = SMOKE OR HAZE
[NO. OF DAYS WITH] [WEATHER - DAYS WITH] 9 = BLOWING SNOW
X = TORNADO
MAX 32 OR BELOW: 0 0.01 INCH OR MORE: 7
MAX 90 OR ABOVE: 3 0.10 INCH OR MORE: 6
MIN 32 OR BELOW: 0 0.50 INCH OR MORE: 1
MIN 0 OR BELOW: 0 1.00 INCH OR MORE: 1
[HDD (BASE 65) ]
TOTAL THIS MO. 88 CLEAR (SCALE 0-3) 30
DPTR FM NORMAL -126 PTCLDY (SCALE 4-7) 0
TOTAL FM JUL 1 104 CLOUDY (SCALE 8-10) 0
DPTR FM NORMAL -177
[CDD (BASE 65) ]
TOTAL THIS MO. 95
DPTR FM NORMAL 67 [PRESSURE DATA]
TOTAL FM JAN 1 511 HIGHEST SLP M ON M
DPTR FM NORMAL 182 LOWEST SLP M ON M
[REMARKS]
#FINAL-09-23#