000
CXUS53 KUNR 011030
CF62WX
PRELIMINARY LOCAL CLIMATOLOGICAL DATA (WS FORM: F-6)
STATION: BUFFALO SD
MONTH: DECEMBER
YEAR: 2020
LATITUDE: 45 35 N
LONGITUDE: 103 33 W
TEMPERATURE IN F: :PCPN: SNOW: WIND :SUNSHINE: SKY :PK WND
================================================================================
1 2 3 4 5 6A 6B 7 8 9 10 11 12 13 14 15 16 17 18
12Z AVG MX 2MIN
DY MAX MIN AVG DEP HDD CDD WTR SNW DPTH SPD SPD DIR MIN PSBL S-S WX SPD DR
================================================================================
1 42 29 36 12 29 0 0.00 M M 27.2 40 310 M M M 53 320
2 37 17 27 3 38 0 0.00 M M 14.0 23 310 M M M 30 300
3 51 20 36 12 29 0 0.00 M M 13.0 22 300 M M M 27 300
4 55 28 42 19 23 0 0.00 M M 17.8 38 300 M M M 47 290
5 56 24 40 17 25 0 0.00 M M 10.2 20 300 M M M 24 290
6 62 26 44 22 21 0 0.00 M M 8.1 20 290 M M M 24 290
7 56 25 41 19 24 0 0.00 M M 14.3 25 290 M M M 33 280
8 63 36 50 28 15 0 0.00 M M 14.5 30 290 M M M 37 290
9 66 34 50 28 15 0 0.00 M M 13.1 38 320 M M M 47 310
10 35 21 28 6 37 0 0.00 M M 12.3 32 320 M M M 41 320
11 31 14 23 2 42 0 0.00 M M 4.4 10 70 M M M 13 50
12 23 17 20 -1 45 0 0.00 M M 8.8 16 290 M M M 20 290
13 25 7 16 -5 49 0 0.00 M M 14.5 30 340 M M M 38 340
14 19 6 13 -8 52 0 0.00 M M 9.5 18 150 M M M 23 150
15 39 9 24 3 41 0 0.00 M M 8.1 18 320 M M M 22 310
16 46 24 35 15 30 0 0.00 M M 16.1 35 290 M M M 43 280
17 37 21 29 9 36 0 0.00 M M 7.5 14 140 M M M 18 160
18 40 20 30 10 35 0 0.00 M M 17.1 36 320 M M M 45 310
19 51 19 35 15 30 0 0.00 M M 14.0 35 280 M M M 43 280
20 57 25 41 21 24 0 0.00 M M 22.1 58 310 M M M 79 310
21 47 27 37 17 28 0 0.00 M M 9.5 23 290 M M M 28 290
22 62 19 41 21 24 0 0.00 M M 18.9 51 320 M M M 63 310
23 24 11 18 -2 47 0 0.00 M M 24.8 45 320 M M M 60 320
24 49 18 34 14 31 0 0.00 M M 18.6 31 300 M M M 41 300
25 51 28 40 20 25 0 0.00 M M 11.4 26 290 M M M 33 300
26 52 18 35 15 30 0 0.00 M M 9.1 23 290 M M M 28 280
27 38 7 23 3 42 0 0.00 M M 14.1 31 310 M M M 37 320
28 31 8 20 0 45 0 0.00 M M 10.3 21 300 M M M 26 300
29 32 15 24 4 41 0 0.00 M M 14.9 37 320 M M M 45 310
30 38 7 23 3 42 0 0.00 M M 10.5 21 270 M M M 25 270
31 47 22 35 15 30 0 0.00 M M 9.7 24 300 M M M 28 290
================================================================================
SM 1362 602 1025 0 0.00 M 418.4 M M
================================================================================
AV 43.9 19.4 13.5 FASTST M M M MAX(MPH)
MISC ----> 58 310 79 310
================================================================================
NOTES:
# LAST OF SEVERAL OCCURRENCES
COLUMN 17 PEAK WIND IN M.P.H.
PRELIMINARY LOCAL CLIMATOLOGICAL DATA (WS FORM: F-6) , PAGE 2
STATION: BUFFALO SD
MONTH: DECEMBER
YEAR: 2020
LATITUDE: 45 35 N
LONGITUDE: 103 33 W
[TEMPERATURE DATA] [PRECIPITATION DATA] SYMBOLS USED IN COLUMN 16
AVERAGE MONTHLY: 31.7 TOTAL FOR MONTH: 0.00 1 = FOG OR MIST
DPTR FM NORMAL: 10.7 DPTR FM NORMAL: -0.29 2 = FOG REDUCING VISIBILITY
HIGHEST: 66 ON 9 GRTST 24HR 0.00 ON 1- 1 TO 1/4 MILE OR LESS
LOWEST: 6 ON 14 3 = THUNDER
SNOW, ICE PELLETS, HAIL 4 = ICE PELLETS
TOTAL MONTH: M 5 = HAIL
GRTST 24HR M ON M 6 = FREEZING RAIN OR DRIZZLE
GRTST DEPTH: M ON M 7 = DUSTSTORM OR SANDSTORM:
VSBY 1/2 MILE OR LESS
8 = SMOKE OR HAZE
[NO. OF DAYS WITH] [WEATHER - DAYS WITH] 9 = BLOWING SNOW
X = TORNADO
MAX 32 OR BELOW: 7 0.01 INCH OR MORE: 0
MAX 90 OR ABOVE: 0 0.10 INCH OR MORE: 0
MIN 32 OR BELOW: 29 0.50 INCH OR MORE: 0
MIN 0 OR BELOW: 0 1.00 INCH OR MORE: 0
[HDD (BASE 65) ]
TOTAL THIS MO. 1025 CLEAR (SCALE 0-3) 0
DPTR FM NORMAL -337 PTCLDY (SCALE 4-7) 0
TOTAL FM JUL 1 2720 CLOUDY (SCALE 8-10) 31
DPTR FM NORMAL -541
[CDD (BASE 65) ]
TOTAL THIS MO. 0
DPTR FM NORMAL 0 [PRESSURE DATA]
TOTAL FM JAN 1 738 HIGHEST SLP 30.62 ON 2
DPTR FM NORMAL 225 LOWEST SLP 29.28 ON 22
[REMARKS]
#FINAL-12-20#