949
CXUS53 KUNR 010945
CF62WX
PRELIMINARY LOCAL CLIMATOLOGICAL DATA (WS FORM: F-6)
STATION: BUFFALO SD
MONTH: APRIL
YEAR: 2020
LATITUDE: 45 35 N
LONGITUDE: 103 33 W
TEMPERATURE IN F: :PCPN: SNOW: WIND :SUNSHINE: SKY :PK WND
================================================================================
1 2 3 4 5 6A 6B 7 8 9 10 11 12 13 14 15 16 17 18
12Z AVG MX 2MIN
DY MAX MIN AVG DEP HDD CDD WTR SNW DPTH SPD SPD DIR MIN PSBL S-S WX SPD DR
================================================================================
1 37 16 27 -11 38 0 0.00 M M 20.4 32 320 M M M 40 320
2 16 9 13 -25 52 0 0.06 M M 20.5 32 330 M M M 40 340
3 27 -1 13 -26 52 0 0.00 M M 10.1 22 160 M M M 29 160
4 53 14 34 -5 31 0 0.00 M M 9.8 18 260 M M M 23 300
5 57 26 42 2 23 0 0.00 M M 12.0 20 90 M M M 30 140
6 70 27 49 9 16 0 0.00 M M 10.2 22 320 M M M 32 310
7 68 33 51 11 14 0 0.00 M M 14.1 35 290 M M M 43 290
8 47 26 37 -4 28 0 0.00 M M 23.0 38 300 M M M 52 290
9 43 23 33 -8 32 0 0.00 M M 14.4 30 330 M M M 40 310
10 63 23 43 2 22 0 0.00 M M 9.1 22 310 M M M 28 320
11 48 25 37 -5 28 0 0.14 M M 17.4 32 50 M M M 41 40
12 27 17 22 -20 43 0 0.00 M M 18.4 32 300 M M M 40 300
13 24 11 18 -24 47 0 0.01 M M 19.5 36 310 M M M 44 300
14 39 11 25 -18 40 0 0.00 M M 12.7 33 310 M M M 42 300
15 41 23 32 -11 33 0 0.06 M M 10.5 24 40 M M M 30 50
16 41 18 30 -14 35 0 0.00 M M 10.9 24 320 M M M 31 320
17 58 20 39 -5 26 0 0.00 M M 15.0 29 250 M M M 38 250
18 54 36 45 1 20 0 0.00 M M 14.7 25 340 M M M 32 340
19 55 31 43 -2 22 0 0.00 M M 11.1 25 290 M M M 33 290
20 64 37 51 6 14 0 0.00 M M 18.7 37 300 M M M 48 310
21 74 35 55 10 10 0 0.00 M M 14.4 30 280 M M M 45 290
22 73 41 57 11 8 0 0.00 M M 15.0 28 290 M M M 38 290
23 59 42 51 5 14 0 0.07 M M 11.8 30 280 M M M 39 280
24 61 37 49 3 16 0 0.17 M M 11.7 35 320 M M M 46 300
25 63 33 48 1 17 0 0.00 M M 12.1 21 340 M M M 31 330
26 70 41 56 9 9 0 0.00 M M 12.0 30 320 M M M 37 320
27 75 42 59 11 6 0 0.07 M M 7.8 33 290 M M M 45 280
28 64 42 53 5 12 0 0.00 M M 30.3 53 310 M M M 66 300
29 72 30 51 3 14 0 0.00 M M 8.5 17 150 M M M 23 160
30 82 46 64 16 1 0 0.00 M M 10.7 20 290 M M M 24 290
================================================================================
SM 1625 814 723 0 0.58 M 426.8 M M
================================================================================
AV 54.2 27.1 14.2 FASTST M M 0 MAX(MPH)
MISC ----> # 53 310 # 66 300
================================================================================
NOTES:
# LAST OF SEVERAL OCCURRENCES
COLUMN 17 PEAK WIND IN M.P.H.
PRELIMINARY LOCAL CLIMATOLOGICAL DATA (WS FORM: F-6) , PAGE 2
STATION: BUFFALO SD
MONTH: APRIL
YEAR: 2020
LATITUDE: 45 35 N
LONGITUDE: 103 33 W
[TEMPERATURE DATA] [PRECIPITATION DATA] SYMBOLS USED IN COLUMN 16
AVERAGE MONTHLY: 40.7 TOTAL FOR MONTH: 0.58 1 = FOG OR MIST
DPTR FM NORMAL: -2.6 DPTR FM NORMAL: -0.97 2 = FOG REDUCING VISIBILITY
HIGHEST: 82 ON 30 GRTST 24HR 0.17 ON 24-24 TO 1/4 MILE OR LESS
LOWEST: -1 ON 3 3 = THUNDER
SNOW, ICE PELLETS, HAIL 4 = ICE PELLETS
TOTAL MONTH: M 5 = HAIL
GRTST 24HR M ON M 6 = FREEZING RAIN OR DRIZZLE
GRTST DEPTH: M ON M 7 = DUSTSTORM OR SANDSTORM:
VSBY 1/2 MILE OR LESS
8 = SMOKE OR HAZE
[NO. OF DAYS WITH] [WEATHER - DAYS WITH] 9 = BLOWING SNOW
X = TORNADO
MAX 32 OR BELOW: 4 0.01 INCH OR MORE: 7
MAX 90 OR ABOVE: 0 0.10 INCH OR MORE: 2
MIN 32 OR BELOW: 18 0.50 INCH OR MORE: 0
MIN 0 OR BELOW: 1 1.00 INCH OR MORE: 0
[HDD (BASE 65) ]
TOTAL THIS MO. 723 CLEAR (SCALE 0-3) 0
DPTR FM NORMAL 73 PTCLDY (SCALE 4-7) 0
TOTAL FM JUL 1 7054 CLOUDY (SCALE 8-10) 0
DPTR FM NORMAL -399
[CDD (BASE 65) ]
TOTAL THIS MO. 0
DPTR FM NORMAL 0 [PRESSURE DATA]
TOTAL FM JAN 1 0 HIGHEST SLP 30.43 ON 3
DPTR FM NORMAL 0 LOWEST SLP 29.56 ON 6
[REMARKS]
#FINAL-04-20#