000
CXUS54 KEWX 011010
CF63T5
PRELIMINARY LOCAL CLIMATOLOGICAL DATA (WS FORM: F-6)
STATION: LA GRANGE
MONTH: JULY
YEAR: 2023
LATITUDE: 29 54 N
LONGITUDE: 96 57 W
TEMPERATURE IN F: :PCPN: SNOW: WIND :SUNSHINE: SKY :PK WND
================================================================================
1 2 3 4 5 6A 6B 7 8 9 10 11 12 13 14 15 16 17 18
12Z AVG MX 2MIN
DY MAX MIN AVG DEP HDD CDD WTR SNW DPTH SPD SPD DIR MIN PSBL S-S WX SPD DR
================================================================================
1 98 74 86 M 0 21 0.00 M M 4.9 12 210 M M 2 17 170
2 95 78 87 M 0 22 0.00 M M 4.0 9 240 M M 6 M M
3 97 76 87 M 0 22 T M M 4.5 9 200 M M 5 18 99
4 91 76 84 M 0 19 T M M 4.7 9 160 M M 6 M M
5 93 76 85 M 0 20 T M M 6.1 12 90 M M 7 1 M M
6 89 76 83 M 0 18 T M M 6.3 18 160 M M 5 1 20 180
7 91 74 83 M 0 18 T M M 6.8 14 190 M M 5 20 170
8 98 76 87 M 0 22 T M M 6.8 13 150 M M 4 22 150
9 99 80 90 M 0 25 T M M 10.1 14 190 M M 4 18 210
10 101 78 90 M 0 25 T M M 8.5 15 180 M M 2 18 200
11 101 79 90 M 0 25 0.00 M M 10.0 16 160 M M 2 22 160
12 103 81 92 M 0 27 0.00 M M 12.5 17 170 M M 3 25 170
13 103 79 91 M 0 26 T M M 11.0 16 160 M M 3 8 25 180
14 102 80 91 M 0 26 T M M 10.6 17 180 M M 3 1 31 160
15 102 79 91 M 0 26 0.00 M M 7.8 14 190 M M 2 1 18 220
16 102 79 91 M 0 26 0.00 M M 7.3 12 180 M M 3 18 220
17 101 77 89 M 0 24 T M M 7.8 13 170 M M 2 17 190
18 102 80 91 M 0 26 0.00 M M 9.2 16 150 M M 2 21 150
19 102 79 91 M 0 26 0.00 M M 9.9 16 160 M M 3 20 200
20 101 80 91 M 0 26 0.00 M M 7.2 12 160 M M 3 21 120
21 100 77 89 M 0 24 0.00 M M 5.8 9 200 M M 3 20 140
22 102 78 90 M 0 25 T M M 4.7 9 360 M M 3 M M
23 101 76 89 M 0 24 0.00 M M 4.6 9 180 M M 1 8 M M
24 100 73 87 M 0 22 0.00 M M 4.5 12 160 M M 2 M M
25 100 74 87 M 0 22 0.00 M M 6.1 12 160 M M 1 18 18 160
26 99 75 87 M 0 22 0.00 M M 6.6 12 150 M M 2 1 18 150
27 100 76 88 M 0 23 0.00 M M 5.5 10 170 M M 2 1 M M
28 98 73 86 M 0 21 0.00 M M 4.4 12 150 M M 1 M M
29 99 74 87 M 0 22 0.00 M M 4.9 10 170 M M 1 M M
30 100 74 87 M 0 22 0.00 M M 4.4 9 170 M M 1 M M
31 103 76 90 M 0 25 0.00 M M 5.3 12 150 M M 0 18 99
================================================================================
SM 3073 2383 0 722 T M 212.7 M 89
================================================================================
AV 99.1 76.9 6.9 FASTST M M 3 MAX(MPH)
MISC ----> 18 160 31 160
================================================================================
NOTES:
# LAST OF SEVERAL OCCURRENCES
COLUMN 17 PEAK WIND IN M.P.H.
PRELIMINARY LOCAL CLIMATOLOGICAL DATA (WS FORM: F-6) , PAGE 2
STATION: LA GRANGE
MONTH: JULY
YEAR: 2023
LATITUDE: 29 54 N
LONGITUDE: 96 57 W
[TEMPERATURE DATA] [PRECIPITATION DATA] SYMBOLS USED IN COLUMN 16
AVERAGE MONTHLY: 88.0 TOTAL FOR MONTH: T 1 = FOG OR MIST
DPTR FM NORMAL: 0.0 DPTR FM NORMAL: M 2 = FOG REDUCING VISIBILITY
HIGHEST: 103 ON 31,13 GRTST 24HR T ON 3- 3 TO 1/4 MILE OR LESS
LOWEST: 73 ON 28,24 3 = THUNDER
SNOW, ICE PELLETS, HAIL 4 = ICE PELLETS
TOTAL MONTH: M 5 = HAIL
GRTST 24HR M ON M 6 = FREEZING RAIN OR DRIZZLE
GRTST DEPTH: M ON M 7 = DUSTSTORM OR SANDSTORM:
VSBY 1/2 MILE OR LESS
8 = SMOKE OR HAZE
[NO. OF DAYS WITH] [WEATHER - DAYS WITH] 9 = BLOWING SNOW
X = TORNADO
MAX 32 OR BELOW: 0 0.01 INCH OR MORE: 0
MAX 90 OR ABOVE: 30 0.10 INCH OR MORE: 0
MIN 32 OR BELOW: 0 0.50 INCH OR MORE: 0
MIN 0 OR BELOW: 0 1.00 INCH OR MORE: 0
[HDD (BASE 65) ]
TOTAL THIS MO. 0 CLEAR (SCALE 0-3) 19
DPTR FM NORMAL M PTCLDY (SCALE 4-7) 12
TOTAL FM JUL 1 0 CLOUDY (SCALE 8-10) 0
DPTR FM NORMAL M
[CDD (BASE 65) ]
TOTAL THIS MO. 722
DPTR FM NORMAL M [PRESSURE DATA]
TOTAL FM JAN 1 1962 HIGHEST SLP M ON M
DPTR FM NORMAL M LOWEST SLP M ON M
[REMARKS]
#FINAL-07-23#