000
CXUS54 KEWX 051820
CF63T5
PRELIMINARY LOCAL CLIMATOLOGICAL DATA (WS FORM: F-6)
STATION: LA GRANGE
MONTH: JULY
YEAR: 2022
LATITUDE: 29 54 N
LONGITUDE: 96 57 W
TEMPERATURE IN F: :PCPN: SNOW: WIND :SUNSHINE: SKY :PK WND
================================================================================
1 2 3 4 5 6A 6B 7 8 9 10 11 12 13 14 15 16 17 18
12Z AVG MX 2MIN
DY MAX MIN AVG DEP HDD CDD WTR SNW DPTH SPD SPD DIR MIN PSBL S-S WX SPD DR
================================================================================
1 95 76 86 M 0 21 0.00 M M 2.9 8 120 M M 5 M M
2 100 78 89 M 0 24 0.00 M M 6.3 13 130 M M 4 18 18 130
3 100 78 89 M 0 24 0.00 M M 6.4 14 170 M M 3 1 18 170
4 101 76 89 M 0 24 0.00 M M 7.2 14 160 M M 2 1 20 160
5 100 76 88 M 0 23 0.00 M M 6.6 13 190 M M 3 1 18 160
6 101 75 88 M 0 23 0.00 M M 6.3 14 160 M M 2 1 20 150
7 101 75 88 M 0 23 0.00 0.0 M 6.3 14 170 M M 2 20 150
8 101 75 88 M 0 23 0.00 0.0 M 5.6 13 180 M M 3 18 210
9 103 77 90 M 0 25 0.00 M M 4.1 9 200 M M 1 M M
10 106 77 92 M 0 27 0.00 M M 5.0 14 180 M M 2 23 120
11 105 76 91 M 0 26 0.04 M M 6.7 13 190 M M 1 21 160
12 103 76 90 M 0 25 0.28 0.0 M 5.2 12 170 M M 1 17 140
13 102 78 90 M 0 25 0.00 0.0 M 4.4 12 150 M M 1 1 18 150
14 99 76 88 M 0 23 0.00 M M 4.7 14 160 M M 1 23 60
15 95 74 85 M 0 20 0.00 M M 5.0 16 180 M M 3 23 160
16 99 73 86 M 0 21 0.00 M M 6.4 13 180 M M 4 8 21 190
17 102 74 88 M 0 23 0.00 M M 5.8 12 180 M M 3 12 21 110
18 101 77 89 M 0 24 0.00 M M 7.9 12 190 M M 2 22 170
19 102 78 90 M 0 25 0.00 M M 10.5 16 170 M M 3 27 170
20 103 79 91 M 0 26 0.00 M M 10.0 16 180 M M 4 23 190
21 102 78 90 M 0 25 0.00 M M 8.9 15 190 M M 3 1 21 180
22 102 75 89 M 0 24 0.00 M M 6.2 14 160 M M 4 12 20 230
23 101 75 88 M 0 23 0.00 M M 6.2 12 180 M M 3 22 160
24 101 75 88 M 0 23 0.00 M M 5.8 14 140 M M 3 21 140
25 102 74 88 M 0 23 0.00 M M 6.4 15 170 M M 2 24 170
26 102 74 88 M 0 23 0.00 M M 6.5 15 170 M M 3 24 150
27 99 74 87 M 0 22 0.00 M M 5.5 15 150 M M 3 3 24 170
28 100 76 88 M 0 23 0.01 M M 6.5 13 160 M M 3 22 150
29 100 76 88 M 0 23 0.00 M M 6.5 15 170 M M 3 18 190
30 100 75 88 M 0 23 0.00 M M 7.5 14 160 M M 2 23 160
31 101 74 88 M 0 23 0.00 M M 6.1 12 160 M M 2 22 120
================================================================================
SM 3129 2350 0 730 0.33 0.0 195.3 M 81
================================================================================
AV100.9 75.8 6.3 FASTST M M 3 MAX(MPH)
MISC ----> 16 180 27 170
================================================================================
NOTES:
# LAST OF SEVERAL OCCURRENCES
COLUMN 17 PEAK WIND IN M.P.H.
PRELIMINARY LOCAL CLIMATOLOGICAL DATA (WS FORM: F-6) , PAGE 2
STATION: LA GRANGE
MONTH: JULY
YEAR: 2022
LATITUDE: 29 54 N
LONGITUDE: 96 57 W
[TEMPERATURE DATA] [PRECIPITATION DATA] SYMBOLS USED IN COLUMN 16
AVERAGE MONTHLY: 88.4 TOTAL FOR MONTH: 0.33 1 = FOG OR MIST
DPTR FM NORMAL: 0.0 DPTR FM NORMAL: M 2 = FOG REDUCING VISIBILITY
HIGHEST: 106 ON 10 GRTST 24HR 0.28 ON 12-12 TO 1/4 MILE OR LESS
LOWEST: 73 ON 16 3 = THUNDER
SNOW, ICE PELLETS, HAIL 4 = ICE PELLETS
TOTAL MONTH: 0.0 INCH 5 = HAIL
GRTST 24HR 0.0 6 = FREEZING RAIN OR DRIZZLE
GRTST DEPTH: M ON M 7 = DUSTSTORM OR SANDSTORM:
VSBY 1/2 MILE OR LESS
8 = SMOKE OR HAZE
[NO. OF DAYS WITH] [WEATHER - DAYS WITH] 9 = BLOWING SNOW
X = TORNADO
MAX 32 OR BELOW: 0 0.01 INCH OR MORE: 3
MAX 90 OR ABOVE: 31 0.10 INCH OR MORE: 1
MIN 32 OR BELOW: 0 0.50 INCH OR MORE: 0
MIN 0 OR BELOW: 0 1.00 INCH OR MORE: 0
[HDD (BASE 65) ]
TOTAL THIS MO. 0 CLEAR (SCALE 0-3) 24
DPTR FM NORMAL M PTCLDY (SCALE 4-7) 7
TOTAL FM JUL 1 0 CLOUDY (SCALE 8-10) 0
DPTR FM NORMAL M
[CDD (BASE 65) ]
TOTAL THIS MO. 730
DPTR FM NORMAL M [PRESSURE DATA]
TOTAL FM JAN 1 2309 HIGHEST SLP M ON M
DPTR FM NORMAL M LOWEST SLP M ON M
[REMARKS]
#FINAL-07-22#