137
CXUS55 KABR 011700
CF68D3
PRELIMINARY LOCAL CLIMATOLOGICAL DATA (WS FORM: F-6)
STATION: SISSETON SD
MONTH: APRIL
YEAR: 2020
LATITUDE: 45 40 N
LONGITUDE: 96 59 W
TEMPERATURE IN F: :PCPN: SNOW: WIND :SUNSHINE: SKY :PK WND
================================================================================
1 2 3 4 5 6A 6B 7 8 9 10 11 12 13 14 15 16 17 18
12Z AVG MX 2MIN
DY MAX MIN AVG DEP HDD CDD WTR SNW DPTH SPD SPD DIR MIN PSBL S-S WX SPD DR
================================================================================
1 55 33 44 7 21 0 0.57 0.0 0 15.0 28 130 M M 0 37 140
2 33 18 26 -12 39 0 0.42 2.7 2 21.0 29 320 M M 0 39 340
3 24 13 19 -19 46 0 T T 2 14.5 26 330 M M 0 35 310
4 37 11 24 -15 41 0 0.00 0.0 2 8.1 20 130 M M 0 25 130
5 53 27 40 1 25 0 0.00 0.0 1 9.4 18 150 M M 0 26 150
6 59 32 46 6 19 0 0.21 0.0 0 10.5 22 150 M M 0 27 160
7 58 40 49 9 16 0 0.00 0.0 0 7.3 16 330 M M 0 23 360
8 49 33 41 0 24 0 0.00 0.0 0 17.0 35 300 M M 0 45 320
9 37 29 33 -8 32 0 T T 0 19.2 32 340 M M 0 42 350
10 49 28 39 -3 26 0 0.00 0.0 0 8.3 20 210 M M 0 26 190
11 43 31 37 -5 28 0 0.00 0.0 0 14.0 25 10 M M 0 34 360
12 33 23 28 -15 37 0 0.00 0.0 0 18.0 28 340 M M 0 35 330
13 30 17 24 -19 41 0 0.03 0.3 0 14.3 29 320 M M 0 38 310
14 28 15 22 -22 43 0 T T T 9.9 20 330 M M 0 26 330
15 36 16 26 -18 39 0 0.00 0.0 0 6.1 20 350 M M 0 24 330
16 48 22 35 -10 30 0 0.00 0.0 0 10.9 22 270 M M 0 29 300
17 51 23 37 -8 28 0 0.00 0.0 0 12.1 26 220 M M 0 40 230
18 59 34 47 1 18 0 0.00 0.0 0 17.3 30 230 M M 0 42 210
19 49 26 38 -8 27 0 0.00 0.0 0 9.7 28 250 M M 0 37 250
20 59 28 44 -3 21 0 0.00 0.0 0 18.4 37 320 M M 0 48 320
21 56 23 40 -7 25 0 0.00 0.0 0 9.8 22 140 M M 0 30 130
22 70 33 52 4 13 0 0.00 0.0 0 8.0 20 340 M M 0 26 350
23 66 39 53 5 12 0 0.01 0.0 0 6.0 20 350 M M 0 24 360
24 67 37 52 3 13 0 0.00 0.0 0 8.9 18 340 M M 0 27 20
25 63 36 50 1 15 0 0.00 0.0 0 7.7 18 130 M M 0 24 120
26 69 34 52 2 13 0 0.00 0.0 0 8.7 21 200 M M 0 31 200
27 72 44 58 8 7 0 0.00 0.0 0 9.0 22 250 M M 0 29 250
28 62 48 55 5 10 0 0.48 0.0 0 7.9 20 290 M M 0 25 300
29 64 40 52 1 13 0 0.00 0.0 0 14.1 23 350 M M 0 33 320
30 71 35 53 2 12 0 0.00 0.0 0 5.7 17 180 M M 0 29 160
================================================================================
SM 1550 868 734 0 1.72 3.0 346.8 M 0
================================================================================
AV 51.7 28.9 11.6 FASTST M M 0 MAX(MPH)
MISC ----> # 37 320 # 48 320
================================================================================
NOTES:
# LAST OF SEVERAL OCCURRENCES
COLUMN 17 PEAK WIND IN M.P.H.
PRELIMINARY LOCAL CLIMATOLOGICAL DATA (WS FORM: F-6) , PAGE 2
STATION: SISSETON SD
MONTH: APRIL
YEAR: 2020
LATITUDE: 45 40 N
LONGITUDE: 96 59 W
[TEMPERATURE DATA] [PRECIPITATION DATA] SYMBOLS USED IN COLUMN 16
AVERAGE MONTHLY: 40.3 TOTAL FOR MONTH: 1.72 1 = FOG OR MIST
DPTR FM NORMAL: -4.2 DPTR FM NORMAL: -0.56 2 = FOG REDUCING VISIBILITY
HIGHEST: 72 ON 27 GRTST 24HR 0.57 ON 1- 1 TO 1/4 MILE OR LESS
LOWEST: 11 ON 4 3 = THUNDER
SNOW, ICE PELLETS, HAIL 4 = ICE PELLETS
TOTAL MONTH: 3.0 INCHES 5 = HAIL
GRTST 24HR 2.7 ON 2- 2 6 = FREEZING RAIN OR DRIZZLE
GRTST DEPTH: 2 ON 4, 3 7 = DUSTSTORM OR SANDSTORM:
VSBY 1/2 MILE OR LESS
8 = SMOKE OR HAZE
[NO. OF DAYS WITH] [WEATHER - DAYS WITH] 9 = BLOWING SNOW
X = TORNADO
MAX 32 OR BELOW: 3 0.01 INCH OR MORE: 6
MAX 90 OR ABOVE: 0 0.10 INCH OR MORE: 4
MIN 32 OR BELOW: 17 0.50 INCH OR MORE: 1
MIN 0 OR BELOW: 0 1.00 INCH OR MORE: 0
[HDD (BASE 65) ]
TOTAL THIS MO. 734 CLEAR (SCALE 0-3) 30
DPTR FM NORMAL 117 PTCLDY (SCALE 4-7) 0
TOTAL FM JUL 1 8039 CLOUDY (SCALE 8-10) 0
DPTR FM NORMAL 80
[CDD (BASE 65) ]
TOTAL THIS MO. 0
DPTR FM NORMAL -1 [PRESSURE DATA]
TOTAL FM JAN 1 0 HIGHEST SLP 30.39 ON 3
DPTR FM NORMAL -1 LOWEST SLP 29.57 ON 18
[REMARKS]
#FINAL-04-20#