464
CXUS56 KMFR 011000
CF6AAT
PRELIMINARY LOCAL CLIMATOLOGICAL DATA (WS FORM: F-6)
STATION: ALTURAS CA
MONTH: OCTOBER
YEAR: 2020
LATITUDE: 41 29 N
LONGITUDE: 120 34 W
TEMPERATURE IN F: :PCPN: SNOW: WIND :SUNSHINE: SKY :PK WND
================================================================================
1 2 3 4 5 6A 6B 7 8 9 10 11 12 13 14 15 16 17 18
12Z AVG MX 2MIN
DY MAX MIN AVG DEP HDD CDD WTR SNW DPTH SPD SPD DIR MIN PSBL S-S WX SPD DR
================================================================================
1 91 30 61 9 4 0 0.00 M M 0.8 8 80 M M 0 8 13 60
2 89 32 61 10 4 0 0.00 M M 1.6 9 170 M M 0 12 270
3 89 30 60 9 5 0 0.00 M M 1.6 8 260 M M 0 13 140
4 80 34 57 6 8 0 0.00 M M 2.7 13 280 M M 2 8 16 270
5 82 28 55 5 10 0 0.00 M M 0.8 8 40 M M 0 8 14 320
6 86 26 56 6 9 0 0.00 M M 2.1 12 260 M M 0 8 14 260
7 80 28 54 4 11 0 0.00 M M 3.0 15 280 M M 0 8 17 250
8 76 23 50 1 15 0 0.00 M M 3.2 14 270 M M 0 17 280
9 76 25 51 2 14 0 0.00 M M 3.5 16 270 M M 0 19 270
10 59 34 47 -2 18 0 0.14 M M 6.0 22 270 M M 7 1 28 250
11 62 27 45 -3 20 0 0.00 M M 1.9 12 280 M M 1 128 16 270
12 71 27 49 1 16 0 0.00 M M 2.3 13 270 M M 2 15 270
13 75 32 54 6 11 0 0.00 M M 5.0 22 260 M M 1 28 260
14 69 34 52 4 13 0 0.00 M M 3.8 12 300 M M 1 12 14 300
15 73 27 50 3 15 0 0.00 M M 4.4 16 20 M M 0 21 10
16 78 23 51 4 14 0 0.00 M M 2.0 13 20 M M 0 20 350
17 75 29 52 6 13 0 0.00 M M 2.8 13 300 M M 0 16 300
18 74 30 52 6 13 0 0.00 M M 3.1 14 310 M M 0 18 320
19 74 29 52 6 13 0 0.00 M M 1.5 8 60 M M 0 10 60
20 74 27 51 5 14 0 0.00 M M 3.3 15 300 M M 0 19 300
21 67 28 48 3 17 0 0.00 M M 5.6 17 360 M M 1 12 23 350
22 53 23 38 -7 27 0 0.00 M M 4.4 17 10 M M 1 27 360
23 62 18 40 -4 25 0 0.00 M M 1.1 8 140 M M 0 8 11 130
24 66 24 45 1 20 0 0.00 M M 6.0 18 360 M M 1 27 10
25 42 22 32 -12 33 0 0.00 M M 11.9 24 10 M M 1 33 10
26 55 7 31 -12 34 0 0.00 M M 2.9 15 10 M M 0 8 19 10
27 65 14 40 -3 25 0 0.00 M M 1.4 8 140 M M 0 8 9 140
28 73 15 44 1 21 0 0.00 M M 1.7 10 120 M M 0 8 12 120
29 76 16 46 4 19 0 0.00 M M 1.1 8 140 M M 0 8 12 150
30 73 18 46 4 19 0 0.00 M M 4.0 17 250 M M 0 8 22 250
31 71 22 47 5 18 0 0.00 M M 1.6 8 50 M M 0 8 9 20
================================================================================
SM 2236 782 498 0 0.14 M 97.1 M 18
================================================================================
AV 72.1 25.2 3.1 FASTST M M 1 MAX(MPH)
MISC ----> # 24 10 # 33 10
================================================================================
NOTES:
# LAST OF SEVERAL OCCURRENCES
COLUMN 17 PEAK WIND IN M.P.H.
PRELIMINARY LOCAL CLIMATOLOGICAL DATA (WS FORM: F-6) , PAGE 2
STATION: ALTURAS CA
MONTH: OCTOBER
YEAR: 2020
LATITUDE: 41 29 N
LONGITUDE: 120 34 W
[TEMPERATURE DATA] [PRECIPITATION DATA] SYMBOLS USED IN COLUMN 16
AVERAGE MONTHLY: 48.7 TOTAL FOR MONTH: 0.14 1 = FOG OR MIST
DPTR FM NORMAL: 2.0 DPTR FM NORMAL: -0.87 2 = FOG REDUCING VISIBILITY
HIGHEST: 91 ON 1 GRTST 24HR 0.14 ON 10-10 TO 1/4 MILE OR LESS
LOWEST: 7 ON 26 3 = THUNDER
SNOW, ICE PELLETS, HAIL 4 = ICE PELLETS
TOTAL MONTH: M 5 = HAIL
GRTST 24HR M ON M 6 = FREEZING RAIN OR DRIZZLE
GRTST DEPTH: M ON M 7 = DUSTSTORM OR SANDSTORM:
VSBY 1/2 MILE OR LESS
8 = SMOKE OR HAZE
[NO. OF DAYS WITH] [WEATHER - DAYS WITH] 9 = BLOWING SNOW
X = TORNADO
MAX 32 OR BELOW: 0 0.01 INCH OR MORE: 1
MAX 90 OR ABOVE: 1 0.10 INCH OR MORE: 1
MIN 32 OR BELOW: 28 0.50 INCH OR MORE: 0
MIN 0 OR BELOW: 0 1.00 INCH OR MORE: 0
[HDD (BASE 65) ]
TOTAL THIS MO. 498 CLEAR (SCALE 0-3) 30
DPTR FM NORMAL -68 PTCLDY (SCALE 4-7) 1
TOTAL FM JUL 1 669 CLOUDY (SCALE 8-10) 0
DPTR FM NORMAL -274
[CDD (BASE 65) ]
TOTAL THIS MO. 0
DPTR FM NORMAL 0 [PRESSURE DATA]
TOTAL FM JAN 1 318 HIGHEST SLP M ON M
DPTR FM NORMAL 162 LOWEST SLP 29.82 ON 10
[REMARKS]
#FINAL-10-20#