000
CXUS51 KPHI 010915
CF6ABE
PRELIMINARY LOCAL CLIMATOLOGICAL DATA (WS FORM: F-6)
STATION: ALLENTOWN PA
MONTH: JANUARY
YEAR: 2023
LATITUDE: 40 39 N
LONGITUDE: 75 26 W
TEMPERATURE IN F: :PCPN: SNOW: WIND :SUNSHINE: SKY :PK WND
================================================================================
1 2 3 4 5 6A 6B 7 8 9 10 11 12 13 14 15 16 17 18
12Z AVG MX 2MIN
DY MAX MIN AVG DEP HDD CDD WTR SNW DPTH SPD SPD DIR MIN PSBL S-S WX SPD DR
================================================================================
1 53 36 45 13 20 0 0.00 0.0 0 6.0 17 310 M M 5 12 23 320
2 53 32 43 12 22 0 T 0.0 0 2.2 12 210 M M 5 1 13 200
3 49 45 47 16 18 0 0.60 0.0 0 3.1 12 50 M M 10 12 13 60
4 63 44 54 23 11 0 T 0.0 0 2.9 9 150 M M 7 128 17 150
5 58 44 51 20 14 0 0.31 0.0 0 4.4 14 340 M M 6 1 18 290
6 45 37 41 10 24 0 0.23 0.0 0 5.5 16 320 M M 9 1 23 310
7 44 35 40 9 25 0 T 0.0 0 7.0 16 330 M M 10 20 310
8 39 27 33 3 32 0 0.00 0.0 0 4.2 14 340 M M 5 20 330
9 41 30 36 6 29 0 T T 0 7.4 17 330 M M 4 14 23 330
10 40 29 35 5 30 0 0.00 0.0 0 5.9 12 240 M M 8 16 250
11 41 26 34 4 31 0 0.00 0.0 0 5.6 12 130 M M 7 18 130
12 52 34 43 13 22 0 0.16 T 0 6.9 14 180 M M 10 134 22 170
13 53 32 43 13 22 0 0.13 0.0 0 12.2 22 330 M M 10 1 28 320
14 32 26 29 -1 36 0 0.00 0.0 0 15.4 24 330 M M 10 30 340
15 40 25 33 3 32 0 0.00 0.0 0 11.8 20 350 M M 1 27 330
16 45 18 32 2 33 0 0.00 0.0 0 8.7 18 310 M M 0 22 320
17 45 27 36 6 29 0 T 0.0 0 2.7 10 220 M M 7 12 230
18 52 34 43 13 22 0 T 0.0 0 9.0 22 280 M M 7 29 290
19 40 35 38 8 27 0 0.89 T 0 5.1 14 80 M M 9 14 17 70
20 43 34 39 9 26 0 T 0.0 0 10.2 23 280 M M 8 12 34 300
21 39 34 37 7 28 0 T 0.0 0 6.9 16 340 M M 10 24 330
22 40 33 37 7 28 0 0.36 T 0 6.2 15 180 M M 9 14 19 170
23 39 32 36 6 29 0 0.27 T 0 9.4 23 310 M M 10 1 31 310
24 43 27 35 5 30 0 0.00 0.0 0 9.5 22 270 M M 6 31 260
25 42 25 34 4 31 0 1.05 1.5 0 6.9 18 110 M M 6 12 22 110
26 42 30 36 6 29 0 T 0.0 0 12.4 28 260 M M 7 1 36 260
27 40 23 32 2 33 0 T T 0 7.1 16 280 M M 6 1 23 280
28 50 23 37 7 28 0 0.00 0.0 0 5.8 20 240 M M 3 24 230
29 46 27 37 7 28 0 0.00 0.0 0 4.3 12 230 M M 5 15 220
30 54 31 43 13 22 0 0.01 0.0 0 3.2 12 220 M M 5 1 17 180
31 44 30 37 7 28 0 0.06 T 0 7.0 14 350 M M 10 14 17 340
================================================================================
SM 1407 965 819 0 4.07 1.5 214.9 M 215
================================================================================
AV 45.4 31.1 6.9 FASTST M M 7 MAX(MPH)
MISC ----> 28 260 36 260
================================================================================
NOTES:
# LAST OF SEVERAL OCCURRENCES
COLUMN 17 PEAK WIND IN M.P.H.
PRELIMINARY LOCAL CLIMATOLOGICAL DATA (WS FORM: F-6) , PAGE 2
STATION: ALLENTOWN PA
MONTH: JANUARY
YEAR: 2023
LATITUDE: 40 39 N
LONGITUDE: 75 26 W
[TEMPERATURE DATA] [PRECIPITATION DATA] SYMBOLS USED IN COLUMN 16
AVERAGE MONTHLY: 38.3 TOTAL FOR MONTH: 4.07 1 = FOG OR MIST
DPTR FM NORMAL: 8.2 DPTR FM NORMAL: 0.77 2 = FOG REDUCING VISIBILITY
HIGHEST: 63 ON 4 GRTST 24HR 1.28 ON 25-25 TO 1/4 MILE OR LESS
LOWEST: 18 ON 16 3 = THUNDER
SNOW, ICE PELLETS, HAIL 4 = ICE PELLETS
TOTAL MONTH: 1.5 INCHES 5 = HAIL
GRTST 24HR 1.5 ON 25-25 6 = FREEZING RAIN OR DRIZZLE
GRTST DEPTH: 0 7 = DUSTSTORM OR SANDSTORM:
VSBY 1/2 MILE OR LESS
8 = SMOKE OR HAZE
[NO. OF DAYS WITH] [WEATHER - DAYS WITH] 9 = BLOWING SNOW
X = TORNADO
MAX 32 OR BELOW: 1 0.01 INCH OR MORE: 11
MAX 90 OR ABOVE: 0 0.10 INCH OR MORE: 9
MIN 32 OR BELOW: 19 0.50 INCH OR MORE: 3
MIN 0 OR BELOW: 0 1.00 INCH OR MORE: 1
[HDD (BASE 65) ]
TOTAL THIS MO. 819 CLEAR (SCALE 0-3) 3
DPTR FM NORMAL -263 PTCLDY (SCALE 4-7) 17
TOTAL FM JUL 1 2909 CLOUDY (SCALE 8-10) 11
DPTR FM NORMAL -142
[CDD (BASE 65) ]
TOTAL THIS MO. 0
DPTR FM NORMAL 0 [PRESSURE DATA]
TOTAL FM JAN 1 0 HIGHEST SLP 30.35 ON 8
DPTR FM NORMAL 0 LOWEST SLP 29.47 ON 26
[REMARKS]
#FINAL-01-23#