000
CXUS54 KSJT 011538 CCA
CLMABI
CLIMATE REPORT
NATIONAL WEATHER SERVICE SAN ANGELO TX
1038 AM CDT SUN OCT 01 2023
...................................
...THE ABILENE CLIMATE SUMMARY FOR THE MONTH OF SEPTEMBER 2023...
CLIMATE NORMAL PERIOD: 1991 TO 2020
CLIMATE RECORD PERIOD: 1886 TO 2023
WEATHER OBSERVED NORMAL DEPART LAST YEAR`S
VALUE DATE(S) VALUE FROM VALUE DATE(S)
NORMAL
................................................................
TEMPERATURE (F)
RECORD
HIGH 108 09/08/2023
LOW 38 09/24/1989
HIGHEST 108 09/08 MM MM 97 09/06
LOWEST 64 09/18 MM MM 57 09/27
AVG. MAXIMUM 95.8 88.7 7.1 92.5
AVG. MINIMUM 72.1 65.0 7.1 68.1
MEAN 83.9 76.8 7.1 80.3
DAYS MAX >= 90 25 13.0 12.0 25
DAYS MAX <= 32 0 0.0 0.0 0
DAYS MIN <= 32 0 0.0 0.0 0
DAYS MIN <= 0 0 0.0 0.0 0
PRECIPITATION (INCHES)
RECORD
MAXIMUM 11.03 1974
MINIMUM T 1956
TOTALS 2.43 2.67 -0.24 1.03
DAILY AVG. 0.08 0.09 -0.01 0.03
DAYS >= .01 7 5.9 1.1 5
DAYS >= .10 4 3.7 0.3 4
DAYS >= .50 2 1.8 0.2 0
DAYS >= 1.00 1 0.8 0.2 0
GREATEST
24 HR. TOTAL 1.11 09/16 TO 09/16
SNOWFALL (INCHES)
RECORDS
TOTAL MM 2021
TOTALS 0.0 0.0 0.0 0.0
SINCE 7/1 0.0 0.0 0.0 MM
SNOWDEPTH AVG. 0 0
DAYS >= 1.0 0 0.0 0.0 0
GREATEST
SNOW DEPTH 0 0 MM
24 HR TOTAL MM
DEGREE DAYS
HEATING TOTAL 0 7 -7 0
SINCE 7/1 0 1 -1 MM
COOLING TOTAL 575 362 213 465
SINCE 1/1 3077 2525 552 MM
................................................................
WIND (MPH)
AVERAGE WIND SPEED 9.5
HIGHEST WIND SPEED/DIRECTION 32/330 DATE 09/11
HIGHEST GUST SPEED/DIRECTION 44/340 DATE 09/11
SKY COVER
AVERAGE SKY COVER 0.16
AVERAGE RH (PERCENT) 53
WEATHER CONDITIONS. NUMBER OF DAYS WITH
THUNDERSTORM 10 MIXED PRECIP 0
HEAVY RAIN 3 RAIN 3
LIGHT RAIN 7 FREEZING RAIN 0
LT FREEZING RAIN 0 HAIL 0
HEAVY SNOW 0 SNOW 0
LIGHT SNOW 0 SLEET 0
FOG 6 FOG W/VIS <= 1/4 MILE 0
HAZE 2
- INDICATES NEGATIVE NUMBERS.
R INDICATES RECORD WAS SET OR TIED.
MM INDICATES DATA IS MISSING.
T INDICATES TRACE AMOUNT.
$$