000
CXUS54 KSJT 011406
CLMABI
CLIMATE REPORT
NATIONAL WEATHER SERVICE SAN ANGELO TX
906 AM CDT FRI SEP 01 2023
...................................
...THE ABILENE CLIMATE SUMMARY FOR THE MONTH OF AUGUST 2023...
CLIMATE NORMAL PERIOD: 1991 TO 2020
CLIMATE RECORD PERIOD: 1886 TO 2023
WEATHER OBSERVED NORMAL DEPART LAST YEAR`S
VALUE DATE(S) VALUE FROM VALUE DATE(S)
NORMAL
................................................................
TEMPERATURE (F)
RECORD
HIGH 111 08/03/1943
LOW 50 08/28/1992
HIGHEST 111R 08/17 MM MM 106 08/04
LOWEST 67 08/29 MM MM 67 08/24
AVG. MAXIMUM 104.5 96.0 8.5 97.5
AVG. MINIMUM 77.2 72.4 4.8 74.4
MEAN 90.8 84.2 6.6 86.0
DAYS MAX >= 90 31 25.2 5.8 28
DAYS MAX <= 32 0 0.0 0.0 0
DAYS MIN <= 32 0 0.0 0.0 0
DAYS MIN <= 0 0 0.0 0.0 0
PRECIPITATION (INCHES)
RECORD
MAXIMUM 15.70 1914
MINIMUM 0.00 2000
TOTALS 0.46 2.53 -2.07 3.01
DAILY AVG. 0.01 0.08 -0.07 0.10
DAYS >= .01 7 6.0 1.0 7
DAYS >= .10 1 3.9 -2.9 5
DAYS >= .50 0 1.5 -1.5 2
DAYS >= 1.00 0 0.6 -0.6 1
GREATEST
24 HR. TOTAL 0.34 08/10 TO 08/11
SNOWFALL (INCHES)
RECORDS
TOTAL MM 5
TOTALS 0.0 0.0 0.0 0.0
SINCE 7/1 0.0 0.0 0.0 MM
SNOWDEPTH AVG. 0 0
DAYS >= 1.0 0 0.0 0.0 0
GREATEST
SNOW DEPTH 0 0 MM
24 HR TOTAL MM
DEGREE DAYS
HEATING TOTAL 0 0 0 0
SINCE 7/1 0 0 0 MM
COOLING TOTAL 808 595 213 655
SINCE 1/1 2502 2163 339 MM
................................................................
WIND (MPH)
AVERAGE WIND SPEED 9.2
HIGHEST WIND SPEED/DIRECTION 37/310 DATE 08/10
HIGHEST GUST SPEED/DIRECTION 53/320 DATE 08/10
SKY COVER
AVERAGE SKY COVER 0.05
AVERAGE RH (PERCENT) 41
WEATHER CONDITIONS. NUMBER OF DAYS WITH
THUNDERSTORM 5 MIXED PRECIP 0
HEAVY RAIN 1 RAIN 2
LIGHT RAIN 8 FREEZING RAIN 0
LT FREEZING RAIN 0 HAIL 0
HEAVY SNOW 0 SNOW 0
LIGHT SNOW 0 SLEET 0
FOG 0 FOG W/VIS <= 1/4 MILE 0
HAZE 3
- INDICATES NEGATIVE NUMBERS.
R INDICATES RECORD WAS SET OR TIED.
MM INDICATES DATA IS MISSING.
T INDICATES TRACE AMOUNT.
$$