000
CXUS55 KABQ 011528
CF6ABQ
PRELIMINARY LOCAL CLIMATOLOGICAL DATA (WS FORM: F-6)
STATION: ALBUQUERQUE NM
MONTH: MAY
YEAR: 2022
LATITUDE: 35 2 N
LONGITUDE: 106 37 W
TEMPERATURE IN F: :PCPN: SNOW: WIND :SUNSHINE: SKY :PK WND
================================================================================
1 2 3 4 5 6A 6B 7 8 9 10 11 12 13 14 15 16 17 18
12Z AVG MX 2MIN
DY MAX MIN AVG DEP HDD CDD WTR SNW DPTH SPD SPD DIR MIN PSBL S-S WX SPD DR
================================================================================
1 84 50 67 6 0 2 0.00 0.0 0 11.6 30 180 M M 1 41 190
2 79 55 67 6 0 2 0.00 0.0 0 9.5 22 310 M M 0 31 310
3 83 50 67 6 0 2 0.00 0.0 0 12.4 40 220 M M 4 78 55 230
4 70 50 60 -2 5 0 0.00 0.0 0 12.6 25 310 M M 2 34 340
5 77 41 59 -3 6 0 0.00 0.0 0 8.9 22 300 M M 0 31 290
6 86 46 66 4 0 1 0.00 0.0 0 5.9 20 270 M M 5 27 280
7 90 55 73 10 0 8 0.00 0.0 0 11.9 32 280 M M 5 8 42 240
8 88 58 73 10 0 8 0.00 0.0 0 12.7 33 220 M M 3 49 190
9 86 50 68 5 0 3 0.00 0.0 0 12.4 31 250 M M 0 8 41 240
10 87 51 69 5 0 4 0.00 0.0 0 9.3 29 190 M M 1 37 180
11 88 56 72 8 0 7 0.00 0.0 0 12.5 33 190 M M 4 45 170
12 80 58 69 5 0 4 0.00 0.0 0 10.2 23 280 M M 3 32 280
13 83 49 66 1 0 1 0.00 0.0 0 5.4 17 300 M M 1 26 360
14 87 47 67 2 0 2 0.00 0.0 0 5.4 14 320 M M 0 21 310
15 92 59 76 10 0 11 0.00 0.0 0 8.3 33 100 M M 2 47 110
16 90 65 78 12 0 13 0.00 0.0 0 15.6 35 110 M M 6 7 50 90
17 90 58 74 8 0 9 0.00 0.0 0 8.9 20 240 M M 2 28 230
18 89 58 74 7 0 9 0.00 0.0 0 7.7 18 200 M M 2 8 25 190
19 92 58 75 8 0 10 0.00 0.0 0 13.0 29 270 M M 4 8 48 270
20 88 64 76 8 0 11 0.00 0.0 0 16.0 32 280 M M 3 41 300
21 82 51 67 -1 0 2 0.00 0.0 0 21.9 44 90 M M 2 8 58 90
22 76 44 60 -8 5 0 0.00 0.0 0 20.6 38 80 M M 3 50 90
23 77 55 66 -3 0 1 T 0.0 0 10.8 26 340 M M 9 38 350
24 73 51 62 -7 3 0 0.00 0.0 0 11.2 29 310 M M 5 40 310
25 81 47 64 -6 1 0 0.00 0.0 0 8.4 24 290 M M 1 30 310
26 89 56 73 3 0 8 0.00 0.0 0 4.8 13 10 M M 0 16 360
27 92 59 76 6 0 11 0.00 0.0 0 6.0 41 220 M M 3 78 67 220
28 92 57 75 4 0 10 0.00 0.0 0 13.8 33 210 M M 5 45 180
29 88 58 73 2 0 8 0.00 0.0 0 15.6 33 280 M M 2 43 250
30 84 59 72 0 0 7 0.00 0.0 0 12.7 26 280 M M 2 43 290
31 86 54 70 -2 0 5 0.00 0.0 0 7.2 21 180 M M 1 34 290
================================================================================
SM 2629 1669 20 159 T 0.0 343.2 M 81
================================================================================
AV 84.8 53.8 11.1 FASTST M M 3 MAX(MPH)
MISC ----> 44 90 67 220
================================================================================
NOTES:
# LAST OF SEVERAL OCCURRENCES
COLUMN 17 PEAK WIND IN M.P.H.
PRELIMINARY LOCAL CLIMATOLOGICAL DATA (WS FORM: F-6) , PAGE 2
STATION: ALBUQUERQUE NM
MONTH: MAY
YEAR: 2022
LATITUDE: 35 2 N
LONGITUDE: 106 37 W
[TEMPERATURE DATA] [PRECIPITATION DATA] SYMBOLS USED IN COLUMN 16
AVERAGE MONTHLY: 69.3 TOTAL FOR MONTH: T 1 = FOG OR MIST
DPTR FM NORMAL: 3.2 DPTR FM NORMAL: -0.44 2 = FOG REDUCING VISIBILITY
HIGHEST: 92 ON 28,27 GRTST 24HR T ON 23-23 TO 1/4 MILE OR LESS
LOWEST: 41 ON 5 3 = THUNDER
SNOW, ICE PELLETS, HAIL 4 = ICE PELLETS
TOTAL MONTH: 0.0 INCH 5 = HAIL
GRTST 24HR 0.0 6 = FREEZING RAIN OR DRIZZLE
GRTST DEPTH: 0 7 = DUSTSTORM OR SANDSTORM:
VSBY 1/2 MILE OR LESS
8 = SMOKE OR HAZE
[NO. OF DAYS WITH] [WEATHER - DAYS WITH] 9 = BLOWING SNOW
X = TORNADO
MAX 32 OR BELOW: 0 0.01 INCH OR MORE: 0
MAX 90 OR ABOVE: 7 0.10 INCH OR MORE: 0
MIN 32 OR BELOW: 0 0.50 INCH OR MORE: 0
MIN 0 OR BELOW: 0 1.00 INCH OR MORE: 0
[HDD (BASE 65) ]
TOTAL THIS MO. 20 CLEAR (SCALE 0-3) 22
DPTR FM NORMAL -50 PTCLDY (SCALE 4-7) 8
TOTAL FM JUL 1 3681 CLOUDY (SCALE 8-10) 1
DPTR FM NORMAL -314
[CDD (BASE 65) ]
TOTAL THIS MO. 159
DPTR FM NORMAL 54 [PRESSURE DATA]
TOTAL FM JAN 1 171 HIGHEST SLP 30.20 ON 22
DPTR FM NORMAL 59 LOWEST SLP 29.27 ON 29
[REMARKS]
#FINAL-05-22#