000
CXUS55 KABQ 011614
CLMABQ
CLIMATE REPORT
NATIONAL WEATHER SERVICE ALBUQUERQUE NM
1014 AM MDT TUE AUG 01 2023
...................................
...THE ALBUQUERQUE NM CLIMATE SUMMARY FOR THE MONTH OF JULY 2023...
CLIMATE NORMAL PERIOD 1991 TO 2020
CLIMATE RECORD PERIOD 1891 TO 2023
WEATHER OBSERVED NORMAL DEPART LAST YEAR`S
VALUE DATE(S) VALUE FROM VALUE DATE(S)
NORMAL
................................................................
TEMPERATURE (F)
RECORD
HIGH 105 07/18/1980
07/05/1980
07/14/1979
LOW 52 07/03/1985
HIGHEST 104 07/17 100 4 102 07/19
LOWEST 67 07/01 58 9 63 07/06
07/03
AVG. MAXIMUM 99.0 91.2 7.8 93.3
AVG. MINIMUM 72.3 66.5 5.8 68.9
MEAN 85.6 78.9 6.7 81.1
DAYS MAX >= 90 31 22.3 8.7 23
DAYS MAX <= 32 0 0.0 0.0 0
DAYS MIN <= 32 0 0.0 0.0 0
DAYS MIN <= 0 0 0.0 0.0 0
PRECIPITATION (INCHES)
RECORD
MAXIMUM 3.55 2006
MINIMUM T 2023
TOTALS TR 1.64 -1.64 1.01
DAILY AVG. T 0.05 -0.05 0.03
DAYS >= .01 0 8.7 -8.7 7
DAYS >= .10 0 4.1 -4.1 4
DAYS >= .50 0 1.0 -1.0 0
DAYS >= 1.00 0 0.3 -0.3 0
GREATEST
24 HR. TOTAL T 07/28 TO 07/28 0.55
07/29 TO 07/29
07/31 TO 07/31
SNOWFALL (INCHES)
RECORDS
TOTAL T 2018
TOTALS 0.0 0.0 0.0 0.0
SINCE 7/1 0.0 0.0 0.0 MM
SNOWDEPTH AVG. 0 0
DAYS >= 1.0 0 0.0 0.0 0
GREATEST
SNOW DEPTH 0 0 MM
24 HR TOTAL 0.0 MM
DEGREE DAYS
HEATING TOTAL 0 0 0 0
SINCE 7/1 0 0 0 MM
COOLING TOTAL 649 429 220 509
SINCE 1/1 1036 877 159 MM
................................................................
WIND (MPH)
AVERAGE WIND SPEED 8.8
HIGHEST WIND SPEED/DIRECTION 43/180 DATE 07/31
HIGHEST GUST SPEED/DIRECTION 54/170 DATE 07/31
SKY COVER
POSSIBLE SUNSHINE (PERCENT) MM
AVERAGE SKY COVER 0.41
NUMBER OF DAYS FAIR 13
NUMBER OF DAYS PC 18
NUMBER OF DAYS CLOUDY 0
AVERAGE RH (PERCENT) 29
WEATHER CONDITIONS. NUMBER OF DAYS WITH
THUNDERSTORM 9 MIXED PRECIP 0
HEAVY RAIN 0 RAIN 0
LIGHT RAIN 8 FREEZING RAIN 0
LT FREEZING RAIN 0 HAIL 0
HEAVY SNOW 0 SNOW 0
LIGHT SNOW 0 SLEET 0
FOG 0 FOG W/VIS <= 1/4 MILE 0
HAZE 4
- INDICATES NEGATIVE NUMBERS.
R INDICATES RECORD WAS SET OR TIED.
MM INDICATES DATA IS MISSING.
T INDICATES TRACE AMOUNT.
$$