000
CXUS52 KTAE 010900
CF6ABY
PRELIMINARY LOCAL CLIMATOLOGICAL DATA (WS FORM: F-6)
STATION: ALBANY
MONTH: DECEMBER
YEAR: 2023
LATITUDE: 31 31 N
LONGITUDE: 84 11 W
TEMPERATURE IN F: :PCPN: SNOW: WIND :SUNSHINE: SKY :PK WND
================================================================================
1 2 3 4 5 6A 6B 7 8 9 10 11 12 13 14 15 16 17 18
12Z AVG MX 2MIN
DY MAX MIN AVG DEP HDD CDD WTR SNW DPTH SPD SPD DIR MIN PSBL S-S WX SPD DR
================================================================================
1 75 47 61 6 4 0 0.10 0.0 0 8.3 16 170 M M 3 1 22 170
2 68 59 64 9 1 0 0.92 M M 6.5 18 160 M M 7 13 24 180
3 71 55 63 8 2 0 0.72 M M 5.3 15 180 M M 6 12 20 200
4 69 46 58 4 7 0 0.00 M M 4.3 15 240 M M 3 12 22 260
5 64 37 51 -3 14 0 0.00 0.0 M 3.6 14 280 M M 0 20 290
6 60 35 48 -6 17 0 0.00 0.0 M 6.8 17 350 M M 0 25 340
7 62 30 46 -8 19 0 0.00 M M 0.9 7 210 M M 0 11 230
8 66 38 52 -2 13 0 0.00 0.0 M 2.1 8 140 M M 4 1 10 150
9 81 51 66 12 0 1 0.01 0.0 M 6.2 18 200 M M 4 1 25 200
10 66 44 55 2 10 0 1.17 0.0 0 8.7 29 310 M M 9 13 44 310
11 59 35 47 -6 18 0 0.00 0.0 0 6.5 15 320 M M 0 21 340
12 60 29 45 -8 20 0 0.00 0.0 0 4.4 14 60 M M 0 21 30
13 64 40 52 -1 13 0 0.00 0.0 0 7.0 16 60 M M 0 23 60
14 63 44 54 1 11 0 0.00 0.0 0 10.5 23 70 M M 0 30 60
15 64 40 52 -1 13 0 0.00 0.0 0 10.4 18 60 M M 3 24 50
16 62 47 55 3 10 0 0.27 0.0 0 10.1 16 60 M M 6 1 22 50
17 59 54 57 5 8 0 1.13 0.0 0 10.8 23 80 M M 10 1 30 80
18 61 40 51 -1 14 0 0.00 0.0 0 7.8 15 300 M M 1 22 310
19 50 30 40 -12 25 0 0.00 0.0 M 4.9 14 20 M M 0 20 340
20 56 26 41 -11 24 0 0.00 0.0 M 4.4 13 60 M M 0 16 50
21 60 31 46 -6 19 0 0.00 0.0 M 3.2 10 60 M M 0 16 90
22 64 37 51 -1 14 0 0.00 0.0 M 2.2 8 60 M M 1 1 10 50
23 73 43 58 6 7 0 0.00 0.0 M 2.8 12 160 M M 2 1 17 140
24 70 47 59 7 6 0 0.03 0.0 0 7.5 17 100 M M 3 1 24 100
25 71 61 66 15 0 1 0.27 0.0 M 10.4 18 120 M M 10 1 26 130
26 65 54 60 9 5 0 T 0.0 M 5.8 12 280 M M 8 1 16 280
27 64 43 54 3 11 0 0.00 0.0 M 5.0 10 250 M M 0 18 14 340
28 64 44 54 3 11 0 0.00 0.0 M 5.5 17 220 M M 0 24 200
29 52 32 42 -9 23 0 0.00 0.0 M 6.7 21 290 M M 1 8 27 290
30 55 32 44 -7 21 0 0.00 0.0 M 4.3 14 240 M M 2 20 310
31 59 27 43 -8 22 0 0.00 0.0 0 2.7 15 210 M M 0 19 200
================================================================================
SM 1977 1278 382 2 4.62 0.0 185.6 M 83
================================================================================
AV 63.8 41.2 6.0 FASTST M M 3 MAX(MPH)
MISC ----> 29 310 44 310
================================================================================
NOTES:
# LAST OF SEVERAL OCCURRENCES
COLUMN 17 PEAK WIND IN M.P.H.
PRELIMINARY LOCAL CLIMATOLOGICAL DATA (WS FORM: F-6) , PAGE 2
STATION: ALBANY
MONTH: DECEMBER
YEAR: 2023
LATITUDE: 31 31 N
LONGITUDE: 84 11 W
[TEMPERATURE DATA] [PRECIPITATION DATA] SYMBOLS USED IN COLUMN 16
AVERAGE MONTHLY: 52.5 TOTAL FOR MONTH: 4.62 1 = FOG OR MIST
DPTR FM NORMAL: -0.2 DPTR FM NORMAL: 0.27 2 = FOG REDUCING VISIBILITY
HIGHEST: 81 ON 9 GRTST 24HR 1.56 ON 2- 3 TO 1/4 MILE OR LESS
LOWEST: 26 ON 20 3 = THUNDER
SNOW, ICE PELLETS, HAIL 4 = ICE PELLETS
TOTAL MONTH: 0.0 INCH 5 = HAIL
GRTST 24HR 0.0 6 = FREEZING RAIN OR DRIZZLE
GRTST DEPTH: 0 7 = DUSTSTORM OR SANDSTORM:
VSBY 1/2 MILE OR LESS
8 = SMOKE OR HAZE
[NO. OF DAYS WITH] [WEATHER - DAYS WITH] 9 = BLOWING SNOW
X = TORNADO
MAX 32 OR BELOW: 0 0.01 INCH OR MORE: 9
MAX 90 OR ABOVE: 0 0.10 INCH OR MORE: 7
MIN 32 OR BELOW: 8 0.50 INCH OR MORE: 4
MIN 0 OR BELOW: 0 1.00 INCH OR MORE: 2
[HDD (BASE 65) ]
TOTAL THIS MO. 382 CLEAR (SCALE 0-3) 21
DPTR FM NORMAL -14 PTCLDY (SCALE 4-7) 6
TOTAL FM JUL 1 634 CLOUDY (SCALE 8-10) 4
DPTR FM NORMAL -29
[CDD (BASE 65) ]
TOTAL THIS MO. 2
DPTR FM NORMAL -11 [PRESSURE DATA]
TOTAL FM JAN 1 2627 HIGHEST SLP 30.62 ON 14
DPTR FM NORMAL -66 LOWEST SLP 29.71 ON 17
[REMARKS]
#FINAL-12-23#