000
CXUS54 KFWD 010830
CF6ACT
PRELIMINARY LOCAL CLIMATOLOGICAL DATA (WS FORM: F-6)
STATION: WACO
MONTH: DECEMBER
YEAR: 2021
LATITUDE: 31 37 N
LONGITUDE: 97 13 W
TEMPERATURE IN F: :PCPN: SNOW: WIND :SUNSHINE: SKY :PK WND
================================================================================
1 2 3 4 5 6A 6B 7 8 9 10 11 12 13 14 15 16 17 18
12Z AVG MX 2MIN
DY MAX MIN AVG DEP HDD CDD WTR SNW DPTH SPD SPD DIR MIN PSBL S-S WX SPD DR
================================================================================
1 78 51 65 13 0 0 0.00 0.0 0 6.6 14 260 M M 0 1 18 240
2 80 43 62 10 3 0 0.00 0.0 0 5.6 12 170 M M 2 12 15 180
3 76 58 67 15 0 2 0.00 0.0 0 9.4 17 190 M M 3 12 22 180
4 78 59 69 17 0 4 0.00 0.0 0 7.3 13 150 M M 5 1 17 190
5 77 60 69 18 0 4 0.00 0.0 0 9.2 23 190 M M 9 31 190
6 71 39 55 4 10 0 T 0.0 0 13.2 29 360 M M 3 1 39 20
7 66 32 49 -2 16 0 0.00 0.0 0 5.8 13 160 M M 0 16 170
8 69 38 54 3 11 0 0.00 0.0 0 5.7 17 170 M M 0 1 23 170
9 82 62 72 22 0 7 0.00 0.0 0 12.4 21 180 M M 5 1 29 190
10 84 62 73 23 0 8 0.00 0.0 0 12.7 25 180 M M 6 1 34 180
11 68 30 49 -1 16 0 0.01 0.0 0 11.5 30 330 M M 2 1 42 360
12 60 24 42 -8 23 0 0.00 0.0 0 7.2 15 180 M M 0 19 180
13 66 40 53 3 12 0 T 0.0 0 8.5 15 160 M M 5 18 18 140
14 74 58 66 17 0 1 T 0.0 0 7.7 17 180 M M 8 1 23 160
15 82 68 75 26 0 10 0.00 0.0 0 17.6 28 170 M M 9 35 170
16 81 67 74 25 0 9 T 0.0 0 11.2 21 180 M M 8 29 190
17 81 69 75 26 0 10 T 0.0 0 13.3 28 180 M M 6 35 180
18 70 42 56 8 9 0 0.02 0.0 0 13.8 28 360 M M 6 13 38 330
19 54 38 46 -2 19 0 0.00 0.0 0 8.5 16 360 M M 3 21 10
20 57 38 48 0 17 0 0.01 0.0 0 3.6 9 130 M M 5 13 140
21 66 31 49 1 16 0 0.00 0.0 0 6.7 14 160 M M 1 12 18 160
22 71 44 58 10 7 0 0.00 0.0 0 9.2 16 180 M M 1 18 21 170
23 75 56 66 18 0 1 T 0.0 0 16.2 25 180 M M 3 34 180
24 79 63 71 23 0 6 0.00 0.0 0 18.3 26 170 M M 3 36 160
25 82 59 71 23 0 6 0.00 0.0 0 9.5 23 190 M M 3 29 190
26 78 51 65 18 0 0 0.00 0.0 0 12.8 23 180 M M 4 128 28 170
27 76 62 69 22 0 4 0.00 0.0 0 10.7 18 170 M M 7 27 170
28 85 56 71 24 0 6 0.00 0.0 0 10.2 21 180 M M 5 1 29 170
29 80 53 67 20 0 2 T 0.0 0 5.3 15 170 M M 4 128 19 190
30 82 45 64 17 1 0 0.00 0.0 0 3.7 14 180 M M 1 18 17 190
31 77 57 67 20 0 2 T 0.0 0 10.6 18 180 M M 8 18 26 150
================================================================================
SM 2305 1555 160 82 0.04 0.0 304.0 M 125
================================================================================
AV 74.4 50.2 9.8 FASTST M M 4 MAX(MPH)
MISC ----> 30 330 42 360
================================================================================
NOTES:
# LAST OF SEVERAL OCCURRENCES
COLUMN 17 PEAK WIND IN M.P.H.
PRELIMINARY LOCAL CLIMATOLOGICAL DATA (WS FORM: F-6) , PAGE 2
STATION: WACO
MONTH: DECEMBER
YEAR: 2021
LATITUDE: 31 37 N
LONGITUDE: 97 13 W
[TEMPERATURE DATA] [PRECIPITATION DATA] SYMBOLS USED IN COLUMN 16
AVERAGE MONTHLY: 62.3 TOTAL FOR MONTH: 0.04 1 = FOG OR MIST
DPTR FM NORMAL: 13.1 DPTR FM NORMAL: -2.83 2 = FOG REDUCING VISIBILITY
HIGHEST: 85 ON 28 GRTST 24HR 0.02 ON 18-18 TO 1/4 MILE OR LESS
LOWEST: 24 ON 12 3 = THUNDER
SNOW, ICE PELLETS, HAIL 4 = ICE PELLETS
TOTAL MONTH: 0.0 INCH 5 = HAIL
GRTST 24HR 0.0 6 = FREEZING RAIN OR DRIZZLE
GRTST DEPTH: 0 7 = DUSTSTORM OR SANDSTORM:
VSBY 1/2 MILE OR LESS
8 = SMOKE OR HAZE
[NO. OF DAYS WITH] [WEATHER - DAYS WITH] 9 = BLOWING SNOW
X = TORNADO
MAX 32 OR BELOW: 0 0.01 INCH OR MORE: 3
MAX 90 OR ABOVE: 0 0.10 INCH OR MORE: 0
MIN 32 OR BELOW: 4 0.50 INCH OR MORE: 0
MIN 0 OR BELOW: 0 1.00 INCH OR MORE: 0
[HDD (BASE 65) ]
TOTAL THIS MO. 160 CLEAR (SCALE 0-3) 13
DPTR FM NORMAL -338 PTCLDY (SCALE 4-7) 14
TOTAL FM JUL 1 417 CLOUDY (SCALE 8-10) 4
DPTR FM NORMAL -416
[CDD (BASE 65) ]
TOTAL THIS MO. 82
DPTR FM NORMAL 75 [PRESSURE DATA]
TOTAL FM JAN 1 2888 HIGHEST SLP 30.41 ON 19
DPTR FM NORMAL 19 LOWEST SLP 29.59 ON 28
[REMARKS]
#FINAL-12-21#