000
CXUS54 KLCH 010830
CF6AEX
PRELIMINARY LOCAL CLIMATOLOGICAL DATA (WS FORM: F-6)
STATION: ALEXANDRIA
MONTH: JULY
YEAR: 2021
LATITUDE: 31 19 N
LONGITUDE: 92 33 W
TEMPERATURE IN F: :PCPN: SNOW: WIND :SUNSHINE: SKY :PK WND
================================================================================
1 2 3 4 5 6A 6B 7 8 9 10 11 12 13 14 15 16 17 18
12Z AVG MX 2MIN
DY MAX MIN AVG DEP HDD CDD WTR SNW DPTH SPD SPD DIR MIN PSBL S-S WX SPD DR
================================================================================
1 93 73 83 1 0 18 0.09 0.0 M 3.3 16 290 M M 3 138 20 300
2 87 75 81 -1 0 16 0.05 0.0 M 4.1 10 330 M M 3 1 17 330
3 92 70 81 -1 0 16 0.00 0.0 M 4.7 12 20 M M 2 1 15 60
4 93 68 81 -1 0 16 0.00 0.0 0 3.8 12 100 M M 1 1 16 90
5 95 72 84 2 0 19 0.00 0.0 M 4.0 12 30 M M 2 3 19 50
6 91 74 83 1 0 18 0.15 0.0 M 5.2 23 160 M M 3 138 33 150
7 86 73 80 -2 0 15 0.12 0.0 M 3.1 16 230 M M 5 1238 22 230
8 93 73 83 1 0 18 0.00 0.0 M 4.6 30 160 M M 3 3 42 150
9 92 74 83 1 0 18 0.01 0.0 M 6.8 17 190 M M 5 8 25 190
10 92 76 84 1 0 19 0.17 0.0 M 7.2 16 170 M M 3 18 21 170
11 83 72 78 -5 0 13 0.29 0.0 M 6.1 15 190 M M 6 138 23 350
12 89 71 80 -3 0 15 1.78 0.0 M 8.4 29 320 M M 3 1238 38 320
13 95 71 83 0 0 18 0.31 0.0 M 3.6 18 150 M M 2 13 29 130
14 93 71 82 -1 0 17 0.00 0.0 M 4.2 14 140 M M 1 17 160
15 93 73 83 0 0 18 0.11 0.0 M 4.8 17 230 M M 2 13 25 220
16 90 72 81 -2 0 16 1.87 0.0 M 6.0 21 180 M M 2 1238 31 180
17 94 74 84 1 0 19 T 0.0 M 4.6 22 70 M M 2 3 35 80
18 93 73 83 0 0 18 0.05 0.0 M 3.8 18 200 M M 2 13 24 200
19 89 77 83 0 0 18 0.00 0.0 M 5.0 16 350 M M 2 3 25 320
20 86 73 80 -3 0 15 0.01 0.0 M 3.7 12 100 M M 6 13 16 70
21 93 71 82 -1 0 17 T 0.0 M 2.7 15 220 M M 3 1 20 210
22 92 73 83 0 0 18 0.00 0.0 M 4.1 12 200 M M 1 1 16 200
23 94 76 85 2 0 20 0.04 0.0 M 3.2 17 250 M M 0 138 23 250
24 96 77 87 4 0 22 0.00 0.0 M 2.7 9 280 M M 1 1 12 300
25 96 74 85 2 0 20 0.00 0.0 M 2.7 9 330 M M 1 1 14 220
26 97 75 86 3 0 21 0.00 0.0 M 2.6 8 140 M M 2 12 250
27 97 75 86 3 0 21 0.25 0.0 0 4.3 18 130 M M 1 13 26 150
28 96 74 85 2 0 20 0.00 0.0 0 1.7 7 70 M M 2 18 11 40
29 98 76 87 4 0 22 0.00 0.0 0 2.8 12 190 M M 1 18 16 200
30 98 76 87 4 0 22 0.00 0.0 M 1.4 7 280 M M 0 18 9 280
31 97 78 88 5 0 23 0.24 0.0 M 3.8 24 310 M M 1 138 36 310
================================================================================
SM 2873 2280 0 566 5.54 0.0 129.0 M 71
================================================================================
AV 92.7 73.5 4.2 FASTST M M 2 MAX(MPH)
MISC ----> 30 160 42 150
================================================================================
NOTES:
# LAST OF SEVERAL OCCURRENCES
COLUMN 17 PEAK WIND IN M.P.H.
PRELIMINARY LOCAL CLIMATOLOGICAL DATA (WS FORM: F-6) , PAGE 2
STATION: ALEXANDRIA
MONTH: JULY
YEAR: 2021
LATITUDE: 31 19 N
LONGITUDE: 92 33 W
[TEMPERATURE DATA] [PRECIPITATION DATA] SYMBOLS USED IN COLUMN 16
AVERAGE MONTHLY: 83.1 TOTAL FOR MONTH: 5.54 1 = FOG OR MIST
DPTR FM NORMAL: 0.3 DPTR FM NORMAL: 0.94 2 = FOG REDUCING VISIBILITY
HIGHEST: 98 ON 30,29 GRTST 24HR 2.07 ON 11-12 TO 1/4 MILE OR LESS
LOWEST: 68 ON 4 3 = THUNDER
SNOW, ICE PELLETS, HAIL 4 = ICE PELLETS
TOTAL MONTH: 0.0 INCH 5 = HAIL
GRTST 24HR 0.0 6 = FREEZING RAIN OR DRIZZLE
GRTST DEPTH: 0 7 = DUSTSTORM OR SANDSTORM:
VSBY 1/2 MILE OR LESS
8 = SMOKE OR HAZE
[NO. OF DAYS WITH] [WEATHER - DAYS WITH] 9 = BLOWING SNOW
X = TORNADO
MAX 32 OR BELOW: 0 0.01 INCH OR MORE: 16
MAX 90 OR ABOVE: 25 0.10 INCH OR MORE: 10
MIN 32 OR BELOW: 0 0.50 INCH OR MORE: 2
MIN 0 OR BELOW: 0 1.00 INCH OR MORE: 2
[HDD (BASE 65) ]
TOTAL THIS MO. 0 CLEAR (SCALE 0-3) 26
DPTR FM NORMAL 0 PTCLDY (SCALE 4-7) 5
TOTAL FM JUL 1 0 CLOUDY (SCALE 8-10) 0
DPTR FM NORMAL 0
[CDD (BASE 65) ]
TOTAL THIS MO. 566
DPTR FM NORMAL 14 [PRESSURE DATA]
TOTAL FM JAN 1 1561 HIGHEST SLP 30.23 ON 14
DPTR FM NORMAL 66 LOWEST SLP 29.87 ON 26
[REMARKS]
#FINAL-07-21#