000
CXUS54 KFWD 072148
CF6AFW
PRELIMINARY LOCAL CLIMATOLOGICAL DATA (WS FORM: F-6)
STATION: FORT WORTH ALLIANCE
MONTH: JUNE
YEAR: 2022
LATITUDE: 32 58 N
LONGITUDE: 97 19 W
TEMPERATURE IN F: :PCPN: SNOW: WIND :SUNSHINE: SKY :PK WND
================================================================================
1 2 3 4 5 6A 6B 7 8 9 10 11 12 13 14 15 16 17 18
12Z AVG MX 2MIN
DY MAX MIN AVG DEP HDD CDD WTR SNW DPTH SPD SPD DIR MIN PSBL S-S WX SPD DR
================================================================================
1 90 75 83 3 0 18 0.03 M M 9.1 24 160 M M 9 3 34 150
2 82 65 74 -6 0 9 0.73 M M 8.2 28 350 M M 7 13 40 350
3 82 69 76 -4 0 11 1.06 M M 6.7 16 40 M M 7 13 22 50
4 88 67 78 -3 0 13 0.00 M M 6.9 14 120 M M 7 18 22 140
5 94 73 84 3 0 19 0.00 M M 15.6 31 160 M M 5 40 170
6 95 76 86 5 0 21 0.00 M M 16.2 26 170 M M 4 35 170
7 94 76 85 4 0 20 0.00 M M 14.7 23 150 M M 4 34 150
8 88 75 82 0 0 17 0.00 M M 13.8 33 10 M M 7 44 360
9 93 72 83 1 0 18 0.00 M M 6.9 14 160 M M 6 17 130
10 99 74 87 5 0 22 0.00 M M 9.3 22 20 M M 5 27 310
11 104 79 92 10 0 27 0.00 M M 11.9 23 160 M M 3 30 170
12 106 81 94 12 0 29 0.00 M M 15.8 25 150 M M 2 32 140
13 101 80 91 8 0 26 0.00 M M 19.6 30 150 M M 0 8 40 160
14 98 78 88 5 0 23 0.00 M M 23.0 33 160 M M 5 8 45 190
15 96 79 88 5 0 23 0.00 M M 19.1 26 180 M M 7 37 170
16 100 82 91 8 0 26 0.00 M M 11.6 20 200 M M 4 27 120
17 98 76 87 4 0 22 T M M 6.2 22 130 M M 2 38 28 140
18 97 77 87 4 0 22 0.00 M M 7.2 18 140 M M 3 24 140
19 98 79 89 5 0 24 T M M 7.4 26 110 M M 3 35 130
20 100 77 89 5 0 24 0.00 M M 9.5 20 130 M M 2 27 140
21 99 82 91 7 0 26 0.00 M M 9.8 18 180 M M 1 24 190
22 99 78 89 5 0 24 0.00 M M 6.7 17 130 M M 2 22 110
23 101 79 90 6 0 25 0.00 M M 6.3 17 130 M M 3 25 120
24 103 79 91 7 0 26 0.00 M M 11.9 20 150 M M 2 31 150
25 102 82 92 8 0 27 0.00 M M 9.6 16 190 M M 2 23 110
26 101 79 90 6 0 25 0.00 M M 11.0 22 30 M M 4 30 20
27 93 71 82 -2 0 17 0.00 M M 11.3 17 50 M M 5 27 70
28 91 77 84 -1 0 19 0.00 M M 8.6 16 60 M M 7 28 50
29 94 68 81 -4 0 16 0.00 M M 6.2 16 30 M M 2 25 90
30 100 69 85 0 0 20 0.00 M M 6.9 24 160 M M 1 30 160
================================================================================
SM 2886 2274 0 639 1.82 M 327.0 M 121
================================================================================
AV 96.2 75.8 10.9 FASTST M M 4 MAX(MPH)
MISC ----> # 33 10 45 190
================================================================================
NOTES:
# LAST OF SEVERAL OCCURRENCES
COLUMN 17 PEAK WIND IN M.P.H.
PRELIMINARY LOCAL CLIMATOLOGICAL DATA (WS FORM: F-6) , PAGE 2
STATION: FORT WORTH ALLIANCE
MONTH: JUNE
YEAR: 2022
LATITUDE: 32 58 N
LONGITUDE: 97 19 W
[TEMPERATURE DATA] [PRECIPITATION DATA] SYMBOLS USED IN COLUMN 16
AVERAGE MONTHLY: 86.0 TOTAL FOR MONTH: 1.82 1 = FOG OR MIST
DPTR FM NORMAL: 3.3 DPTR FM NORMAL: -2.23 2 = FOG REDUCING VISIBILITY
HIGHEST: 106 ON 12 GRTST 24HR 1.06 ON 3- 3 TO 1/4 MILE OR LESS
LOWEST: 65 ON 2 3 = THUNDER
SNOW, ICE PELLETS, HAIL 4 = ICE PELLETS
TOTAL MONTH: M 5 = HAIL
GRTST 24HR M ON M 6 = FREEZING RAIN OR DRIZZLE
GRTST DEPTH: M ON M 7 = DUSTSTORM OR SANDSTORM:
VSBY 1/2 MILE OR LESS
8 = SMOKE OR HAZE
[NO. OF DAYS WITH] [WEATHER - DAYS WITH] 9 = BLOWING SNOW
X = TORNADO
MAX 32 OR BELOW: 0 0.01 INCH OR MORE: 3
MAX 90 OR ABOVE: 26 0.10 INCH OR MORE: 2
MIN 32 OR BELOW: 0 0.50 INCH OR MORE: 2
MIN 0 OR BELOW: 0 1.00 INCH OR MORE: 1
[HDD (BASE 65) ]
TOTAL THIS MO. 0 CLEAR (SCALE 0-3) 12
DPTR FM NORMAL 0 PTCLDY (SCALE 4-7) 17
TOTAL FM JUL 1 1944 CLOUDY (SCALE 8-10) 1
DPTR FM NORMAL -270
[CDD (BASE 65) ]
TOTAL THIS MO. 639
DPTR FM NORMAL 107 [PRESSURE DATA]
TOTAL FM JAN 1 1224 HIGHEST SLP 30.17 ON 27
DPTR FM NORMAL 230 LOWEST SLP 29.54 ON 6
[REMARKS]
#FINAL-06-22#