000
CXUS54 KFWD 010837
CF6AFW
PRELIMINARY LOCAL CLIMATOLOGICAL DATA (WS FORM: F-6)
STATION: FORT WORTH ALLIANCE
MONTH: FEBRUARY
YEAR: 2024
LATITUDE: 32 58 N
LONGITUDE: 97 19 W
TEMPERATURE IN F: :PCPN: SNOW: WIND :SUNSHINE: SKY :PK WND
================================================================================
1 2 3 4 5 6A 6B 7 8 9 10 11 12 13 14 15 16 17 18
12Z AVG MX 2MIN
DY MAX MIN AVG DEP HDD CDD WTR SNW DPTH SPD SPD DIR MIN PSBL S-S WX SPD DR
================================================================================
1 73 50 62 14 3 0 0.00 M M 11.5 23 170 M M 5 30 170
2 67 54 61 13 4 0 0.64 M M 12.6 26 260 M M 8 13 39 270
3 67 50 59 11 6 0 0.10 M M 9.9 23 100 M M 7 13 29 100
4 63 50 57 8 8 0 0.06 M M 13.9 26 350 M M 9 13 38 340
5 62 44 53 4 12 0 0.00 M M 13.8 24 340 M M 5 38 280
6 66 38 52 3 13 0 0.00 M M 3.8 12 110 M M 5 17 30
7 66 48 57 8 8 0 0.00 M M 14.5 26 170 M M 8 35 150
8 68 53 61 12 4 0 0.00 M M 10.3 18 190 M M 6 24 180
9 70 51 61 11 4 0 0.00 M M 6.2 18 190 M M 10 24 240
10 58 49 54 4 11 0 0.21 M M 7.3 15 50 M M 10 1 19 40
11 52 38 45 -5 20 0 0.59 M M 15.9 26 340 M M 10 13 31 340
12 55 38 47 -3 18 0 0.00 M M 13.8 24 310 M M 4 43 280
13 63 34 49 -1 16 0 0.00 M M 6.2 15 200 M M 1 8 21 180
14 68 42 55 5 10 0 0.00 M M 13.0 24 190 M M 2 30 180
15 69 50 60 10 5 0 0.00 M M 7.3 14 200 M M 8 22 200
16 69 39 54 3 11 0 0.00 M M 15.1 29 10 M M 10 38 360
17 45 33 39 -12 26 0 0.00 M M 17.4 24 360 M M 8 34 10
18 54 26 40 -11 25 0 0.00 M M 4.5 14 330 M M 1 19 330
19 69 37 53 2 12 0 0.00 M M 10.8 25 190 M M 2 32 190
20 80 42 61 9 4 0 0.00 M M 9.7 23 180 M M 4 29 180
21 80 55 68 16 0 3 0.00 M M 18.1 29 190 M M 3 40 180
22 78 57 68 16 0 3 0.00 M M 13.1 26 190 M M 1 35 190
23 71 47 59 7 6 0 0.00 M M 10.3 18 320 M M 2 25 330
24 76 44 60 8 5 0 0.00 M M 8.6 17 180 M M 1 23 220
25 86 57 72 19 0 7 0.00 M M 12.4 22 220 M M 2 31 220
26 93 53 73 20 0 8 0.00 M M 12.1 23 190 M M 5 30 190
27 78 66 72 19 0 7 T M M 14.0 24 320 M M 9 18 31 330
28 75 37 56 2 9 0 T M M 15.7 31 340 M M 9 43 340
29 52 39 46 -8 19 0 0.13 M M 7.7 16 100 M M 10 3 20 40
================================================================================
SM 1973 1321 259 28 1.73 M 329.5 M 165
================================================================================
AV 68.0 45.6 11.4 FASTST M M 6 MAX(MPH)
MISC ----> 31 340 # 43 280
================================================================================
NOTES:
# LAST OF SEVERAL OCCURRENCES
COLUMN 17 PEAK WIND IN M.P.H.
PRELIMINARY LOCAL CLIMATOLOGICAL DATA (WS FORM: F-6) , PAGE 2
STATION: FORT WORTH ALLIANCE
MONTH: FEBRUARY
YEAR: 2024
LATITUDE: 32 58 N
LONGITUDE: 97 19 W
[TEMPERATURE DATA] [PRECIPITATION DATA] SYMBOLS USED IN COLUMN 16
AVERAGE MONTHLY: 56.8 TOTAL FOR MONTH: 1.73 1 = FOG OR MIST
DPTR FM NORMAL: 6.2 DPTR FM NORMAL: -0.50 2 = FOG REDUCING VISIBILITY
HIGHEST: 93 ON 26 GRTST 24HR 0.77 ON 10-11 TO 1/4 MILE OR LESS
LOWEST: 26 ON 18 3 = THUNDER
SNOW, ICE PELLETS, HAIL 4 = ICE PELLETS
TOTAL MONTH: M 5 = HAIL
GRTST 24HR M ON M 6 = FREEZING RAIN OR DRIZZLE
GRTST DEPTH: M ON M 7 = DUSTSTORM OR SANDSTORM:
VSBY 1/2 MILE OR LESS
8 = SMOKE OR HAZE
[NO. OF DAYS WITH] [WEATHER - DAYS WITH] 9 = BLOWING SNOW
X = TORNADO
MAX 32 OR BELOW: 0 0.01 INCH OR MORE: 6
MAX 90 OR ABOVE: 1 0.10 INCH OR MORE: 5
MIN 32 OR BELOW: 1 0.50 INCH OR MORE: 2
MIN 0 OR BELOW: 0 1.00 INCH OR MORE: 0
[HDD (BASE 65) ]
TOTAL THIS MO. 259 CLEAR (SCALE 0-3) 8
DPTR FM NORMAL -154 PTCLDY (SCALE 4-7) 11
TOTAL FM JUL 1 1720 CLOUDY (SCALE 8-10) 10
DPTR FM NORMAL -173
[CDD (BASE 65) ]
TOTAL THIS MO. 28
DPTR FM NORMAL 18 [PRESSURE DATA]
TOTAL FM JAN 1 28 HIGHEST SLP 30.44 ON 29
DPTR FM NORMAL 15 LOWEST SLP 29.46 ON 4
[REMARKS]
#FINAL-02-24#