000
CXUS52 KCAE 011400
CF6AGS
PRELIMINARY LOCAL CLIMATOLOGICAL DATA (WS FORM: F-6)
STATION: AUGUSTA BUSH FIELD GA
MONTH: MAY
YEAR: 2023
LATITUDE: 33 22 N
LONGITUDE: 81 58 W
TEMPERATURE IN F: :PCPN: SNOW: WIND :SUNSHINE: SKY :PK WND
================================================================================
1 2 3 4 5 6A 6B 7 8 9 10 11 12 13 14 15 16 17 18
12Z AVG MX 2MIN
DY MAX MIN AVG DEP HDD CDD WTR SNW DPTH SPD SPD DIR MIN PSBL S-S WX SPD DR
================================================================================
1 73 48 61 -8 4 0 0.00 0.0 0 11.9 28 280 M M 1 37 270
2 76 49 63 -6 2 0 0.00 0.0 0 13.1 29 280 M M 1 42 270
3 76 48 62 -7 3 0 0.00 0.0 0 11.9 28 300 M M 0 34 310
4 76 40 58 -11 7 0 0.00 M 0 2.1 14 280 M M 0 17 280
5 72 47 60 -10 5 0 0.04 0.0 0 1.7 8 230 M M 4 1 13 130
6 76 58 67 -3 0 2 T 0.0 0 2.5 15 210 M M 9 1 19 220
7 82 52 67 -3 0 2 0.00 0.0 0 4.6 13 210 M M 4 12 17 220
8 88 61 75 5 0 10 0.01 0.0 0 7.0 21 280 M M 2 1 27 280
9 92 66 79 8 0 14 0.00 0.0 0 7.2 17 250 M M 1 1 22 260
10 84 61 73 2 0 8 0.00 0.0 0 6.1 16 80 M M 1 1 20 110
11 84 56 70 -1 0 5 0.00 0.0 0 4.3 12 140 M M 3 12 16 100
12 84 61 73 1 0 8 0.33 0.0 0 4.5 13 290 M M 7 13 19 180
13 85 66 76 4 0 11 T 0.0 0 4.1 9 140 M M 5 1 13 140
14 91 63 77 5 0 12 0.07 0.0 0 1.8 20 70 M M 4 128 25 60
15 84 65 75 3 0 10 T 0.0 0 5.7 15 70 M M 5 22 130
16 86 60 73 0 0 8 0.17 0.0 0 5.2 15 190 M M 3 13 19 200
17 86 65 76 3 0 11 0.09 0.0 0 4.9 18 330 M M 4 13 22 330
18 70 60 65 -8 0 0 0.43 0.0 0 8.0 21 70 M M 10 1 26 60
19 70 61 66 -8 0 1 0.01 0.0 0 6.9 14 30 M M 10 1 19 290
20 79 63 71 -3 0 6 0.00 0.0 0 2.5 9 150 M M 7 1 12 230
21 76 62 69 -5 0 4 0.38 0.0 0 4.2 12 60 M M 10 1 15 30
22 77 65 71 -3 0 6 0.37 0.0 M 4.5 10 60 M M 9 1 13 40
23 75 62 69 -6 0 4 T 0.0 0 5.7 16 50 M M 6 21 60
24 80 56 68 -7 0 3 0.00 0.0 0 6.1 16 10 M M 1 22 10
25 82 49 66 -9 0 1 0.00 0.0 0 7.1 16 40 M M 2 21 30
26 72 62 67 -9 0 2 T 0.0 0 11.3 18 50 M M 6 23 30
27 64 54 59 -17 6 0 1.61 0.0 0 14.0 29 30 M M 8 13 41 20
28 67 54 61 -15 4 0 T 0.0 0 8.1 15 340 M M 9 18 17 320
29 82 53 68 -8 0 3 0.00 0.0 0 2.3 10 280 M M 1 12 15 250
30 83 56 70 -6 0 5 0.00 0.0 0 4.4 14 60 M M 6 1 18 70
31 77 62 70 -7 0 5 0.00 0.0 0 4.7 15 50 M M 6 1 18 50
================================================================================
SM 2449 1785 31 141 3.51 0.0 188.4 M 145
================================================================================
AV 79.0 57.6 6.1 FASTST M M 5 MAX(MPH)
MISC ----> # 29 280 42 270
================================================================================
NOTES:
# LAST OF SEVERAL OCCURRENCES
COLUMN 17 PEAK WIND IN M.P.H.
PRELIMINARY LOCAL CLIMATOLOGICAL DATA (WS FORM: F-6) , PAGE 2
STATION: AUGUSTA BUSH FIELD GA
MONTH: MAY
YEAR: 2023
LATITUDE: 33 22 N
LONGITUDE: 81 58 W
[TEMPERATURE DATA] [PRECIPITATION DATA] SYMBOLS USED IN COLUMN 16
AVERAGE MONTHLY: 68.3 TOTAL FOR MONTH: 3.51 1 = FOG OR MIST
DPTR FM NORMAL: -4.4 DPTR FM NORMAL: 0.46 2 = FOG REDUCING VISIBILITY
HIGHEST: 92 ON 9 GRTST 24HR 1.61 ON 27-27 TO 1/4 MILE OR LESS
LOWEST: 40 ON 4 3 = THUNDER
SNOW, ICE PELLETS, HAIL 4 = ICE PELLETS
TOTAL MONTH: 0.0 INCH 5 = HAIL
GRTST 24HR 0.0 6 = FREEZING RAIN OR DRIZZLE
GRTST DEPTH: 0 7 = DUSTSTORM OR SANDSTORM:
VSBY 1/2 MILE OR LESS
8 = SMOKE OR HAZE
[NO. OF DAYS WITH] [WEATHER - DAYS WITH] 9 = BLOWING SNOW
X = TORNADO
MAX 32 OR BELOW: 0 0.01 INCH OR MORE: 11
MAX 90 OR ABOVE: 2 0.10 INCH OR MORE: 6
MIN 32 OR BELOW: 0 0.50 INCH OR MORE: 1
MIN 0 OR BELOW: 0 1.00 INCH OR MORE: 1
[HDD (BASE 65) ]
TOTAL THIS MO. 31 CLEAR (SCALE 0-3) 12
DPTR FM NORMAL 19 PTCLDY (SCALE 4-7) 12
TOTAL FM JUL 1 1980 CLOUDY (SCALE 8-10) 7
DPTR FM NORMAL -198
[CDD (BASE 65) ]
TOTAL THIS MO. 141
DPTR FM NORMAL -112 [PRESSURE DATA]
TOTAL FM JAN 1 226 HIGHEST SLP 30.26 ON 6
DPTR FM NORMAL -143 LOWEST SLP 29.61 ON 2
[REMARKS]
#FINAL-05-23#