000
CXUS52 KCAE 011400
CF6AGS
PRELIMINARY LOCAL CLIMATOLOGICAL DATA (WS FORM: F-6)
STATION: AUGUSTA BUSH FIELD GA
MONTH: OCTOBER
YEAR: 2023
LATITUDE: 33 22 N
LONGITUDE: 81 58 W
TEMPERATURE IN F: :PCPN: SNOW: WIND :SUNSHINE: SKY :PK WND
================================================================================
1 2 3 4 5 6A 6B 7 8 9 10 11 12 13 14 15 16 17 18
12Z AVG MX 2MIN
DY MAX MIN AVG DEP HDD CDD WTR SNW DPTH SPD SPD DIR MIN PSBL S-S WX SPD DR
================================================================================
1 84 59 72 0 0 7 0.00 0.0 0 5.2 16 60 M M 1 1 22 80
2 84 56 70 -1 0 5 0.00 0.0 0 3.4 13 100 M M 0 1 17 100
3 86 55 71 0 0 6 0.00 0.0 0 3.9 14 50 M M 0 1 18 50
4 85 57 71 0 0 6 0.00 0.0 0 4.0 14 50 M M 1 1 17 50
5 86 54 70 0 0 5 0.00 0.0 0 2.7 12 40 M M 1 1 16 40
6 86 64 75 5 0 10 T 0.0 0 3.0 7 330 M M 4 10 340
7 81 52 67 -3 0 2 0.03 0.0 0 8.9 20 350 M M 3 25 300
8 72 41 57 -12 8 0 0.00 0.0 0 3.8 16 310 M M 0 21 310
9 75 39 57 -12 8 0 0.00 0.0 0 2.3 13 230 M M 0 1 21 290
10 81 44 63 -5 2 0 0.00 0.0 0 4.6 17 220 M M 0 1 22 220
11 73 57 65 -3 0 0 0.49 0.0 0 2.0 12 80 M M 3 1 15 70
12 64 59 62 -6 3 0 3.16 0.0 0 8.0 15 70 M M 10 1 19 70
13 75 62 69 2 0 4 0.03 0.0 0 5.4 14 90 M M 10 1 17 100
14 77 62 70 3 0 5 0.20 0.0 0 9.1 20 270 M M 7 1 29 270
15 71 48 60 -6 5 0 0.08 0.0 0 5.4 16 340 M M 5 1 21 340
16 65 46 56 -10 9 0 0.02 0.0 0 8.1 17 320 M M 7 1 21 310
17 69 42 56 -10 9 0 0.00 0.0 0 3.0 14 10 M M 0 18 16 350
18 72 42 57 -8 8 0 0.00 0.0 0 0.7 9 200 M M 1 12 13 210
19 74 43 59 -6 6 0 0.00 0.0 0 0.9 9 140 M M 2 12 12 140
20 75 48 62 -2 3 0 0.36 0.0 0 5.0 30 320 M M 4 123 36 330
21 75 43 59 -5 6 0 0.00 0.0 0 4.8 14 270 M M 0 1 17 310
22 81 49 65 1 0 0 0.00 0.0 0 5.1 17 340 M M 0 21 320
23 73 43 58 -5 7 0 0.00 0.0 0 2.4 14 70 M M 0 1 18 70
24 76 39 58 -5 7 0 0.00 0.0 0 2.3 10 100 M M 0 1 14 100
25 79 47 63 0 2 0 0.00 0.0 0 2.6 10 90 M M 3 12 14 100
26 82 52 67 5 0 2 0.00 0.0 0 2.7 13 150 M M 3 12 18 130
27 81 54 68 6 0 3 0.00 0.0 0 1.1 9 130 M M 6 12 11 120
28 82 53 68 6 0 3 0.00 0.0 0 0.9 7 340 M M 4 12 9 340
29 83 52 68 7 0 3 0.00 0.0 0 2.2 13 220 M M 4 128 17 240
30 85 55 70 9 0 5 0.00 0.0 0 4.0 13 250 M M 4 12 16 230
31 71 53 62 2 3 0 T 0.0 0 6.9 15 340 M M 5 12 18 350
================================================================================
SM 2403 1570 86 66 4.37 0.0 124.4 M 88
================================================================================
AV 77.5 50.6 4.0 FASTST M M 3 MAX(MPH)
MISC ----> 30 320 36 330
================================================================================
NOTES:
# LAST OF SEVERAL OCCURRENCES
COLUMN 17 PEAK WIND IN M.P.H.
PRELIMINARY LOCAL CLIMATOLOGICAL DATA (WS FORM: F-6) , PAGE 2
STATION: AUGUSTA BUSH FIELD GA
MONTH: OCTOBER
YEAR: 2023
LATITUDE: 33 22 N
LONGITUDE: 81 58 W
[TEMPERATURE DATA] [PRECIPITATION DATA] SYMBOLS USED IN COLUMN 16
AVERAGE MONTHLY: 64.1 TOTAL FOR MONTH: 4.37 1 = FOG OR MIST
DPTR FM NORMAL: -1.9 DPTR FM NORMAL: 1.81 2 = FOG REDUCING VISIBILITY
HIGHEST: 86 ON 6, 5 GRTST 24HR 3.65 ON 11-12 TO 1/4 MILE OR LESS
LOWEST: 39 ON 24, 9 3 = THUNDER
SNOW, ICE PELLETS, HAIL 4 = ICE PELLETS
TOTAL MONTH: 0.0 INCH 5 = HAIL
GRTST 24HR 0.0 6 = FREEZING RAIN OR DRIZZLE
GRTST DEPTH: 0 7 = DUSTSTORM OR SANDSTORM:
VSBY 1/2 MILE OR LESS
8 = SMOKE OR HAZE
[NO. OF DAYS WITH] [WEATHER - DAYS WITH] 9 = BLOWING SNOW
X = TORNADO
MAX 32 OR BELOW: 0 0.01 INCH OR MORE: 8
MAX 90 OR ABOVE: 0 0.10 INCH OR MORE: 4
MIN 32 OR BELOW: 0 0.50 INCH OR MORE: 1
MIN 0 OR BELOW: 0 1.00 INCH OR MORE: 1
[HDD (BASE 65) ]
TOTAL THIS MO. 86 CLEAR (SCALE 0-3) 17
DPTR FM NORMAL 6 PTCLDY (SCALE 4-7) 12
TOTAL FM JUL 1 86 CLOUDY (SCALE 8-10) 2
DPTR FM NORMAL 4
[CDD (BASE 65) ]
TOTAL THIS MO. 66
DPTR FM NORMAL -46 [PRESSURE DATA]
TOTAL FM JAN 1 1907 HIGHEST SLP 30.38 ON 25
DPTR FM NORMAL -434 LOWEST SLP 29.60 ON 20
[REMARKS]
#FINAL-10-23#