000
CXUS53 KGRB 110338
CF6AIG
PRELIMINARY LOCAL CLIMATOLOGICAL DATA (WS FORM: F-6)
STATION: ANTIGO AWOS
MONTH: MARCH
YEAR: 2021
LATITUDE: 45 9 N
LONGITUDE: 89 8 W
TEMPERATURE IN F: :PCPN: SNOW: WIND :SUNSHINE: SKY :PK WND
================================================================================
1 2 3 4 5 6A 6B 7 8 9 10 11 12 13 14 15 16 17 18
12Z AVG MX 2MIN
DY MAX MIN AVG DEP HDD CDD WTR SNW DPTH SPD SPD DIR MIN PSBL S-S WX SPD DR
================================================================================
1 24 6 15 -5 50 0 M M M 10.2 16 320 M M 1 22 320
2 39 4 22 2 43 0 M M M 11.9 25 230 M M 2 35 230
3 38 13 26 5 39 0 M M M 3.5 14 20 M M 3 12 M M
4 36 8 22 1 43 0 M M M 1.1 8 50 M M 0 M M
5 40 13 27 5 38 0 M M M 2.7 10 360 M M 3 M M
6 38 5 22 0 43 0 M M M 2.2 10 350 M M 0 M M
7 37 12 25 3 40 0 M M M 9.6 16 160 M M 5 23 150
8 48 20 34 11 31 0 M M M 4.7 12 300 M M 2 1 20 290
9 51 26 39 16 26 0 M M M 11.0 18 140 M M 3 25 150
10 49 40 45 21 20 0 0.60 M M 9.2 15 210 M M 9 12 23 170
11 50 32 41 17 24 0 M M M 19.1 28 280 M M 5 1 43 230
12 34 23 29 5 36 0 M M M 9.7 18 300 M M 1 25 330
13 54 20 37 12 28 0 M M M 9.5 20 260 M M 0 28 270
14 40 25 33 8 32 0 M M M 10.2 18 100 M M 0 24 100
15 35 19 27 1 38 0 M M M 12.5 17 90 M M 4 22 120
16 32 25 29 3 36 0 M M M 2.3 8 130 M M 9 M M
17 39 24 32 5 33 0 M M M 4.3 13 360 M M 8 1 M M
18 47 28 38 11 27 0 M M M 12.5 23 50 M M 0 30 50
19 50 22 36 8 29 0 M M M 5.2 10 200 M M 0 18 200
20 56 28 42 14 23 0 M M M 10.7 18 190 M M 0 24 190
21 61 28 45 16 20 0 M M M 13.6 25 180 M M 0 35 190
22 60 41 51 22 14 0 M M M 6.6 12 240 M M 6 18 190
23 58 39 49 19 16 0 0.12 0.0 0 8.9 17 130 M M 9 23 130
24 50 32 41 11 24 0 0.25 M M 10.9 17 290 M M 10 1 25 100
25 37 28 33 2 32 0 M M M 7.7 14 360 M M 10 16 360
26 40 22 31 0 34 0 M M M 5.2 16 360 M M 6 21 360
27 35 25 30 -2 35 0 0.07 M M 3.9 10 360 M M 8 1 M M
28 32 20 26 -6 39 0 0.02 M M 11.7 22 360 M M 7 35 360
29 58 21 40 7 25 0 M M M 14.6 23 360 M M 3 30 360
30 51 29 40 7 25 0 M M M 18.4 28 360 M M 3 35 360
31 31 19 25 -9 40 0 M M M 14.1 18 360 M M 6 25 360
================================================================================
SM 1350 697 983 0 1.06 0.0 277.7 M 123
================================================================================
AV 43.5 22.5 9.0 FASTST M M 4 MAX(MPH)
MISC ----> 28 360 43 230
================================================================================
NOTES:
# LAST OF SEVERAL OCCURRENCES
COLUMN 17 PEAK WIND IN M.P.H.
PRELIMINARY LOCAL CLIMATOLOGICAL DATA (WS FORM: F-6) , PAGE 2
STATION: ANTIGO AWOS
MONTH: MARCH
YEAR: 2021
LATITUDE: 45 9 N
LONGITUDE: 89 8 W
[TEMPERATURE DATA] [PRECIPITATION DATA] SYMBOLS USED IN COLUMN 16
AVERAGE MONTHLY: 33.0 TOTAL FOR MONTH: 1.06 1 = FOG OR MIST
DPTR FM NORMAL: 6.5 DPTR FM NORMAL: -0.15 2 = FOG REDUCING VISIBILITY
HIGHEST: 61 ON 21 GRTST 24HR 0.60 ON 10-10 TO 1/4 MILE OR LESS
LOWEST: 4 ON 2 3 = THUNDER
SNOW, ICE PELLETS, HAIL 4 = ICE PELLETS
TOTAL MONTH: 0.0 INCH 5 = HAIL
GRTST 24HR 0.0 6 = FREEZING RAIN OR DRIZZLE
GRTST DEPTH: 0 7 = DUSTSTORM OR SANDSTORM:
VSBY 1/2 MILE OR LESS
8 = SMOKE OR HAZE
[NO. OF DAYS WITH] [WEATHER - DAYS WITH] 9 = BLOWING SNOW
X = TORNADO
MAX 32 OR BELOW: 4 0.01 INCH OR MORE: 5
MAX 90 OR ABOVE: 0 0.10 INCH OR MORE: 3
MIN 32 OR BELOW: 28 0.50 INCH OR MORE: 1
MIN 0 OR BELOW: 0 1.00 INCH OR MORE: 0
[HDD (BASE 65) ]
TOTAL THIS MO. 983 CLEAR (SCALE 0-3) 16
DPTR FM NORMAL -210 PTCLDY (SCALE 4-7) 10
TOTAL FM JUL 1 7406 CLOUDY (SCALE 8-10) 5
DPTR FM NORMAL -457
[CDD (BASE 65) ]
TOTAL THIS MO. 0
DPTR FM NORMAL 0 [PRESSURE DATA]
TOTAL FM JAN 1 0 HIGHEST SLP M ON M
DPTR FM NORMAL 0 LOWEST SLP M ON M
[REMARKS]
#FINAL-03-21#