000
CXAK56 PAJK 011410
CF6AJN
PRELIMINARY LOCAL CLIMATOLOGICAL DATA (WS FORM: F-6)
STATION: JUNEAU
MONTH: JANUARY
YEAR: 2022
LATITUDE: 58 22 N
LONGITUDE: 134 35 W
TEMPERATURE IN F: :PCPN: SNOW: WIND :SUNSHINE: SKY :PK WND
================================================================================
1 2 3 4 5 6A 6B 7 8 9 10 11 12 13 14 15 16 17 18
12Z AVG MX 2MIN
DY MAX MIN AVG DEP HDD CDD WTR SNW DPTH SPD SPD DIR MIN PSBL S-S WX SPD DR
================================================================================
1 35 27 31 2 34 0 0.55 5.0 20 10.5 30 110 M M 10 1 38 110
2 27 16 22 -6 43 0 T 0.1 20 16.8 30 90 M M 8 19 39 120
3 17 8 13 -15 52 0 0.00 0.0 18 21.8 32 90 M M 5 43 120
4 9 4 7 -21 58 0 0.00 0.0 17 14.6 31 100 M M 1 42 100
5 8 -6 1 -27 64 0 0.00 0.0 16 1.7 9 120 M M 2 11 100
6 19 -8 6 -22 59 0 0.00 0.0 16 3.5 15 80 M M 3 128 19 80
7 19 8 14 -14 51 0 0.00 0.0 16 11.0 22 130 M M 5 27 120
8 14 6 10 -18 55 0 0.08 1.8 15 6.0 15 130 M M 7 1 21 140
9 37 13 25 -3 40 0 0.96 9.1 26 7.4 29 120 M M 10 126 33 120
10 40 32 36 8 29 0 0.41 0.0 26 11.6 25 100 M M 10 1 30 110
11 40 36 38 10 27 0 0.54 0.0 16 10.9 20 100 M M 10 1 21 90
12 39 35 37 9 28 0 0.12 0.0 15 8.1 16 100 M M 10 1 18 110
13 40 35 38 10 27 0 0.12 0.0 14 11.1 28 110 M M 9 33 110
14 42 35 39 11 26 0 0.26 0.0 13 9.9 21 90 M M 10 1 25 100
15 40 34 37 9 28 0 0.08 0.0 10 9.6 20 110 M M 9 1 24 120
16 39 32 36 8 29 0 0.19 0.3 9 2.5 15 240 M M 9 25 18 240
17 33 21 27 -1 38 0 T T 9 0.9 6 120 M M 5 12 6 220
18 28 19 24 -4 41 0 0.00 0.0 9 1.1 8 100 M M 7 1 8 100
19 34 24 29 1 36 0 0.60 4.8 9 1.2 6 220 M M 10 146 6 250
20 39 33 36 8 29 0 0.27 0.0 13 9.1 20 120 M M 10 1 23 120
21 44 35 40 12 25 0 3.48 T 10 20.4 33 110 M M 10 1 46 110
22 44 37 41 13 24 0 2.20 0.0 5 20.4 31 110 M M 10 18 37 110
23 40 32 36 7 29 0 0.05 0.0 T 5.2 16 90 M M 9 12 21 110
24 39 33 36 7 29 0 0.87 0.0 T 12.6 21 120 M M 10 2 26 110
25 41 35 38 9 27 0 0.16 0.0 T 5.3 16 110 M M 10 1 21 100
26 38 33 36 7 29 0 0.02 0.0 T 3.1 21 110 M M 10 2 24 110
27 42 34 38 9 27 0 0.34 0.0 T 20.5 32 120 M M 10 41 110
28 43 40 42 13 23 0 0.44 0.0 T 22.9 32 120 M M 10 1 39 120
29 43 34 39 10 26 0 0.40 0.1 T 13.7 29 120 M M 10 14 35 130
30 35 28 32 3 33 0 0.15 1.5 T 5.9 12 100 M M 9 1 18 80
31 30 14 22 -7 43 0 0.00 0.0 1 3.9 14 150 M M 3 18 150
================================================================================
SM 1038 759 1109 0 12.29 22.7 303.2 M 251
================================================================================
AV 33.5 24.5 9.8 FASTST M M 8 MAX(MPH)
MISC ----> 33 110 46 110
================================================================================
NOTES:
# LAST OF SEVERAL OCCURRENCES
COLUMN 17 PEAK WIND IN M.P.H.
PRELIMINARY LOCAL CLIMATOLOGICAL DATA (WS FORM: F-6) , PAGE 2
STATION: JUNEAU
MONTH: JANUARY
YEAR: 2022
LATITUDE: 58 22 N
LONGITUDE: 134 35 W
[TEMPERATURE DATA] [PRECIPITATION DATA] SYMBOLS USED IN COLUMN 16
AVERAGE MONTHLY: 29.0 TOTAL FOR MONTH: 12.29 1 = FOG OR MIST
DPTR FM NORMAL: 0.5 DPTR FM NORMAL: 6.27 2 = FOG REDUCING VISIBILITY
HIGHEST: 44 ON 22,21 GRTST 24HR 3.48 ON 21-21 TO 1/4 MILE OR LESS
LOWEST: -8 ON 6 3 = THUNDER
SNOW, ICE PELLETS, HAIL 4 = ICE PELLETS
TOTAL MONTH: 24.8 INCHES 5 = HAIL
GRTST 24HR 9.1 ON 9- 9 6 = FREEZING RAIN OR DRIZZLE
GRTST DEPTH: 26 ON 10, 9 7 = DUSTSTORM OR SANDSTORM:
VSBY 1/2 MILE OR LESS
8 = SMOKE OR HAZE
[NO. OF DAYS WITH] [WEATHER - DAYS WITH] 9 = BLOWING SNOW
X = TORNADO
MAX 32 OR BELOW: 9 0.01 INCH OR MORE: 22
MAX 90 OR ABOVE: 0 0.10 INCH OR MORE: 18
MIN 32 OR BELOW: 17 0.50 INCH OR MORE: 7
MIN 0 OR BELOW: 2 1.00 INCH OR MORE: 2
[HDD (BASE 65) ]
TOTAL THIS MO. 1109 CLEAR (SCALE 0-3) 3
DPTR FM NORMAL -24 PTCLDY (SCALE 4-7) 6
TOTAL FM JUL 1 4933 CLOUDY (SCALE 8-10) 22
DPTR FM NORMAL 102
[CDD (BASE 65) ]
TOTAL THIS MO. 0
DPTR FM NORMAL 0 [PRESSURE DATA]
TOTAL FM JAN 1 0 HIGHEST SLP 30.53 ON 31
DPTR FM NORMAL 0 LOWEST SLP 28.93 ON 1
[REMARKS]
#FINAL-01-22#