000
CXAK56 PAJK 011310
CF6AJN
PRELIMINARY LOCAL CLIMATOLOGICAL DATA (WS FORM: F-6)
STATION: JUNEAU
MONTH: OCTOBER
YEAR: 2021
LATITUDE: 58 22 N
LONGITUDE: 134 35 W
TEMPERATURE IN F: :PCPN: SNOW: WIND :SUNSHINE: SKY :PK WND
================================================================================
1 2 3 4 5 6A 6B 7 8 9 10 11 12 13 14 15 16 17 18
12Z AVG MX 2MIN
DY MAX MIN AVG DEP HDD CDD WTR SNW DPTH SPD SPD DIR MIN PSBL S-S WX SPD DR
================================================================================
1 49 45 47 0 18 0 1.90 0.0 0 29.5 55 120 M M 10 1 69 110
2 50 40 45 -2 20 0 0.82 0.0 0 11.5 44 120 M M 9 18 58 120
3 45 39 42 -4 23 0 0.10 0.0 0 9.0 18 120 M M 9 1 23 110
4 47 30 39 -7 26 0 T 0.0 0 2.9 13 230 M M 5 12 14 240
5 49 28 39 -7 26 0 0.00 0.0 0 2.3 12 240 M M 1 1 15 230
6 47 27 37 -9 28 0 0.01 0.0 0 5.7 20 100 M M 6 1 24 130
7 45 41 43 -2 22 0 1.16 0.0 0 10.6 24 110 M M 10 1 29 110
8 46 41 44 -1 21 0 0.76 0.0 0 17.3 32 110 M M 10 1 42 90
9 47 43 45 0 20 0 0.15 0.0 0 8.4 18 110 M M 10 1 22 110
10 48 40 44 0 21 0 0.14 0.0 0 3.2 9 80 M M 9 1 25 120
11 46 41 44 0 21 0 1.18 0.0 0 18.2 32 110 M M 10 1 40 100
12 46 42 44 0 21 0 0.44 0.0 0 18.7 36 110 M M 10 1 46 100
13 47 44 46 3 19 0 0.71 0.0 0 18.4 37 110 M M 10 1 46 120
14 47 41 44 1 21 0 0.37 0.0 0 10.4 26 120 M M 10 1 34 110
15 46 39 43 0 22 0 0.32 0.0 0 6.9 17 120 M M 9 1 21 120
16 46 29 38 -4 27 0 0.00 0.0 0 1.5 7 230 M M 4 2 9 240
17 43 26 35 -7 30 0 0.00 0.0 0 1.1 6 230 M M 5 28 8 250
18 43 30 37 -5 28 0 0.00 0.0 0 2.5 8 120 M M 10 9 110
19 49 37 43 2 22 0 T 0.0 0 4.2 16 130 M M 10 19 120
20 52 39 46 5 19 0 0.05 0.0 0 7.3 20 120 M M 10 26 120
21 48 36 42 1 23 0 0.06 0.0 0 3.3 16 110 M M 9 12 23 110
22 50 40 45 5 20 0 0.34 0.0 0 14.5 39 120 M M 10 12 50 110
23 49 40 45 5 20 0 0.20 0.0 0 12.0 23 110 M M 9 1 29 130
24 48 29 39 -1 26 0 0.00 0.0 0 1.5 8 240 M M 6 12 9 260
25 40 28 34 -5 31 0 0.06 0.0 0 0.7 7 250 M M 8 1 7 260
26 45 38 42 3 23 0 0.16 0.0 0 2.2 9 70 M M 10 1 12 200
27 47 39 43 5 22 0 0.55 0.0 0 12.5 26 120 M M 10 1 34 120
28 43 38 41 3 24 0 0.02 0.0 0 8.0 17 110 M M 9 22 120
29 43 39 41 3 24 0 0.15 0.0 0 12.8 26 120 M M 10 1 32 110
30 47 32 40 2 25 0 0.02 0.0 0 7.0 16 90 M M 9 2 18 100
31 37 29 33 -4 32 0 0.00 0.0 0 0.0 5 60 M M 10 12 6 240
================================================================================
SM 1435 1130 725 0 9.67 0.0 264.1 M 267
================================================================================
AV 46.3 36.5 8.5 FASTST M M 9 MAX(MPH)
MISC ----> 55 120 69 110
================================================================================
NOTES:
# LAST OF SEVERAL OCCURRENCES
COLUMN 17 PEAK WIND IN M.P.H.
PRELIMINARY LOCAL CLIMATOLOGICAL DATA (WS FORM: F-6) , PAGE 2
STATION: JUNEAU
MONTH: OCTOBER
YEAR: 2021
LATITUDE: 58 22 N
LONGITUDE: 134 35 W
[TEMPERATURE DATA] [PRECIPITATION DATA] SYMBOLS USED IN COLUMN 16
AVERAGE MONTHLY: 41.4 TOTAL FOR MONTH: 9.67 1 = FOG OR MIST
DPTR FM NORMAL: -0.8 DPTR FM NORMAL: 1.25 2 = FOG REDUCING VISIBILITY
HIGHEST: 52 ON 20 GRTST 24HR 2.09 ON 1- 2 TO 1/4 MILE OR LESS
LOWEST: 26 ON 17 3 = THUNDER
SNOW, ICE PELLETS, HAIL 4 = ICE PELLETS
TOTAL MONTH: 0.0 INCH 5 = HAIL
GRTST 24HR 0.0 6 = FREEZING RAIN OR DRIZZLE
GRTST DEPTH: 0 7 = DUSTSTORM OR SANDSTORM:
VSBY 1/2 MILE OR LESS
8 = SMOKE OR HAZE
[NO. OF DAYS WITH] [WEATHER - DAYS WITH] 9 = BLOWING SNOW
X = TORNADO
MAX 32 OR BELOW: 0 0.01 INCH OR MORE: 23
MAX 90 OR ABOVE: 0 0.10 INCH OR MORE: 17
MIN 32 OR BELOW: 10 0.50 INCH OR MORE: 7
MIN 0 OR BELOW: 0 1.00 INCH OR MORE: 3
[HDD (BASE 65) ]
TOTAL THIS MO. 725 CLEAR (SCALE 0-3) 1
DPTR FM NORMAL 18 PTCLDY (SCALE 4-7) 6
TOTAL FM JUL 1 1576 CLOUDY (SCALE 8-10) 24
DPTR FM NORMAL -106
[CDD (BASE 65) ]
TOTAL THIS MO. 0
DPTR FM NORMAL 0 [PRESSURE DATA]
TOTAL FM JAN 1 6 HIGHEST SLP 30.36 ON 30
DPTR FM NORMAL 4 LOWEST SLP 28.89 ON 1
[REMARKS]
#FINAL-10-21#