000
CXAK56 PAJK 020548
CF6AJN
PRELIMINARY LOCAL CLIMATOLOGICAL DATA (WS FORM: F-6)
STATION: JUNEAU
MONTH: APRIL
YEAR: 2021
LATITUDE: 58 22 N
LONGITUDE: 134 35 W
TEMPERATURE IN F: :PCPN: SNOW: WIND :SUNSHINE: SKY :PK WND
================================================================================
1 2 3 4 5 6A 6B 7 8 9 10 11 12 13 14 15 16 17 18
12Z AVG MX 2MIN
DY MAX MIN AVG DEP HDD CDD WTR SNW DPTH SPD SPD DIR MIN PSBL S-S WX SPD DR
================================================================================
1 40 33 37 0 28 0 0.15 1.4 1 10.4 23 110 M M 9 1 27 120
2 42 28 35 -3 30 0 T T 1 1.9 10 110 M M 7 1 13 80
3 42 28 35 -3 30 0 T 0.0 1 4.9 13 110 M M 7 1 14 70
4 40 35 38 0 27 0 T 0.0 T 10.8 21 110 M M 10 25 110
5 42 34 38 0 27 0 0.19 0.0 0 10.3 21 120 M M 10 1 26 110
6 39 32 36 -2 29 0 0.43 1.0 1 7.5 17 120 M M 10 1 21 130
7 36 23 30 -9 35 0 0.01 0.6 1 3.4 15 310 M M 7 1 16 290
8 37 24 31 -8 34 0 0.37 0.9 0 25.8 44 120 M M 9 1 57 120
9 37 29 33 -6 32 0 0.46 5.8 T 7.4 37 110 M M 9 1 42 120
10 29 26 28 -12 37 0 0.03 0.6 3 3.5 10 260 M M 9 12 250
11 36 21 29 -11 36 0 T T 3 5.4 16 110 M M 9 18 110
12 36 34 35 -5 30 0 0.51 T 1 13.7 21 110 M M 10 1 25 110
13 42 34 38 -2 27 0 0.64 0.0 T 15.1 25 120 M M 10 1 29 130
14 47 38 43 3 22 0 0.33 0.0 0 5.7 18 110 M M 10 2 21 110
15 49 33 41 0 24 0 0.00 0.0 0 2.4 10 250 M M 9 2 14 230
16 58 32 45 4 20 0 0.00 0.0 0 3.0 10 240 M M 5 1 13 230
17 70 31 51 10 14 0 0.00 0.0 0 3.7 17 100 M M 3 1 22 100
18 68 34 51 9 14 0 0.00 0.0 0 5.5 22 90 M M 0 26 100
19 65 29 47 5 18 0 0.00 0.0 0 3.5 13 250 M M 1 14 240
20 57 36 47 5 18 0 0.03 0.0 0 7.6 17 240 M M 7 21 240
21 56 29 43 1 22 0 T 0.0 0 5.0 18 80 M M 4 24 80
22 58 25 42 0 23 0 0.00 0.0 0 4.2 14 100 M M 1 20 220
23 61 27 44 1 21 0 0.00 0.0 0 4.8 18 80 M M 1 1 25 70
24 62 30 46 3 19 0 0.00 0.0 0 4.8 20 100 M M 2 25 100
25 63 29 46 3 19 0 0.00 0.0 0 4.9 13 240 M M 2 16 240
26 62 30 46 2 19 0 0.00 0.0 0 4.4 14 290 M M 3 17 280
27 49 37 43 -1 22 0 0.16 0.0 0 6.7 24 110 M M 10 29 120
28 45 37 41 -3 24 0 0.27 T 0 4.9 13 240 M M 10 1 14 230
29 46 41 44 0 21 0 0.81 0.0 0 4.7 13 90 M M 10 1 16 220
30 45 43 44 0 21 0 0.76 0.0 0 9.3 21 120 M M 10 1 26 130
================================================================================
SM 1459 942 743 0 5.15 10.3 205.2 M 204
================================================================================
AV 48.6 31.4 6.8 FASTST M M 7 MAX(MPH)
MISC ----> 44 120 57 120
================================================================================
NOTES:
# LAST OF SEVERAL OCCURRENCES
COLUMN 17 PEAK WIND IN M.P.H.
PRELIMINARY LOCAL CLIMATOLOGICAL DATA (WS FORM: F-6) , PAGE 2
STATION: JUNEAU
MONTH: APRIL
YEAR: 2021
LATITUDE: 58 22 N
LONGITUDE: 134 35 W
[TEMPERATURE DATA] [PRECIPITATION DATA] SYMBOLS USED IN COLUMN 16
AVERAGE MONTHLY: 40.0 TOTAL FOR MONTH: 5.15 1 = FOG OR MIST
DPTR FM NORMAL: -0.8 DPTR FM NORMAL: 2.21 2 = FOG REDUCING VISIBILITY
HIGHEST: 70 ON 17 GRTST 24HR 1.03 ON 28-29 TO 1/4 MILE OR LESS
LOWEST: 21 ON 11 3 = THUNDER
SNOW, ICE PELLETS, HAIL 4 = ICE PELLETS
TOTAL MONTH: 10.3 INCHES 5 = HAIL
GRTST 24HR 5.8 ON 9- 9 6 = FREEZING RAIN OR DRIZZLE
GRTST DEPTH: 3 ON 11,10 7 = DUSTSTORM OR SANDSTORM:
VSBY 1/2 MILE OR LESS
8 = SMOKE OR HAZE
[NO. OF DAYS WITH] [WEATHER - DAYS WITH] 9 = BLOWING SNOW
X = TORNADO
MAX 32 OR BELOW: 1 0.01 INCH OR MORE: 15
MAX 90 OR ABOVE: 0 0.10 INCH OR MORE: 12
MIN 32 OR BELOW: 17 0.50 INCH OR MORE: 4
MIN 0 OR BELOW: 0 1.00 INCH OR MORE: 0
[HDD (BASE 65) ]
TOTAL THIS MO. 743 CLEAR (SCALE 0-3) 8
DPTR FM NORMAL 19 PTCLDY (SCALE 4-7) 6
TOTAL FM JUL 1 7324 CLOUDY (SCALE 8-10) 16
DPTR FM NORMAL -208
[CDD (BASE 65) ]
TOTAL THIS MO. 0
DPTR FM NORMAL 0 [PRESSURE DATA]
TOTAL FM JAN 1 0 HIGHEST SLP 30.55 ON 11
DPTR FM NORMAL 0 LOWEST SLP 29.27 ON 8
[REMARKS]
#FINAL-04-21#