000
CXAK56 PAFC 061918
CF6AKN
PRELIMINARY LOCAL CLIMATOLOGICAL DATA (WS FORM: F-6)
STATION: KING SALMON
MONTH: JANUARY
YEAR: 2022
LATITUDE: 58 41 N
LONGITUDE: 156 39 W
TEMPERATURE IN F: :PCPN: SNOW: WIND :SUNSHINE: SKY :PK WND
================================================================================
1 2 3 4 5 6A 6B 7 8 9 10 11 12 13 14 15 16 17 18
12Z AVG MX 2MIN
DY MAX MIN AVG DEP HDD CDD WTR SNW DPTH SPD SPD DIR MIN PSBL S-S WX SPD DR
================================================================================
1 3 -1 1 -15 64 0 0.00 M M 31.3 51 340 M M 1 89 66 350
2 0 -6 -3 -19 68 0 0.00 M M 29.0 45 340 M M 0 60 350
3 -6 -11 -8 -24 73 0 0.00 M M 17.6 31 10 M M 0 39 360
4 7 -11 -2 -17 67 0 0.00 M M 15.8 20 360 M M 0 27 360
5 25 7 16 1 49 0 0.00 M M 10.7 20 70 M M 0 28 60
6 23 -2 11 -4 54 0 0.00 M M 10.5 16 360 M M 1 21 360
7 2 -6 -2 -17 67 0 0.00 M M 11.6 18 360 M M 0 23 360
8 7 -3 2 -13 63 0 0.00 M M 14.6 21 360 M M 3 25 360
9 17 -2 8 -7 57 0 0.02 M M 16.1 21 360 M M 4 1 28 350
10 16 -2 7 -8 58 0 0.01 M M 9.7 20 350 M M 8 1 24 350
11 36 6 21 6 44 0 0.00 M M 6.4 17 80 M M 4 22 80
12 37 23 30 14 35 0 0.01 M M 8.3 20 210 M M 4 1 25 210
13 37 31 34 18 31 0 T M M 10.2 21 70 M M 7 1 30 80
14 31 22 27 11 38 0 0.06 M M 6.3 12 240 M M 10 1 14 240
15 27 19 23 7 42 0 0.01 M M 8.3 15 210 M M 10 12 20 200
16 24 7 16 0 49 0 0.00 M M 3.9 10 260 M M 6 14 250
17 26 0 13 -3 52 0 0.00 M M 3.1 9 80 M M 8 11 80
18 31 21 26 10 39 0 0.00 M M 4.7 9 70 M M 10 11 70
19 27 20 24 7 41 0 T M M 6.0 12 350 M M 10 12 14 360
20 40 12 26 9 39 0 0.02 M M 13.3 31 90 M M 8 1 41 110
21 42 34 38 21 27 0 0.35 M M 18.8 38 100 M M 10 1 52 90
22 39 22 31 14 34 0 0.09 M M 9.0 17 220 M M 10 16 22 230
23 44 22 33 15 32 0 0.15 M M 14.5 37 140 M M 9 1 49 150
24 38 38 38 20 27 0 0.14 M M 16.4 35 150 M M 10 1 44 150
25 25 11 18 0 47 0 0.00 M M 7.5 17 280 M M 4 18 21 280
26 20 7 14 -4 51 0 0.00 M M 13.1 22 10 M M 0 31 20
27 11 4 8 -11 57 0 T M M 21.0 31 360 M M 6 40 360
28 5 1 3 -16 62 0 0.03 M M 16.4 26 350 M M 7 18 34 350
29 6 -13 -3 -22 68 0 T M M 3.9 16 330 M M 6 8 22 330
30 5 -14 -4 -24 69 0 0.00 M M 5.7 17 360 M M 0 20 360
31 34 -6 14 -6 51 0 0.07 M M 10.9 33 90 M M 7 6 46 90
================================================================================
SM 679 230 1555 0 0.96 M 374.6 M 163
================================================================================
AV 21.9 7.4 12.1 FASTST M M 5 MAX(MPH)
MISC ----> 51 340 66 350
================================================================================
NOTES:
# LAST OF SEVERAL OCCURRENCES
COLUMN 17 PEAK WIND IN M.P.H.
PRELIMINARY LOCAL CLIMATOLOGICAL DATA (WS FORM: F-6) , PAGE 2
STATION: KING SALMON
MONTH: JANUARY
YEAR: 2022
LATITUDE: 58 41 N
LONGITUDE: 156 39 W
[TEMPERATURE DATA] [PRECIPITATION DATA] SYMBOLS USED IN COLUMN 16
AVERAGE MONTHLY: 14.7 TOTAL FOR MONTH: 0.96 1 = FOG OR MIST
DPTR FM NORMAL: -1.9 DPTR FM NORMAL: 0.03 2 = FOG REDUCING VISIBILITY
HIGHEST: 44 ON 23 GRTST 24HR 0.50 ON 31-31 TO 1/4 MILE OR LESS
LOWEST: -14 ON 30 3 = THUNDER
SNOW, ICE PELLETS, HAIL 4 = ICE PELLETS
TOTAL MONTH: M 5 = HAIL
GRTST 24HR M ON M 6 = FREEZING RAIN OR DRIZZLE
GRTST DEPTH: M ON M 7 = DUSTSTORM OR SANDSTORM:
VSBY 1/2 MILE OR LESS
8 = SMOKE OR HAZE
[NO. OF DAYS WITH] [WEATHER - DAYS WITH] 9 = BLOWING SNOW
X = TORNADO
MAX 32 OR BELOW: 22 0.01 INCH OR MORE: 12
MAX 90 OR ABOVE: 0 0.10 INCH OR MORE: 3
MIN 32 OR BELOW: 29 0.50 INCH OR MORE: 0
MIN 0 OR BELOW: 13 1.00 INCH OR MORE: 0
[HDD (BASE 65) ]
TOTAL THIS MO. 1555 CLEAR (SCALE 0-3) 10
DPTR FM NORMAL 56 PTCLDY (SCALE 4-7) 12
TOTAL FM JUL 1 7084 CLOUDY (SCALE 8-10) 9
DPTR FM NORMAL 1017
[CDD (BASE 65) ]
TOTAL THIS MO. 0
DPTR FM NORMAL 0 [PRESSURE DATA]
TOTAL FM JAN 1 0 HIGHEST SLP 30.24 ON 26
DPTR FM NORMAL 0 LOWEST SLP 28.79 ON 21
[REMARKS]
#FINAL-01-22#