000
CXAK56 PAFC 011258
CF6AKN
PRELIMINARY LOCAL CLIMATOLOGICAL DATA (WS FORM: F-6)
STATION: KING SALMON
MONTH: OCTOBER
YEAR: 2021
LATITUDE: 58 41 N
LONGITUDE: 156 39 W
TEMPERATURE IN F: :PCPN: SNOW: WIND :SUNSHINE: SKY :PK WND
================================================================================
1 2 3 4 5 6A 6B 7 8 9 10 11 12 13 14 15 16 17 18
12Z AVG MX 2MIN
DY MAX MIN AVG DEP HDD CDD WTR SNW DPTH SPD SPD DIR MIN PSBL S-S WX SPD DR
================================================================================
1 36 30 33 -10 32 0 0.00 M M 12.7 23 330 M M 8 32 330
2 39 29 34 -8 31 0 T M M 11.9 20 290 M M 9 28 310
3 42 20 31 -11 34 0 0.00 M M 8.4 18 340 M M 2 24 310
4 41 15 28 -14 37 0 0.02 M M 4.2 12 100 M M 4 16 110
5 49 37 43 2 22 0 0.38 M M 9.8 18 160 M M 10 1 22 170
6 50 43 47 6 18 0 0.09 M M 18.3 27 230 M M 8 1 35 170
7 49 38 44 4 21 0 0.29 M M 11.7 32 160 M M 6 18 42 160
8 47 41 44 4 21 0 0.49 M M 19.6 35 230 M M 9 1 48 210
9 46 40 43 3 22 0 0.05 M M 23.1 33 260 M M 8 46 260
10 46 33 40 1 25 0 0.20 M M 10.6 25 180 M M 7 1 34 180
11 47 34 41 2 24 0 0.30 M M 10.3 20 160 M M 9 1 25 160
12 42 33 38 0 27 0 0.02 M M 3.7 10 270 M M 9 1 13 270
13 42 32 37 -1 28 0 0.29 M M 8.4 18 260 M M 8 1 25 260
14 41 30 36 -1 29 0 T M M 3.9 12 270 M M 7 16 14 280
15 40 25 33 -4 32 0 T M M 4.9 16 350 M M 6 22 340
16 40 23 32 -4 33 0 T M M 7.2 22 100 M M 6 33 90
17 45 37 41 5 24 0 0.03 M M 21.8 32 40 M M 8 46 50
18 49 26 38 2 27 0 0.00 M M 7.3 21 10 M M 3 27 20
19 40 24 32 -3 33 0 0.06 M M 3.8 10 140 M M 6 12 170
20 41 28 35 0 30 0 T M M 2.1 12 260 M M 8 12 14 270
21 40 25 33 -1 32 0 0.02 M M 9.0 16 90 M M 5 1 22 100
22 47 37 42 8 23 0 0.00 M M 12.2 24 80 M M 8 30 80
23 45 30 38 5 27 0 0.00 M M 9.0 14 330 M M 4 19 320
24 34 29 32 -1 33 0 0.01 M M 8.9 13 360 M M 9 1 19 320
25 32 27 30 -2 35 0 0.01 M M 13.0 21 350 M M 9 1 27 330
26 32 9 21 -11 44 0 0.00 M M 9.2 21 350 M M 5 26 360
27 34 8 21 -11 44 0 0.18 M M 6.8 17 180 M M 9 1 21 170
28 27 13 20 -11 45 0 T M M 3.1 8 40 M M 8 1 10 40
29 36 13 25 -6 40 0 0.07 M M 13.5 24 50 M M 7 16 34 40
30 49 34 42 12 23 0 0.27 M M 12.8 23 80 M M 9 1 33 90
31 41 17 29 -1 36 0 0.25 M M 8.1 17 160 M M 8 12 23 330
================================================================================
SM 1289 860 932 0 3.03 M 309.3 M 222
================================================================================
AV 41.6 27.7 10.0 FASTST M M 7 MAX(MPH)
MISC ----> 35 230 48 210
================================================================================
NOTES:
# LAST OF SEVERAL OCCURRENCES
COLUMN 17 PEAK WIND IN M.P.H.
PRELIMINARY LOCAL CLIMATOLOGICAL DATA (WS FORM: F-6) , PAGE 2
STATION: KING SALMON
MONTH: OCTOBER
YEAR: 2021
LATITUDE: 58 41 N
LONGITUDE: 156 39 W
[TEMPERATURE DATA] [PRECIPITATION DATA] SYMBOLS USED IN COLUMN 16
AVERAGE MONTHLY: 34.7 TOTAL FOR MONTH: 3.03 1 = FOG OR MIST
DPTR FM NORMAL: -1.7 DPTR FM NORMAL: 0.72 2 = FOG REDUCING VISIBILITY
HIGHEST: 50 ON 6 GRTST 24HR 0.65 ON 7- 8 TO 1/4 MILE OR LESS
LOWEST: 8 ON 27 3 = THUNDER
SNOW, ICE PELLETS, HAIL 4 = ICE PELLETS
TOTAL MONTH: M 5 = HAIL
GRTST 24HR M ON M 6 = FREEZING RAIN OR DRIZZLE
GRTST DEPTH: M ON M 7 = DUSTSTORM OR SANDSTORM:
VSBY 1/2 MILE OR LESS
8 = SMOKE OR HAZE
[NO. OF DAYS WITH] [WEATHER - DAYS WITH] 9 = BLOWING SNOW
X = TORNADO
MAX 32 OR BELOW: 3 0.01 INCH OR MORE: 19
MAX 90 OR ABOVE: 0 0.10 INCH OR MORE: 9
MIN 32 OR BELOW: 20 0.50 INCH OR MORE: 0
MIN 0 OR BELOW: 0 1.00 INCH OR MORE: 0
[HDD (BASE 65) ]
TOTAL THIS MO. 932 CLEAR (SCALE 0-3) 2
DPTR FM NORMAL 45 PTCLDY (SCALE 4-7) 14
TOTAL FM JUL 1 2272 CLOUDY (SCALE 8-10) 15
DPTR FM NORMAL 346
[CDD (BASE 65) ]
TOTAL THIS MO. 0
DPTR FM NORMAL 0 [PRESSURE DATA]
TOTAL FM JAN 1 0 HIGHEST SLP 30.21 ON 3
DPTR FM NORMAL -3 LOWEST SLP 28.69 ON 22
[REMARKS]
#FINAL-10-21#